-- https://www.phpmyadmin.net/
--
-- Versão do servidor: 5.7.32-35-log

START TRANSACTION;



--
-- Database: `curaespiritual`
--

-- --------------------------------------------------------

--
-- Estrutura da tabela `sp_agendamento`
--

CREATE TABLE `sp_agendamento` (
  `id` int(11) NOT NULL,
  `clienteID` int(11) NOT NULL,
  `dataagendamento` date NOT NULL,
  `horarioinicial` varchar(5) NOT NULL,
  `horariofinal` varchar(5) NOT NULL
) ENGINE=InnoDB DEFAULT CHARSET=utf8mb4;

--
-- Extraindo dados da tabela `sp_agendamento`
--

INSERT INTO `sp_agendamento` (`id`, `clienteID`, `dataagendamento`, `horarioinicial`, `horariofinal`) VALUES
(29, 13, '2022-01-20', '07:00', '07:15'),
(31, 15, '2022-02-01', '07:00', '07:15'),
(32, 15, '2022-02-07', '17:45', '18:00'),
(33, 13, '2022-02-01', '08:00', '08:15'),
(34, 16, '2022-02-01', '11:00', '11:15'),
(35, 17, '2022-02-01', '11:15', '11:30'),
(36, 18, '2022-02-10', '08:00', '08:15'),
(37, 19, '2022-02-01', '10:30', '10:45');

-- --------------------------------------------------------

--
-- Estrutura da tabela `sp_apoiadores`
--

CREATE TABLE `sp_apoiadores` (
  `id` int(11) NOT NULL,
  `titulo` varchar(255) NOT NULL,
  `foto` varchar(255) NOT NULL,
  `link` varchar(255) NOT NULL,
  `descricao` text NOT NULL
) ENGINE=InnoDB DEFAULT CHARSET=utf8mb4;

--
-- Extraindo dados da tabela `sp_apoiadores`
--

INSERT INTO `sp_apoiadores` (`id`, `titulo`, `foto`, `link`, `descricao`) VALUES
(1, 'INSOURCE TECNOLOGIA', 'servico_1633388862615b893ea3515.png', 'https://insource.com.br/', '<p>Lorem ipsum dolor sit amet, consectetur adipisicing elit, sed do eiusmod tempor incididunt ut labore et dolore&nbsp;</p>'),
(3, 'ihgo', 'servico_1633389215615b8a9f39f0d.png', 'https://ihgo.org.br/', '<p>Lorem ipsum dolor sit amet, consectetur adipisicing elit, sed do eiusmod tempor incididunt ut labore et dolore&nbsp;</p>');

-- --------------------------------------------------------

--
-- Estrutura da tabela `sp_areasconhecimento`
--

CREATE TABLE `sp_areasconhecimento` (
  `id` int(11) NOT NULL,
  `titulo` varchar(255) NOT NULL,
  `descricao` text NOT NULL,
  `categoriaID` int(11) NOT NULL
) ENGINE=InnoDB DEFAULT CHARSET=utf8mb4;

--
-- Extraindo dados da tabela `sp_areasconhecimento`
--

INSERT INTO `sp_areasconhecimento` (`id`, `titulo`, `descricao`, `categoriaID`) VALUES
(11, 'Briefing Inicial', '<p>Conversa inicial com o coordenador geral e/ou l&iacute;der do setor, para verificar a cultura da empresa, o perfil do candidato, perfil da vaga, defini&ccedil;&atilde;o das datas e acordos.Conversa inicial com o coordenador geral e/ou l&iacute;der do setor, para verificar a cultura da empresa, o perfil do candidato, perfil da vaga, defini&ccedil;&atilde;o das datas e acordos.</p>', 8),
(24, 'Definição do Perfil Ideal', '<p>Constru&ccedil;&atilde;o do perfil ideal para a vaga, tanto em n&iacute;vel t&eacute;cnico, quanto comportamental.</p>', 8),
(25, 'Divulgação nos Canais Adequados', '<p>Sele&ccedil;&atilde;o dos melhores canais segundo a geografia, exig&ecirc;ncia, especialidade e demanda segunda a vaga e a empresa contratante.</p>', 8),
(26, 'Avaliação Comportamental e Ambiental', '<p>Cria&ccedil;&atilde;o do mapa comportamental do funcion&aacute;rio, verificando seus aspectos positivos, desafios pessoais e formas de lidar com o ambiente profissional.</p>', 9),
(27, 'Pesquisa de Desempenho', '<p>Pesquisa estruturada para avaliar o desempenho do funcion&aacute;rio, com indicadores chaves para avalia&ccedil;&otilde;es da fun&ccedil;&atilde;o e do comportamento.</p>', 9),
(28, 'Planejamento de Cargos e Salários', '<p>Cria&ccedil;&atilde;o do plano de cargos e sal&aacute;rios da empresa, estruturando um plano de evolu&ccedil;&atilde;o do funcion&aacute;rio para sua perman&ecirc;ncia e constru&ccedil;&atilde;o de carreira.</p>', 9),
(29, 'Identidade Organizacional', '<p>Cria&ccedil;&atilde;o e desenvolvimento da identidade da empresa, internamente e externamente, percebendo os valores internos e como isso &eacute; aplicado, demonstrado e vivenciado pela empresa.</p>', 10),
(30, 'Endomarketing', '<p>Planejamento e Estrutura&ccedil;&atilde;o do Endomarketing, percebendo a cultura da empresa, seus canais de comunica&ccedil;&atilde;o e tamb&eacute;m a forma como se relaciona internamente.</p>', 10),
(31, 'Employer Branding', '<p>Cria&ccedil;&atilde;o da marca empregadora refer&ecirc;ncia de mercado, estruturando a sua forma de comunica&ccedil;&atilde;o interna e externa no mercado e com seu p&uacute;blico.</p>', 10),
(32, 'Ética e Etiqueta Empresarial', '', 11),
(33, 'Inteligência e Controle Emocional', '', 11),
(34, 'Liderança Positiva: Coragem, Justiça, Temperança e Sabedoria', '', 11);

-- --------------------------------------------------------

--
-- Estrutura da tabela `sp_banners`
--

CREATE TABLE `sp_banners` (
  `id` int(11) NOT NULL,
  `data_cadastro` datetime NOT NULL,
  `link` varchar(255) NOT NULL,
  `foto` varchar(255) NOT NULL,
  `descricao` varchar(255) NOT NULL,
  `titulo` varchar(255) NOT NULL,
  `fotowebp` varchar(255) NOT NULL
) ENGINE=InnoDB DEFAULT CHARSET=latin1;

--
-- Extraindo dados da tabela `sp_banners`
--

INSERT INTO `sp_banners` (`id`, `data_cadastro`, `link`, `foto`, `descricao`, `titulo`, `fotowebp`) VALUES
(10, '2021-12-17 13:25:11', '', 'banners__1639758311_e9298d9b79e88ab7fe555ebc35bf19ad.png', '', '', 'anexos/banners__1639758311_e9298d9b79e88ab7fe555ebc35bf19ad.webp'),
(11, '2021-12-17 13:25:41', '', 'banners__1639758341_1d7c3bbc0ace68a7e323edf355d5cee2.jpg', '', '', 'anexos/banners__1639758341_1d7c3bbc0ace68a7e323edf355d5cee2.webp');

-- --------------------------------------------------------

--
-- Estrutura da tabela `sp_beneficios`
--

CREATE TABLE `sp_beneficios` (
  `id` int(11) NOT NULL,
  `titulo` varchar(255) NOT NULL,
  `descricao` varchar(255) NOT NULL,
  `foto` varchar(255) NOT NULL
) ENGINE=InnoDB DEFAULT CHARSET=latin1;

--
-- Extraindo dados da tabela `sp_beneficios`
--

INSERT INTO `sp_beneficios` (`id`, `titulo`, `descricao`, `foto`) VALUES
(4, 'Exclusividade', 'O San Simone é um privilégio criado para um número limitado de famílias\r\n\r\n', 'beneficios__1567128809_.webp'),
(5, 'Segurança', 'Vigilância e monitoramento 24 horas, para que sua família tenha privacidade e tranquilidade, Sempre.\r\n\r\n', 'beneficios__1567128822_.webp'),
(6, 'Localização', 'Ir e vir para casa nunca foi tão fácil. Almoce com a família todos os dias, sem precisar sair 10 minutos mais cedo ou se atrasar\r\n', 'beneficios__1567128838_.webp');

-- --------------------------------------------------------

--
-- Estrutura da tabela `sp_blog`
--

CREATE TABLE `sp_blog` (
  `id` int(11) NOT NULL,
  `titulo` varchar(255) NOT NULL,
  `descricaoinicial` varchar(255) NOT NULL,
  `descricao` text CHARACTER SET utf8 NOT NULL,
  `data_cadastro` datetime NOT NULL,
  `video` varchar(255) NOT NULL,
  `tituloseo` varchar(1234) NOT NULL
) ENGINE=InnoDB DEFAULT CHARSET=latin1;

--
-- Extraindo dados da tabela `sp_blog`
--

INSERT INTO `sp_blog` (`id`, `titulo`, `descricaoinicial`, `descricao`, `data_cadastro`, `video`, `tituloseo`) VALUES
(33, 'O QUE A TECNOLOGIA AFETA NAS EMPRESAS HOJE', 'Desde a popularização da internet, as novas tecnologias não param mais de aparecer, assumindo um papel cada vez mais importante em nosso dia a dia. Nos relacionamos no mundo virtual, compramos e nos divertimos digitalmente: toda a nossa vida pessoal gira ', '<p>Lorem ipsum dolor sit amet, consectetur adipisicing elit, sed do eiusmod&nbsp;tempor incididunt ut labore et dolore magna aliqua. Ut enim ad minim veniam,&nbsp;quis nostrud exercitation ullamco laboris nisi ut aliquip ex ea commodo consequat. Duis aute irure dolor in reprehenderit in voluptate velit esse cillum dolore eu fugiat nulla pariatur. Excepteur sint occaecat cupidatat non&nbsp;proident, sunt in culpa qui officia deserunt mollit anim id est laborum.</p>\r\n<p>&nbsp;</p>\r\n<p>Lorem ipsum dolor sit amet, consectetur adipisicing elit, sed do eiusmod tempor incididunt ut labore et dolore magna aliqua. Ut enim ad minim veniam, quis nostrud exercitation ullamco laboris nisi ut aliquip ex ea commodo consequat. Duis aute irure dolor in reprehenderit in voluptate velit esse&nbsp;cillum dolore eu fugiat nulla pariatur. Excepteur sint occaecat cupidatat non&nbsp;proident, sunt in culpa qui officia deserunt mollit anim id est laborum.</p>', '2021-03-23 09:30:16', '', 'o-que-a-tecnologia-afeta-nas-empresas-hoje'),
(34, '5 COISAS PARA ABRIR SEU NEGÓCIO NA INTERNET HOJE!', '', '<p>Lorem ipsum dolor sit amet, consectetur adipisicing elit, sed do eiusmod tempor incididunt ut labore et dolore magna aliqua. Ut enim ad minim veniam, quis nostrud exercitation ullamco laboris nisi ut aliquip ex ea commodo consequat. Duis aute irure dolor in reprehenderit in voluptate velit esse cillum dolore eu fugiat nulla pariatur. Excepteur sint occaecat cupidatat non proident, sunt in culpa qui officia deserunt mollit anim id est laborum.</p>\r\n<p>&nbsp;</p>\r\n<p>Lorem ipsum dolor sit amet, consectetur adipisicing elit, sed do eiusmod tempor incididunt ut labore et dolore magna aliqua. Ut enim ad minim veniam, quis nostrud exercitation ullamco laboris nisi ut aliquip ex ea commodo consequat. Duis aute irure dolor in reprehenderit in voluptate velit esse cillum dolore eu fugiat nulla pariatur. Excepteur sint occaecat cupidatat non&nbsp;proident, sunt in culpa qui officia deserunt mollit anim id est laborum.</p>\r\n<p>Lorem ipsum dolor sit amet, consectetur adipisicing elit, sed do eiusmod&nbsp;tempor incididunt ut labore et dolore magna aliqua. Ut enim ad minim veniam,&nbsp;quis nostrud exercitation ullamco laboris nisi ut aliquip ex ea commodo consequat. Duis aute irure dolor in reprehenderit in voluptate velit esse cillum dolore eu fugiat nulla pariatur. Excepteur sint occaecat cupidatat non&nbsp;proident, sunt in culpa qui officia deserunt mollit anim id est laborum.</p>\r\n<p>&nbsp;</p>\r\n<p>Lorem ipsum dolor sit amet, consectetur adipisicing elit, sed do eiusmod&nbsp;tempor incididunt ut labore et dolore magna aliqua. Ut enim ad minim veniam, quis nostrud exercitation ullamco laboris nisi ut aliquip ex ea commodo consequat. Duis aute irure dolor in reprehenderit in voluptate velit esse cillum dolore eu fugiat nulla pariatur. Excepteur sint occaecat cupidatat non&nbsp;proident, sunt in culpa qui officia deserunt mollit anim id est laborum.</p>', '2021-03-12 09:35:51', '', '5-coisas-para-abrir-seu-negocio-na-internet-hoje'),
(35, 'Lorem ipsum dolor sit amet, consectetur adipisicing elit', '', '<p>Lorem ipsum dolor sit amet, consectetur adipisicing elit, sed do eiusmod<br /> tempor incididunt ut labore et dolore magna aliqua. Ut enim ad minim veniam,<br /> quis nostrud exercitation ullamco laboris nisi ut aliquip ex ea commodo<br /> consequat. Duis aute irure dolor in reprehenderit in voluptate velit esse<br /> cillum dolore eu fugiat nulla pariatur. Excepteur sint occaecat cupidatat non<br /> proident, sunt in culpa qui officia deserunt mollit anim id est laborum.</p>\r\n<p>&nbsp;</p>\r\n<p>Lorem ipsum dolor sit amet, consectetur adipisicing elit, sed do eiusmod<br /> tempor incididunt ut labore et dolore magna aliqua. Ut enim ad minim veniam,<br /> quis nostrud exercitation ullamco laboris nisi ut aliquip ex ea commodo<br /> consequat. Duis aute irure dolor in reprehenderit in voluptate velit esse<br /> cillum dolore eu fugiat nulla pariatur. Excepteur sint occaecat cupidatat non<br /> proident, sunt in culpa qui officia deserunt mollit anim id est laborum.</p>', '2021-04-12 13:54:49', '', 'lorem-ipsum-dolor-sit-amet-consectetur-adipisicing-elit'),
(38, '5 VANTAGENS EM UTILIZAR UM SISTEMA DE GESTÃO PRÓPRIO!', '', '<p>Lorem ipsum dolor sit amet, consectetur adipisicing elit, sed do eiusmod<br />tempor incididunt ut labore et dolore magna aliqua. Ut enim ad minim veniam,<br />quis nostrud exercitation ullamco laboris nisi ut aliquip ex ea commodo<br />consequat. Duis aute irure dolor in reprehenderit in voluptate velit esse<br />cillum dolore eu fugiat nulla pariatur. Excepteur sint occaecat cupidatat non<br />proident, sunt in culpa qui officia deserunt mollit anim id est laborum.</p>\r\n<p>&nbsp;</p>\r\n<p>Lorem ipsum dolor sit amet, consectetur adipisicing elit, sed do eiusmod<br />tempor incididunt ut labore et dolore magna aliqua. Ut enim ad minim veniam,<br />quis nostrud exercitation ullamco laboris nisi ut aliquip ex ea commodo<br />consequat. Duis aute irure dolor in reprehenderit in voluptate velit esse<br />cillum dolore eu fugiat nulla pariatur. Excepteur sint occaecat cupidatat non<br />proident, sunt in culpa qui officia deserunt mollit anim id est laborum.</p>', '2021-04-05 09:29:38', '', 'd');

-- --------------------------------------------------------

--
-- Estrutura da tabela `sp_blog_fotos`
--

CREATE TABLE `sp_blog_fotos` (
  `id` int(11) NOT NULL,
  `id_blog` int(11) NOT NULL,
  `foto` varchar(255) NOT NULL,
  `capa` tinyint(4) NOT NULL,
  `fotowebp` varchar(255) NOT NULL
) ENGINE=InnoDB DEFAULT CHARSET=latin1;

--
-- Extraindo dados da tabela `sp_blog_fotos`
--

INSERT INTO `sp_blog_fotos` (`id`, `id_blog`, `foto`, `capa`, `fotowebp`) VALUES
(44, 35, 'blog_35_1635337764_0dec8557c2b4d9650a119b35a6cb08f6.png', 0, 'blog/blog_35_1635337764_0dec8557c2b4d9650a119b35a6cb08f6.webp'),
(45, 38, 'blog_38_1635337778_48f2a69af942bdb0490cb17e92225568.png', 0, 'blog/blog_38_1635337778_48f2a69af942bdb0490cb17e92225568.webp'),
(46, 33, 'blog_33_1635337816_5d1a10af3c9532ae037747b412e55a12.png', 0, 'blog/blog_33_1635337816_5d1a10af3c9532ae037747b412e55a12.webp'),
(56, 34, 'blog_34_1635338151_202110270935511877754448.png', 0, 'blog/blog_34_1635338151_202110270935511877754448.webp'),
(57, 34, 'blog_34_1635338151_20211027093551711640457.png', 0, 'blog/blog_34_1635338151_20211027093551711640457.webp'),
(58, 35, 'blog_35_1638032089_202111271354492129997650.jpg', 0, 'blog/blog_35_1638032089_202111271354492129997650.webp');

-- --------------------------------------------------------

--
-- Estrutura da tabela `sp_blog_tags`
--

CREATE TABLE `sp_blog_tags` (
  `id` int(11) NOT NULL,
  `id_blog` int(11) NOT NULL,
  `id_tag` int(11) NOT NULL
) ENGINE=InnoDB DEFAULT CHARSET=latin1;

--
-- Extraindo dados da tabela `sp_blog_tags`
--

INSERT INTO `sp_blog_tags` (`id`, `id_blog`, `id_tag`) VALUES
(8, 50, 2),
(10, 50, 4),
(12, 31, 0),
(13, 50, 5),
(14, 50, 6),
(16, 50, 7),
(17, 40, 8),
(18, 40, 9),
(19, 46, 10),
(20, 46, 11),
(21, 46, 12),
(22, 46, 13),
(23, 35, 10),
(24, 35, 14),
(25, 35, 15),
(26, 35, 16),
(27, 35, 17);

-- --------------------------------------------------------

--
-- Estrutura da tabela `sp_categorias`
--

CREATE TABLE `sp_categorias` (
  `id` int(11) NOT NULL,
  `nome` varchar(255) NOT NULL,
  `destaque` tinyint(4) NOT NULL,
  `foto` varchar(255) NOT NULL,
  `descricao` text NOT NULL
) ENGINE=InnoDB DEFAULT CHARSET=utf8;

--
-- Extraindo dados da tabela `sp_categorias`
--

INSERT INTO `sp_categorias` (`id`, `nome`, `destaque`, `foto`, `descricao`) VALUES
(8, 'RECRUTAMENTO E SELEÇÃO', 0, '', 'Lorem ipsum dolor sit amet, consectetur adipisicing elit, sed do eiusmod tempor incididunt ut labore et dolore magna aliqua.'),
(9, 'DESENVOLVIMENTO DE EQUIPES', 0, '', 'Lorem ipsum dolor sit amet, consectetur adipisicing elit, sed do eiusmod tempor incididunt ut labore et dolore magna aliqua.'),
(10, 'PLANEJAMENTO ORGANIZACIONAL', 0, '', 'Lorem ipsum dolor sit amet, consectetur adipisicing elit, sed do eiusmod tempor incididunt ut labore et dolore magna aliqua.'),
(11, 'TREINAMENTOS EMPRESARIAIS', 0, '', 'Lorem ipsum dolor sit amet, consectetur adipisicing elit, sed do eiusmod tempor incididunt ut labore et dolore magna aliqua.');

-- --------------------------------------------------------

--
-- Estrutura da tabela `sp_clientes`
--

CREATE TABLE `sp_clientes` (
  `id` int(11) NOT NULL,
  `titulo` varchar(255) NOT NULL,
  `link` varchar(1000) NOT NULL,
  `foto` varchar(1000) NOT NULL,
  `nomecompleto` varchar(255) NOT NULL,
  `email` varchar(255) NOT NULL,
  `telefone` varchar(15) NOT NULL,
  `cidade` varchar(255) NOT NULL
) ENGINE=InnoDB DEFAULT CHARSET=utf8mb4;

--
-- Extraindo dados da tabela `sp_clientes`
--

INSERT INTO `sp_clientes` (`id`, `titulo`, `link`, `foto`, `nomecompleto`, `email`, `telefone`, `cidade`) VALUES
(13, '', '', '', 'Ivacir moura', '', '(49) 9997-7001', 'Chapeco '),
(15, '', '', '', 'Rodrigo Luis Baul', '', '(49) 99159-7505', 'Chapecó'),
(16, '', '', '', 'Maria angela', '', '(49) 99977-9033', 'Seara'),
(17, '', '', '', 'Ivacir moura', '', '(49) 99970-7001', 'Chapeco '),
(18, '', '', '', 'LORENi caldart ', '', '(49) 8422-3430', 'Chapecó'),
(19, '', '', '', 'Paulo Ricardo Caldart ', '', '(46) 99914-2276', 'CORONEL DOMINGOS SOARES');

-- --------------------------------------------------------

--
-- Estrutura da tabela `sp_consultores`
--

CREATE TABLE `sp_consultores` (
  `id` int(11) NOT NULL,
  `nome` varchar(255) NOT NULL,
  `descricao` text NOT NULL,
  `foto1` varchar(255) NOT NULL,
  `foto2` varchar(255) NOT NULL,
  `foto3` varchar(255) NOT NULL,
  `fotowebp1` varchar(255) NOT NULL,
  `fotowebp2` varchar(255) NOT NULL,
  `fotowebp3` varchar(255) NOT NULL
) ENGINE=InnoDB DEFAULT CHARSET=utf8mb4;

--
-- Extraindo dados da tabela `sp_consultores`
--

INSERT INTO `sp_consultores` (`id`, `nome`, `descricao`, `foto1`, `foto2`, `foto3`, `fotowebp1`, `fotowebp2`, `fotowebp3`) VALUES
(4, 'Júlio Domingos', '<p>J&uacute;lio Domingos &eacute; empres&aacute;rio, consultor de Empresas, especialista em Gest&atilde;o Estrat&eacute;gica e Palestrante especialista em Auto Lideran&ccedil;a. Possui forma&ccedil;&atilde;o avan&ccedil;ada em consultoria empresarial pela FGV. &Eacute; membro da C&acirc;mara de Administra&ccedil;&atilde;o Privada do CRA/SC. &Eacute; Apresentador de Televis&atilde;o na Primer TV, atrav&eacute;s do programa Show da Tarde e tamb&eacute;m apresenta o programa filos&oacute;fico Conversa Afora, da emissora Web TV Play. J&uacute;lio possui experi&ecirc;ncia de 11 anos em gest&atilde;o e j&aacute; atuou como executivo de empresas dos ramos de advocacia e tecnologia.</p>', 'foto1_1633895662_616344ee7740d.jpg', 'foto1_1633895662_616344ee99f11.jpg', 'foto1_1633895662_616344eea887f.jpg', 'anexos/foto1_1633895662_616344ee7740d.webp', 'anexos/foto1_1633895662_616344ee99f11.webp', 'anexos/foto1_1633895662_616344eea887f.webp'),
(5, 'Aron S Selhorst', 'Lorem ipsum dolor sit amet, consectetur adipisicing elit, sed do eiusmod\r\ntempor incididunt ut labore et dolore magna aliqua. Ut enim ad minim veniam,\r\nquis nostrud exercitation ullamco laboris nisi ut aliquip ex ea commodo\r\nconsequat. Duis aute irure dolor in reprehenderit in voluptate velit esse\r\ncillum dolore eu fugiat nulla pariatur. Excepteur sint occaecat cupidatat non\r\nproident, sunt in culpa qui officia deserunt mollit anim id est laborum.a', 'servico_16342605226168d62a2bfcc.png', 'servico_16342605226168d62a9541a.jpg', 'servico5_16342607976168d73da7da4.jpg', 'anexos/servico_16342605226168d62a2bfcc.webp', 'anexos/servico_16342605226168d62a9541a.webp', 'anexos/servico5_16342607976168d73da7da4.webp');

-- --------------------------------------------------------

--
-- Estrutura da tabela `sp_contatos`
--

CREATE TABLE `sp_contatos` (
  `id` int(11) NOT NULL,
  `titulo` varchar(255) NOT NULL,
  `arquivo` varchar(255) NOT NULL,
  `email` varchar(255) NOT NULL,
  `nomecompleto` varchar(255) NOT NULL,
  `telefone` varchar(25) NOT NULL
) ENGINE=InnoDB DEFAULT CHARSET=latin1;

--
-- Extraindo dados da tabela `sp_contatos`
--

INSERT INTO `sp_contatos` (`id`, `titulo`, `arquivo`, `email`, `nomecompleto`, `telefone`) VALUES
(1, '', '', 'aronscapinello@gmail.com', 'Aron Scapinello Selhorst', '409919293'),
(2, '', '', 'antonivanov1993802wou@bk.ru', 'Davidamads', '88945735174'),
(3, '', '', 'quinnp231@gmail.com', 'YjBkachpSevbJZf', '5381237970'),
(4, '', '', 'samuelwilcox3801@gmail.com', 'leOhxvUnDsJrp', '9414168473');

-- --------------------------------------------------------

--
-- Estrutura da tabela `sp_contato_msg`
--

CREATE TABLE `sp_contato_msg` (
  `id` int(11) NOT NULL,
  `contatoID` int(11) NOT NULL,
  `mensagem` text NOT NULL,
  `datacadastro` datetime NOT NULL
) ENGINE=InnoDB DEFAULT CHARSET=utf8mb4;

--
-- Extraindo dados da tabela `sp_contato_msg`
--

INSERT INTO `sp_contato_msg` (`id`, `contatoID`, `mensagem`, `datacadastro`) VALUES
(1, 1, 'ola gostaria de saber quanto custa pra fazer um site?', '2021-03-09 20:04:19'),
(2, 2, 'insource.com.br gfgbfhtghrgfgfhtggyiyuiyhfbdfhdn', '2021-03-18 15:22:58'),
(3, 3, 'gJkpiBOyMEX', '2021-03-19 01:41:37'),
(4, 3, 'KBVghaSfbjZJsNWX', '2021-03-19 01:41:42'),
(5, 4, 'iPTtOQfljXU', '2021-03-21 18:15:08'),
(6, 4, 'tWFvJkxVuUO', '2021-03-21 18:15:13');

-- --------------------------------------------------------

--
-- Estrutura da tabela `sp_depoimentos`
--

CREATE TABLE `sp_depoimentos` (
  `id` int(11) NOT NULL,
  `titulo` varchar(255) NOT NULL,
  `foto` varchar(255) NOT NULL,
  `data_cadastro` datetime NOT NULL,
  `facebook` varchar(255) NOT NULL,
  `instagram` varchar(255) NOT NULL,
  `linkedin` varchar(255) NOT NULL,
  `email` varchar(255) NOT NULL,
  `descricao` varchar(1000) NOT NULL,
  `empresa` varchar(255) NOT NULL
) ENGINE=InnoDB DEFAULT CHARSET=latin1;

--
-- Extraindo dados da tabela `sp_depoimentos`
--

INSERT INTO `sp_depoimentos` (`id`, `titulo`, `foto`, `data_cadastro`, `facebook`, `instagram`, `linkedin`, `email`, `descricao`, `empresa`) VALUES
(1, 'Julio Domingos', 'servico1_16339877516164aca735791.jpg', '2019-08-21 07:00:00', '', '', '', '', 'Amet minim mollit non deserunt ullamco est sit aliqua dolor do amet sint. Velit officia consequat duis enim velit mollit. Exercitation veniam consequat.', 'Empresa Julio'),
(5, 'Julio Domingos', 'servico5_16339877856164acc9836fd.png', '0000-00-00 00:00:00', '', '', '', '', 'Amet minim mollit non deserunt ullamco est sit aliqua dolor do amet sint. Velit officia consequat duis enim velit mollit. Exercitation veniam consequat.', 'Profissão do Júlio'),
(6, 'Gabriel Batista', 'servico6_163796638861a162349d71f.jpg', '0000-00-00 00:00:00', '', '', '', '', 'Amet minim mollit non deserunt ullamco est sit aliqua dolor do amet sint. Velit officia consequat duis enim velit mollit. Exercitation veniam consequat.', 'Empresa do Gabriel'),
(7, 'Gabriel Santos', 'servico7_163796642661a1625a50363.jpg', '0000-00-00 00:00:00', '', '', '', '', 'Amet minim mollit non deserunt ullamco est sit aliqua dolor do amet sint. Velit officia consequat duis enim velit mollit. Exercitation veniam consequat.', 'Empresa / Profissão');

-- --------------------------------------------------------

--
-- Estrutura da tabela `sp_empresa`
--

CREATE TABLE `sp_empresa` (
  `id` int(11) NOT NULL,
  `titulo` varchar(255) NOT NULL,
  `googleAnalytics` text NOT NULL,
  `sobre` text NOT NULL,
  `sobreinicial` text NOT NULL,
  `fotosobre` varchar(255) NOT NULL,
  `fotowebp` varchar(255) NOT NULL,
  `video` varchar(255) NOT NULL,
  `missao` text NOT NULL,
  `visao` text NOT NULL,
  `valores` text NOT NULL
) ENGINE=InnoDB DEFAULT CHARSET=latin1;

--
-- Extraindo dados da tabela `sp_empresa`
--

INSERT INTO `sp_empresa` (`id`, `titulo`, `googleAnalytics`, `sobre`, `sobreinicial`, `fotosobre`, `fotowebp`, `video`, `missao`, `visao`, `valores`) VALUES
(53, 'Quem somos', '', '<p>Somos um meio para alcan&ccedil;ar a cura da sua alma atrav&eacute;s do espiritual. A cura acontece pela f&eacute;! N&oacute;s encontramos, na B&iacute;blia, v&aacute;rios textos que pela f&eacute; fostes curados. &ldquo;V&aacute; em paz, que a tua f&eacute; te salvou; v&aacute; em paz, que os teus pecados foram perdoados&rdquo;. A f&eacute; &eacute; uma fonte inesgot&aacute;vel de b&ecirc;n&ccedil;&atilde;os, prod&iacute;gios e milagres, mas tamb&eacute;m encontramos a cura pela medicina.</p>\r\n<p>&nbsp;</p>\r\n<p>A medicina, a ci&ecirc;ncia e os rem&eacute;dios, como fala o livro dos eclesi&aacute;sticos, s&atilde;o uma fonte inesgot&aacute;vel de b&ecirc;n&ccedil;&atilde;os e cura de Deus para a nossa vida.</p>\r\n<p>&nbsp;</p>\r\n<p>Quando tomamos conhecimento de que temos autoridade sobre todos os esp&iacute;ritos imundos e de curar toda as doen&ccedil;as malignas e enfermidades, tamb&eacute;m encontramos a cura da alma.</p>', '<p>Somos um meio para alcan&ccedil;ar a cura da sua alma atrav&eacute;s do espiritual. A cura acontece pela f&eacute;! N&oacute;s encontramos, na B&iacute;blia, v&aacute;rios textos que pela f&eacute; fostes curados. &ldquo;V&aacute; em paz, que a tua f&eacute; te salvou; v&aacute; em paz, que os teus pecados foram perdoados&rdquo;. A f&eacute; &eacute; uma fonte inesgot&aacute;vel de b&ecirc;n&ccedil;&atilde;os, prod&iacute;gios e milagres, mas tamb&eacute;m encontramos a cura pela medicina.</p>\r\n<p>&nbsp;</p>\r\n<p>Quando tomamos conhecimento de que temos autoridade sobre todos os esp&iacute;ritos imundos e de curar toda as doen&ccedil;as malignas e enfermidades, tamb&eacute;m encontramos a cura da alma.</p>', 'fotosobre_1639759064_61bcbcd8d673f.jpg', 'anexos/fotosobre_1639759064_61bcbcd8d673f.webp', '', '', '', '');

-- --------------------------------------------------------

--
-- Estrutura da tabela `sp_etnias`
--

CREATE TABLE `sp_etnias` (
  `id` int(11) NOT NULL,
  `nome` varchar(255) NOT NULL,
  `foto` varchar(255) NOT NULL,
  `fotowebp` varchar(255) NOT NULL,
  `descricao` text NOT NULL
) ENGINE=InnoDB DEFAULT CHARSET=utf8mb4;

--
-- Extraindo dados da tabela `sp_etnias`
--

INSERT INTO `sp_etnias` (`id`, `nome`, `foto`, `fotowebp`, `descricao`) VALUES
(1, 'Etnia Italiana', 'servico1_1633471221615ccaf50e310.jpg', 'anexos/servico1_1633471221615ccaf50e310.webp', '<p>A It&aacute;lia, pa&iacute;s europeu com uma longa costa mediterr&acirc;nea, deixou uma marca poderosa na culin&aacute;ria e na cultura ocidentais. A capital, Roma, &eacute; sede do Vaticano e abriga obras de arte monumentais e ru&iacute;nas antigas.</p>'),
(2, 'Etnia Francesa', 'servico2_1633471214615ccaee82ba5.png', 'anexos/servico2_1633471214615ccaee82ba5.webp', '<p>A Fran&ccedil;a, na Europa Ocidental, tem cidades medievais, aldeias alpinas e praias mediterr&acirc;neas. Paris, sua capital, &eacute; famosa pelas casas de alta costura, museus de arte cl&aacute;ssica, como o Louvre, e monumentos como a Torre Eiffel.</p>'),
(3, 'Etnia Alemã', 'servico3_1633471199615ccadfeaa6e.png', 'anexos/servico3_1633471199615ccadfeaa6e.webp', '<p>A Alemanha &eacute; um pa&iacute;s situado na Europa Ocidental com uma paisagem de florestas, rios, cordilheiras e praias do Mar do Norte. A na&ccedil;&atilde;o tem mais de 2 mil&ecirc;nios de hist&oacute;ria. Berlim, a capital, abriga cen&aacute;rios art&iacute;sticos e de vida noturna, o Port&atilde;o de Brandembu</p>');

-- --------------------------------------------------------

--
-- Estrutura da tabela `sp_galeria`
--

CREATE TABLE `sp_galeria` (
  `id` int(11) NOT NULL,
  `foto` varchar(255) NOT NULL,
  `fotomaior` varchar(255) NOT NULL
) ENGINE=InnoDB DEFAULT CHARSET=latin1;

--
-- Extraindo dados da tabela `sp_galeria`
--

INSERT INTO `sp_galeria` (`id`, `foto`, `fotomaior`) VALUES
(20, 'galeria1__1567128905_.webp', 'galeria2__1567128905_.webp'),
(21, 'galeria1__1567128937_.webp', 'galeria2__1567128937_.webp'),
(22, 'galeria1__1567128975_.webp', 'galeria2__1567128975_.webp'),
(23, 'galeria1__1567129017_.webp', 'galeria2__1567129017_.webp'),
(24, 'galeria1__1567129131_.webp', 'galeria2__1567129131_.webp'),
(25, 'galeria1__1567129190_.webp', 'galeria2__1567129190_.webp'),
(26, 'galeria1__1567129272_.webp', 'galeria2__1567129272_.webp'),
(27, 'galeria1__1567129316_.webp', 'galeria2__1567129316_.webp');

-- --------------------------------------------------------

--
-- Estrutura da tabela `sp_gerais`
--

CREATE TABLE `sp_gerais` (
  `id` int(11) NOT NULL,
  `email` varchar(500) NOT NULL,
  `imagemfundobanner` varchar(255) NOT NULL,
  `facebook` varchar(255) NOT NULL,
  `instagram` varchar(255) NOT NULL,
  `youtube` varchar(255) NOT NULL,
  `telefone` varchar(25) NOT NULL,
  `whatsapp` varchar(25) NOT NULL,
  `linkedin` varchar(1000) NOT NULL,
  `titlesite` varchar(255) NOT NULL,
  `descriptionsite` varchar(255) NOT NULL
) ENGINE=InnoDB DEFAULT CHARSET=latin1;

--
-- Extraindo dados da tabela `sp_gerais`
--

INSERT INTO `sp_gerais` (`id`, `email`, `imagemfundobanner`, `facebook`, `instagram`, `youtube`, `telefone`, `whatsapp`, `linkedin`, `titlesite`, `descriptionsite`) VALUES
(18, '', 'imagemfundoobras_1594042047_5f0326bf89126.png', 'https://www.facebook.com/curaespiritualchapeco', 'https://www.instagram.com/curaespiritualchapeco', '', '', '(49) 98411-8414', '', 'Cura Espiritual', 'Alcance a cura que precisa através do espiritual');

-- --------------------------------------------------------

--
-- Estrutura da tabela `sp_horariossematendimentos`
--

CREATE TABLE `sp_horariossematendimentos` (
  `id` int(11) NOT NULL,
  `datasematendimento` date NOT NULL,
  `motivo` text NOT NULL
) ENGINE=InnoDB DEFAULT CHARSET=utf8mb4;

--
-- Extraindo dados da tabela `sp_horariossematendimentos`
--

INSERT INTO `sp_horariossematendimentos` (`id`, `datasematendimento`, `motivo`) VALUES
(6, '2022-01-19', 'Estamos de férias'),
(7, '2022-01-20', 'Estamos de férias'),
(8, '2022-01-21', 'Estamos de férias'),
(9, '2022-01-22', 'Estamos de férias'),
(10, '2022-01-23', 'Estamos de férias'),
(11, '2022-01-24', 'Estamos de férias'),
(12, '2022-01-25', 'Estamos de férias'),
(13, '2022-01-27', 'Estamos de férias'),
(14, '2022-01-28', 'Estamos de férias'),
(15, '2022-01-29', 'Estamos de férias'),
(16, '2022-01-31', 'Estamos de férias'),
(17, '2022-01-26', 'Estamos de férias'),
(18, '2022-01-30', 'Estamos de férias');

-- --------------------------------------------------------

--
-- Estrutura da tabela `sp_indicadores`
--

CREATE TABLE `sp_indicadores` (
  `id` int(11) NOT NULL,
  `indicador` int(11) NOT NULL,
  `titulo` varchar(255) NOT NULL,
  `prefixo` varchar(25) NOT NULL
) ENGINE=InnoDB DEFAULT CHARSET=utf8mb4;

--
-- Extraindo dados da tabela `sp_indicadores`
--

INSERT INTO `sp_indicadores` (`id`, `indicador`, `titulo`, `prefixo`) VALUES
(1, 2, 'Anos de atuação', ''),
(2, 2000, 'horas em atendimentos realizados', '+'),
(3, 50, 'programas de consultoria', '+'),
(4, 200, 'profissionais desenvolvidos', '+');

-- --------------------------------------------------------

--
-- Estrutura da tabela `sp_instituicoes`
--

CREATE TABLE `sp_instituicoes` (
  `id` int(11) NOT NULL,
  `titulo` varchar(255) NOT NULL,
  `foto` varchar(255) NOT NULL,
  `link` varchar(255) NOT NULL,
  `descricao` text NOT NULL
) ENGINE=InnoDB DEFAULT CHARSET=utf8mb4;

--
-- Extraindo dados da tabela `sp_instituicoes`
--

INSERT INTO `sp_instituicoes` (`id`, `titulo`, `foto`, `link`, `descricao`) VALUES
(1, 'UFFS', 'servico_1633390948615b9164de300.png', 'https://www.uffs.edu.br/', '<p>Lorem ipsum dolor sit amet, consectetur adipisicing elit, sed do eiusmod</p>'),
(2, 'ihgo', 'servico2_1633390996615b9194ef2dc.jpg', 'https://www.ihgo.gov.br/', '<p>Lorem ipsum dolor sit amet, consectetur adipisicing elit, sed do eiusmod</p>'),
(3, 'UDESC', 'servico_1633391011615b91a31e5e0.jpg', 'https://www.udesc.br/', '<p>Lorem ipsum dolor sit amet, consectetur adipisicing elit, sed do eiusmod</p>'),
(4, 'INSOURCE TECNOLOGIA', 'servico_1633391113615b9209afa91.png', 'https://insource.com.br/', '<p>Lorem ipsum dolor sit amet, consectetur adipisicing elit, sed do eiusmod</p>');

-- --------------------------------------------------------

--
-- Estrutura da tabela `sp_newsletter`
--

CREATE TABLE `sp_newsletter` (
  `id` int(11) NOT NULL,
  `email` varchar(200) NOT NULL,
  `nome` varchar(255) NOT NULL,
  `data` date NOT NULL
) ENGINE=InnoDB DEFAULT CHARSET=latin1;

-- --------------------------------------------------------

--
-- Estrutura da tabela `sp_oracoes`
--

CREATE TABLE `sp_oracoes` (
  `id` int(11) NOT NULL,
  `titulo` varchar(255) NOT NULL,
  `descricao` text NOT NULL
) ENGINE=InnoDB DEFAULT CHARSET=utf8mb4;

--
-- Extraindo dados da tabela `sp_oracoes`
--

INSERT INTO `sp_oracoes` (`id`, `titulo`, `descricao`) VALUES
(1, 'Salmos 91', '<p>1.Aquele que habita no abrigo do Alt&iacute;ssimo e descansa &agrave; sombra do Todo-poderoso<br />2.pode dizer ao Senhor: Tu &eacute;s o meu ref&uacute;gio e a minha fortaleza, o meu Deus, em quem confio.<br />3.Ele o livrar&aacute; do la&ccedil;o do ca&ccedil;ador e do veneno mortal.<br />4.Ele o cobrir&aacute; com as suas penas, e sob as suas asas voc&ecirc; encontrar&aacute; ref&uacute;gio; a fidelidade dele ser&aacute; o seu escudo protetor.<br />5.Voc&ecirc; n&atilde;o temer&aacute; o pavor da noite, nem a flecha que voa de dia,<br />6.nem a peste que se move sorrateira nas trevas, nem a praga que devasta ao meio-dia.<br />7.Mil poder&atilde;o cair ao seu lado, dez mil &agrave; sua direita, mas nada o atingir&aacute;.<br />8.Voc&ecirc; simplesmente olhar&aacute;, e ver&aacute; o castigo dos &iacute;mpios.<br />9.Se voc&ecirc; fizer do Alt&iacute;ssimo o seu ref&uacute;gio,<br />10.nenhum mal o atingir&aacute;, desgra&ccedil;a alguma chegar&aacute; &agrave; sua tenda.<br />11.Porque a seus anjos ele dar&aacute; ordens a seu respeito, para que o protejam em todos os seus caminhos;<br />12.com as m&atilde;os eles o segurar&atilde;o, para que voc&ecirc; n&atilde;o tropece em alguma pedra.<br />13.Voc&ecirc; pisar&aacute; o le&atilde;o e a cobra; pisotear&aacute; o le&atilde;o forte e a serpente.<br />14.\"Porque ele me ama, eu o resgatarei; eu o protegerei, pois conhece o meu nome.<br />15.Ele clamar&aacute; a mim, e eu lhe darei resposta, e na adversidade estarei com ele; vou livr&aacute;-lo e cobri-lo de honra.<br />16.Vida longa eu lhe darei, e lhe mostrarei a minha salva&ccedil;&atilde;o. \"</p>'),
(2, 'Salmos 91 teste', '<p>1.Aquele que habita no abrigo do Alt&iacute;ssimo e descansa &agrave; sombra do Todo-poderoso<br />2.pode dizer ao Senhor: Tu &eacute;s o meu ref&uacute;gio e a minha fortaleza, o meu Deus, em quem confio.<br />3.Ele o livrar&aacute; do la&ccedil;o do ca&ccedil;ador e do veneno mortal.<br />4.Ele o cobrir&aacute; com as suas penas, e sob as suas asas voc&ecirc; encontrar&aacute; ref&uacute;gio; a fidelidade dele ser&aacute; o seu escudo protetor.<br />5.Voc&ecirc; n&atilde;o temer&aacute; o pavor da noite, nem a flecha que voa de dia,<br />6.nem a peste que se move sorrateira nas trevas, nem a praga que devasta ao meio-dia.<br />7.Mil poder&atilde;o cair ao seu lado, dez mil &agrave; sua direita, mas nada o atingir&aacute;.<br />8.Voc&ecirc; simplesmente olhar&aacute;, e ver&aacute; o castigo dos &iacute;mpios.<br />9.Se voc&ecirc; fizer do Alt&iacute;ssimo o seu ref&uacute;gio,<br />10.nenhum mal o atingir&aacute;, desgra&ccedil;a alguma chegar&aacute; &agrave; sua tenda.<br />11.Porque a seus anjos ele dar&aacute; ordens a seu respeito, para que o protejam em todos os seus caminhos;<br />12.com as m&atilde;os eles o segurar&atilde;o, para que voc&ecirc; n&atilde;o tropece em alguma pedra.<br />13.Voc&ecirc; pisar&aacute; o le&atilde;o e a cobra; pisotear&aacute; o le&atilde;o forte e a serpente.<br />14.\"Porque ele me ama, eu o resgatarei; eu o protegerei, pois conhece o meu nome.<br />15.Ele clamar&aacute; a mim, e eu lhe darei resposta, e na adversidade estarei com ele; vou livr&aacute;-lo e cobri-lo de honra.<br />16.Vida longa eu lhe darei, e lhe mostrarei a minha salva&ccedil;&atilde;o. \"</p>'),
(3, 'oração teste texto', '<p>1.Aquele que habita no abrigo do Alt&iacute;ssimo e descansa &agrave; sombra do Todo-poderoso<br />2.pode dizer ao Senhor: Tu &eacute;s o meu ref&uacute;gio e a minha fortaleza, o meu Deus, em quem confio.<br />3.Ele o livrar&aacute; do la&ccedil;o do ca&ccedil;ador e do veneno mortal.<br />4.Ele o cobrir&aacute; com as suas penas, e sob as suas asas voc&ecirc; encontrar&aacute; ref&uacute;gio; a fidelidade dele ser&aacute; o seu escudo protetor.<br />5.Voc&ecirc; n&atilde;o temer&aacute; o pavor da noite, nem a flecha que voa de dia,<br />6.nem a peste que se move sorrateira nas trevas, nem a praga que devasta ao meio-dia.<br />7.Mil poder&atilde;o cair ao seu lado, dez mil &agrave; sua direita, mas nada o atingir&aacute;.<br />8.Voc&ecirc; simplesmente olhar&aacute;, e ver&aacute; o castigo dos &iacute;mpios.<br />9.Se voc&ecirc; fizer do Alt&iacute;ssimo o seu ref&uacute;gio,<br />10.nenhum mal o atingir&aacute;, desgra&ccedil;a alguma chegar&aacute; &agrave; sua tenda.<br />11.Porque a seus anjos ele dar&aacute; ordens a seu respeito, para que o protejam em todos os seus caminhos;<br />12.com as m&atilde;os eles o segurar&atilde;o, para que voc&ecirc; n&atilde;o tropece em alguma pedra.<br />13.Voc&ecirc; pisar&aacute; o le&atilde;o e a cobra; pisotear&aacute; o le&atilde;o forte e a serpente.<br />14.\"Porque ele me ama, eu o resgatarei; eu o protegerei, pois conhece o meu nome.<br />15.Ele clamar&aacute; a mim, e eu lhe darei resposta, e na adversidade estarei com ele; vou livr&aacute;-lo e cobri-lo de honra.<br />16.Vida longa eu lhe darei, e lhe mostrarei a minha salva&ccedil;&atilde;o. \"</p>');

-- --------------------------------------------------------

--
-- Estrutura da tabela `sp_oracoes_files`
--

CREATE TABLE `sp_oracoes_files` (
  `id` int(11) NOT NULL,
  `oracaoID` int(11) NOT NULL,
  `arquivo` varchar(255) NOT NULL,
  `extensao` varchar(5) NOT NULL,
  `fotowebp` varchar(255) NOT NULL
) ENGINE=InnoDB DEFAULT CHARSET=utf8mb4;

--
-- Extraindo dados da tabela `sp_oracoes_files`
--

INSERT INTO `sp_oracoes_files` (`id`, `oracaoID`, `arquivo`, `extensao`, `fotowebp`) VALUES
(1, 3, 'oracao_3_1641934697_20220111175817674700883.png', 'png', 'anexos/oracao_3_1641934697_20220111175817674700883.webp'),
(2, 3, 'oracao_3_1641934819_202201111800191447510044.pdf', 'pdf', ''),
(3, 3, 'oracao_3_1641935149_202201111805491374386774.mp3', 'mp3', ''),
(4, 3, 'oracao_3_1641935176_202201111806161432572540.mp4', 'mp4', '');

-- --------------------------------------------------------

--
-- Estrutura da tabela `sp_papeis`
--

CREATE TABLE `sp_papeis` (
  `id` int(11) NOT NULL,
  `nome` varchar(255) NOT NULL,
  `permissoes` text NOT NULL
) ENGINE=InnoDB DEFAULT CHARSET=latin1;

--
-- Extraindo dados da tabela `sp_papeis`
--

INSERT INTO `sp_papeis` (`id`, `nome`, `permissoes`) VALUES
(2, 'Administrador', 'gerais|#|oracoes|#|agendamentos|#|depoimentos|#|banners|#|empresa|#|clientes|#|blog|#|horarios|#|usuarios|#|papeis|#|');

-- --------------------------------------------------------

--
-- Estrutura da tabela `sp_perguntas`
--

CREATE TABLE `sp_perguntas` (
  `id` int(11) NOT NULL,
  `nome` varchar(255) NOT NULL
) ENGINE=InnoDB DEFAULT CHARSET=utf8mb4;

--
-- Extraindo dados da tabela `sp_perguntas`
--

INSERT INTO `sp_perguntas` (`id`, `nome`) VALUES
(1, 'Quer ver sua empresa prosperando?'),
(2, 'Quer crescer e expandir?'),
(3, 'Quer apenas estruturar?'),
(4, 'Quer estruturar e crescer/expandir no caminho?'),
(5, 'Quer estruturar para crescer?\r\n'),
(6, 'Quer parar de perder clientes?\r\n'),
(7, 'Quer parar de perder membros do time?\r\n');

-- --------------------------------------------------------

--
-- Estrutura da tabela `sp_portfolio`
--

CREATE TABLE `sp_portfolio` (
  `id` int(11) NOT NULL,
  `foto` varchar(255) NOT NULL DEFAULT '',
  `titulo` varchar(255) NOT NULL,
  `subtitulo` varchar(255) NOT NULL,
  `descricao` text NOT NULL,
  `ocase` text NOT NULL,
  `fotowebp` varchar(255) NOT NULL
) ENGINE=InnoDB DEFAULT CHARSET=utf8mb4;

--
-- Extraindo dados da tabela `sp_portfolio`
--

INSERT INTO `sp_portfolio` (`id`, `foto`, `titulo`, `subtitulo`, `descricao`, `ocase`, `fotowebp`) VALUES
(69, 'portfolio_69_1631671413_190cdf20dafda4445535e5e5d46880a7614154759ceb2.png', 'Rubens rubinho teste', 'Lorem ipsum dolor sit amet, consectetur adipisicing elit, sed do eiusmod tempor incididunt ut labore et dolore magna aliqua.', '<p>Lorem ipsum dolor sit amet, consectetur adipisicing elit, sed do eiusmod tempor incididunt ut labore et dolore magna aliqua. Ut enim ad minim veniam, quis nostrud exercitation ullamco laboris nisi ut aliquip ex ea commodo consequat. Duis aute irure dolor in reprehenderit in voluptate velit esse cillum dolore eu fugiat nulla pariatur. Excepteur sint occaecat cupidatat non proident, sunt in culpa qui officia deserunt mollit anim id est laborum.</p>', '', 'anexos/portfolio_69_1631671413_190cdf20dafda4445535e5e5d46880a7614154759ceb2.webp'),
(70, 'portfolio_70_1631672330_24f03b1fa97ec865e5e4a0e116b24d846141580a4ae64.jpg', 'Rubinho teste 2', 'Lorem ipsum dolor sit amet, consectetur adipisicing elit, sed do eiusmod tempor incididunt ut labore et dolore magna aliqua.', '<p>Lorem ipsum dolor sit amet, consectetur adipisicing elit, sed do eiusmod tempor incididunt ut labore et dolore magna aliqua. Ut enim ad minim veniam, quis nostrud exercitation ullamco laboris nisi ut aliquip ex ea commodo consequat. Duis aute irure dolor in reprehenderit in voluptate velit esse cillum dolore eu fugiat nulla pariatur. Excepteur sint occaecat cupidatat non proident, sunt in culpa qui officia deserunt mollit anim id est laborum.</p>\r\n<p>&nbsp;</p>\r\n<p>Lorem ipsum dolor sit amet, consectetur adipisicing elit, sed do eiusmod tempor incididunt ut labore et dolore magna aliqua. Ut enim ad minim veniam, quis nostrud exercitation ullamco laboris nisi ut aliquip ex ea commodo consequat. Duis aute irure dolor in reprehenderit in voluptate velit esse cillum dolore eu fugiat nulla pariatur. Excepteur sint occaecat cupidatat non proident, sunt in culpa qui officia deserunt mollit anim id est laborum.</p>', '<p>Lorem ipsum dolor sit amet, consectetur adipisicing elit, sed do eiusmod tempor incididunt ut labore et dolore magna aliqua. Ut enim ad minim veniam, quis nostrud exercitation ullamco laboris nisi ut aliquip ex ea commodo consequat. Duis aute irure dolor in reprehenderit in voluptate velit esse cillum dolore eu fugiat nulla pariatur. Excepteur sint occaecat cupidatat non proident, sunt in culpa qui officia deserunt mollit anim id est laborum</p>', 'anexos/portfolio_70_1631672330_24f03b1fa97ec865e5e4a0e116b24d846141580a4ae64.webp'),
(72, 'portfolio__1631671097_.png', 'asdasd asd as asd ', 'teste te a sd as d asd', '<p>asdasd asdas d asd as da&nbsp;</p>', '', 'anexos/portfolio__1631671097_.webp');

-- --------------------------------------------------------

--
-- Estrutura da tabela `sp_portfolio_fotos`
--

CREATE TABLE `sp_portfolio_fotos` (
  `id` int(11) NOT NULL,
  `id_portfolio` int(11) NOT NULL,
  `foto` varchar(255) NOT NULL,
  `fotowebp` varchar(255) NOT NULL
) ENGINE=InnoDB DEFAULT CHARSET=utf8mb4;

--
-- Extraindo dados da tabela `sp_portfolio_fotos`
--

INSERT INTO `sp_portfolio_fotos` (`id`, `id_portfolio`, `foto`, `fotowebp`) VALUES
(3, 70, 'blog_70_1627076271_pexels-nick-collins-1293120.jpg', ''),
(4, 70, 'blog_70_1627076595_pexels-olya-kobruseva-5428833.jpg', ''),
(5, 70, 'blog_70_1627076595_pexels-pixabay-158826.jpg', ''),
(6, 70, 'blog_70_1627076595_pexels-sound-on-3756879.jpg', ''),
(7, 70, 'blog_70_1627087685_pexels-cup-of-couple-6177589.jpg', ''),
(8, 71, 'fotocase_71_1631671192_eebfc58741f2e8ea4462f635f04f7591.png', 'anexos/fotocase_71_1631671192_eebfc58741f2e8ea4462f635f04f7591.webp'),
(9, 71, 'fotocase_71_1631671193_23a52cc027d28944fee9a22cad728766.png', 'anexos/fotocase_71_1631671193_23a52cc027d28944fee9a22cad728766.webp');

-- --------------------------------------------------------

--
-- Estrutura da tabela `sp_produtos`
--

CREATE TABLE `sp_produtos` (
  `id` int(11) NOT NULL,
  `titulo` varchar(255) NOT NULL,
  `descricao` text NOT NULL,
  `data_cadastro` datetime NOT NULL,
  `categoriaID` int(11) NOT NULL,
  `subcategoriaID` int(11) NOT NULL
) ENGINE=InnoDB DEFAULT CHARSET=utf8;

--
-- Extraindo dados da tabela `sp_produtos`
--

INSERT INTO `sp_produtos` (`id`, `titulo`, `descricao`, `data_cadastro`, `categoriaID`, `subcategoriaID`) VALUES
(1, 'Teste produto 1', '<p>teste 1teste1teste 1teste1teste 1teste1teste 1teste1teste 1teste1teste 1teste1teste 1teste1teste 1teste1teste 1teste1teste 1teste1teste 1teste1teste 1teste1teste 1teste1teste 1teste1teste 1teste1teste 1teste1teste 1teste1teste 1teste1teste 1teste1teste 1teste1teste 1teste1teste 1teste1teste 1teste1teste 1teste1teste 1teste1teste 1teste1teste 1teste1teste 1teste1teste 1teste1teste 1teste1teste 1teste1teste 1teste1teste 1teste1teste 1teste1teste 1teste1teste 1teste1teste 1teste1teste 1teste1teste 1teste1teste 1teste1</p>\r\n<p>teste 1teste1teste 1teste1teste 1teste1teste 1teste1teste 1teste1teste 1teste1teste 1teste1teste 1teste1teste 1teste1teste 1teste1teste 1teste1teste 1teste1teste 1teste1teste 1teste1teste 1teste1teste 1teste1teste 1teste1teste 1teste1teste 1teste1teste 1teste1teste 1teste1teste 1teste1teste 1teste1teste 1teste1teste 1teste1teste 1teste1teste 1teste1teste 1teste1teste 1teste1teste 1teste1teste 1teste1teste 1teste1teste 1teste1teste 1teste1teste 1teste1teste 1teste1teste 1teste1teste 1teste1teste 1teste1teste 1teste1</p>', '2019-08-23 10:23:58', 8, 1),
(2, 'Teste produto 2', '<p>Teste produto 2&nbsp;Teste produto 2Teste produto 2&nbsp;Teste produto 2Teste produto 2&nbsp;Teste produto 2Teste produto 2&nbsp;Teste produto 2Teste produto 2&nbsp;Teste produto 2Teste produto 2&nbsp;Teste produto 2Teste produto 2&nbsp;Teste produto 2Teste produto 2&nbsp;Teste produto 2Teste produto 2&nbsp;Teste produto 2Teste produto 2&nbsp;Teste produto 2</p>\r\n<p>Teste produto 2&nbsp;Teste produto 2Teste produto 2&nbsp;Teste produto 2Teste produto 2&nbsp;Teste produto 2Teste produto 2&nbsp;Teste produto 2Teste produto 2&nbsp;Teste produto 2Teste produto 2&nbsp;Teste produto 2Teste produto 2&nbsp;Teste produto 2Teste produto 2&nbsp;Teste produto 2Teste produto 2&nbsp;Teste produto 2Teste produto 2&nbsp;Teste produto 2</p>', '2019-08-23 11:13:23', 5, 0),
(3, 'teste 3', '<p>teste</p>', '2019-08-23 11:49:32', 5, 0),
(4, 'teste 4', '<p>dasadsda dsadsa</p>', '2019-08-23 11:49:43', 5, 0),
(5, 'teste 5', '<p>adssadsa&nbsp;</p>', '2019-08-23 11:49:51', 5, 0),
(6, 'teste 6', '', '2019-08-23 11:49:57', 5, 0);

-- --------------------------------------------------------

--
-- Estrutura da tabela `sp_produtos_fotos`
--

CREATE TABLE `sp_produtos_fotos` (
  `id` int(11) NOT NULL,
  `produtoID` int(11) NOT NULL,
  `foto` varchar(255) NOT NULL,
  `fotowebp` varchar(255) NOT NULL
) ENGINE=InnoDB DEFAULT CHARSET=utf8;

--
-- Extraindo dados da tabela `sp_produtos_fotos`
--

INSERT INTO `sp_produtos_fotos` (`id`, `produtoID`, `foto`, `fotowebp`) VALUES
(1, 1, 'produtos_1_1566567354_8515', ''),
(2, 6, 'produtos_6_1566576530_5019', ''),
(4, 6, 'produtos_6_1566578715_7975', '');

-- --------------------------------------------------------

--
-- Estrutura da tabela `sp_resultados`
--

CREATE TABLE `sp_resultados` (
  `id` int(11) NOT NULL,
  `resultado` int(11) NOT NULL,
  `titulo` varchar(255) NOT NULL,
  `prefixo` varchar(25) NOT NULL,
  `sufixo` varchar(255) NOT NULL,
  `subtitulo` varchar(255) NOT NULL
) ENGINE=InnoDB DEFAULT CHARSET=utf8mb4;

--
-- Extraindo dados da tabela `sp_resultados`
--

INSERT INTO `sp_resultados` (`id`, `resultado`, `titulo`, `prefixo`, `sufixo`, `subtitulo`) VALUES
(6, 80, 'Redução média de', '+', '%', 'no turnover de profissionais'),
(7, 45, 'Aumento médio de', '', '%', 'em alguma coisa');

-- --------------------------------------------------------

--
-- Estrutura da tabela `sp_servicos`
--

CREATE TABLE `sp_servicos` (
  `id` int(11) NOT NULL,
  `fotoservico` varchar(255) NOT NULL,
  `foto2` varchar(255) NOT NULL,
  `titulo` varchar(255) NOT NULL,
  `descricao` text NOT NULL,
  `categoriaID` int(11) NOT NULL,
  `subcategoriaID` int(11) NOT NULL,
  `ativo` tinyint(4) NOT NULL
) ENGINE=InnoDB DEFAULT CHARSET=latin1;

--
-- Extraindo dados da tabela `sp_servicos`
--

INSERT INTO `sp_servicos` (`id`, `fotoservico`, `foto2`, `titulo`, `descricao`, `categoriaID`, `subcategoriaID`, `ativo`) VALUES
(29, 'servico29_162560229360e4b8f5937c1.svg', 'servico29_16150616236043e2771c509.png', 'Logotipo', '<p>Lorem ipsum dolor sit amet, consectetur adipisicing elit, sed do eiusmod tempor incididunt ut labore et dolore magna aliqua.</p>', 0, 0, 1),
(34, 'servico34_162519422860de7ef4dc18d.svg', 'servico_16149811516042a81fb61f1.png', 'Planejamento estratégico', '<div id=\"branding\" class=\"service\">\r\n<p class=\"name\">Lorem ipsum dolor sit amet, consectetur adipisicing elit, sed do eiusmod tempor incididunt ut labore et dolore magna aliqua.Lorem ipsum dolor sit amet, consectetur adipisicing elit, sed do eiusmod tempor incididunt ut labore et dolore magna aliqua.</p>\r\n</div>', 0, 0, 1),
(35, 'servico35_162558563360e477e16055e.svg', 'servico_16149811946042a84a7a18b.png', 'E-Commerce', '<p>Lorem ipsum dolor sit amet, consectetur adipisicing elit, sed do eiusmod tempor incididunt ut labore et dolore magna aliqua.Lorem ipsum dolor sit amet, consectetur adipisicing elit, sed do eiusmod tempor incididunt ut labore et dolore magna aliqua.</p>', 0, 0, 0),
(36, 'servico36_162560226660e4b8dadc0d5.svg', 'servico_16149812226042a866d4c7c.png', 'Design', '<p>Lorem ipsum dolor sit amet, consectetur adipisicing elit, sed do eiusmod tempor incididunt ut labore et dolore magna aliqua.Lorem ipsum dolor sit amet, consectetur adipisicing elit, sed do eiusmod tempor incididunt ut labore et dolore magna aliqua.Lorem ipsum dolor sit amet, consectetur adipisicing elit, sed do eiusmod tempor incididunt ut labore et dolore magna aliqua.</p>', 0, 0, 1);

-- --------------------------------------------------------

--
-- Estrutura da tabela `sp_servicos_categorias`
--

CREATE TABLE `sp_servicos_categorias` (
  `id` int(11) NOT NULL,
  `id_servico` int(11) NOT NULL,
  `titulo` varchar(255) NOT NULL
) ENGINE=InnoDB DEFAULT CHARSET=utf8mb4;

--
-- Extraindo dados da tabela `sp_servicos_categorias`
--

INSERT INTO `sp_servicos_categorias` (`id`, `id_servico`, `titulo`) VALUES
(1, 36, 'TESTE 1'),
(2, 36, 'teste 2');

-- --------------------------------------------------------

--
-- Estrutura da tabela `sp_servicos_fotos`
--

CREATE TABLE `sp_servicos_fotos` (
  `id` int(11) NOT NULL,
  `servicoID` int(11) NOT NULL,
  `foto` varchar(255) NOT NULL
) ENGINE=InnoDB DEFAULT CHARSET=utf8;

--
-- Extraindo dados da tabela `sp_servicos_fotos`
--

INSERT INTO `sp_servicos_fotos` (`id`, `servicoID`, `foto`) VALUES
(11, 9, 'blog_9_1594213682_57727382302bebc700dab5076ad231890f9c09901.jpeg'),
(12, 9, 'blog_9_1594213682_211179397902bebc700dab5076ad231890f9c09901.jpeg'),
(14, 9, 'blog_9_1594213682_128304319702bebc700dab5076ad231890f9c09901.jpeg'),
(15, 9, 'blog_9_1594213682_149169730202bebc700dab5076ad231890f9c09901.jpeg'),
(16, 9, 'blog_9_1594213756_2067321926e1dfb88c03a085e906ebccecc9129085.jpeg'),
(17, 9, 'blog_9_1594213756_362108593e1dfb88c03a085e906ebccecc9129085.jpeg'),
(18, 10, 'blog_10_1594213768_13997519901247f554446902ae3fe2601b26804dae.jpg'),
(19, 10, 'blog_10_1594213768_7471415891247f554446902ae3fe2601b26804dae.jpeg'),
(20, 10, 'blog_10_1594213768_16917357091247f554446902ae3fe2601b26804dae.jpeg'),
(21, 10, 'blog_10_1594213768_11099688031247f554446902ae3fe2601b26804dae.jpeg'),
(22, 10, 'blog_10_1594213769_1766484973eb5d73e740c665150d6ba68dc695c870.jpeg'),
(23, 10, 'blog_10_1594213769_1592452471eb5d73e740c665150d6ba68dc695c870.jpeg'),
(24, 10, 'blog_10_1594213769_1910800733eb5d73e740c665150d6ba68dc695c870.jpeg'),
(25, 10, 'blog_10_1594213769_1430992422eb5d73e740c665150d6ba68dc695c870.jpeg');

-- --------------------------------------------------------

--
-- Estrutura da tabela `sp_subcategorias`
--

CREATE TABLE `sp_subcategorias` (
  `id` int(11) NOT NULL,
  `nome` varchar(255) NOT NULL,
  `categoriaID` int(11) NOT NULL
) ENGINE=InnoDB DEFAULT CHARSET=utf8;

--
-- Extraindo dados da tabela `sp_subcategorias`
--

INSERT INTO `sp_subcategorias` (`id`, `nome`, `categoriaID`) VALUES
(1, 'Salgados Assados', 8),
(3, 'Para Fritar', 8),
(4, 'Para Assar', 8),
(5, 'Salgados Fritos', 0);

-- --------------------------------------------------------

--
-- Estrutura da tabela `sp_tags`
--

CREATE TABLE `sp_tags` (
  `id` int(11) NOT NULL,
  `nome` varchar(255) NOT NULL
) ENGINE=InnoDB DEFAULT CHARSET=latin1;

--
-- Extraindo dados da tabela `sp_tags`
--

INSERT INTO `sp_tags` (`id`, `nome`) VALUES
(1, 'teste1'),
(2, 'teste2'),
(3, 'Dentes'),
(4, 'Teste 1'),
(5, 'teste 3'),
(6, 'teste 4'),
(7, 'teste'),
(8, 'Itália'),
(9, 'Lorem ipsum'),
(10, 'Livros'),
(11, 'Culinária'),
(12, 'Gastronomia'),
(13, 'Música'),
(14, 'Dicas'),
(15, 'Empresas'),
(16, 'Recursos Humanos'),
(17, 'Materiais'),
(18, 'asd');

-- --------------------------------------------------------

--
-- Estrutura da tabela `sp_time`
--

CREATE TABLE `sp_time` (
  `id` int(11) NOT NULL,
  `titulo` varchar(255) NOT NULL,
  `descricao` text NOT NULL,
  `foto1` varchar(255) NOT NULL,
  `foto2` varchar(255) NOT NULL,
  `foto3` varchar(255) NOT NULL,
  `fotowebp1` varchar(255) NOT NULL,
  `fotowebp2` varchar(255) NOT NULL,
  `fotowebp3` varchar(255) NOT NULL
) ENGINE=InnoDB DEFAULT CHARSET=utf8mb4;

--
-- Extraindo dados da tabela `sp_time`
--

INSERT INTO `sp_time` (`id`, `titulo`, `descricao`, `foto1`, `foto2`, `foto3`, `fotowebp1`, `fotowebp2`, `fotowebp3`) VALUES
(10, 'Nosso time', '<p>Lorem ipsum dolor sit amet, consectetur adipisicing elit, sed do eiusmod tempor incididunt ut labore et dolore magna aliqua. Ut enim ad minim veniam, quis nostrud exercitation ullamco laboris nisi ut aliquip ex ea commodo consequat. Duis aute irure dolor in reprehenderit in voluptate velit esse cillum dolore eu fugiat nulla pariatur. Excepteur sint occaecat cupidatat non proident, sunt in culpa qui officia deserunt mollit anim id est laborum.</p>\r\n<p>&nbsp;</p>\r\n<p>Duis aute irure dolor in reprehenderit in voluptate velit esse cillum dolore eu fugiat nulla pariatur. Excepteur sint occaecat cupidatat non proident, sunt in culpa qui officia deserunt mollit anim id est laborum.</p>', 'foto1_1637894358_61a048d61d2d6.png', 'foto2_1637894324_61a048b4796de.png', 'foto3_1637894324_61a048b482d8f.png', 'anexos/foto1_1637894358_61a048d61d2d6.webp', 'anexos/foto2_1637894324_61a048b4796de.webp', 'anexos/foto3_1637894324_61a048b482d8f.webp');

-- --------------------------------------------------------

--
-- Estrutura da tabela `sp_videos`
--

CREATE TABLE `sp_videos` (
  `id` int(11) NOT NULL,
  `vyt` varchar(255) COLLATE latin1_general_ci NOT NULL
) ENGINE=InnoDB DEFAULT CHARSET=latin1 COLLATE=latin1_general_ci;

--
-- Extraindo dados da tabela `sp_videos`
--

INSERT INTO `sp_videos` (`id`, `vyt`) VALUES
(3, 'kSJJEOwJbLA');

-- --------------------------------------------------------

--
-- Estrutura da tabela `sp_virtudes`
--

CREATE TABLE `sp_virtudes` (
  `id` int(11) NOT NULL,
  `nome` varchar(255) NOT NULL,
  `descricao` varchar(2555) NOT NULL
) ENGINE=InnoDB DEFAULT CHARSET=utf8mb4;

--
-- Extraindo dados da tabela `sp_virtudes`
--

INSERT INTO `sp_virtudes` (`id`, `nome`, `descricao`) VALUES
(2, 'Ordem', 'Impor finalidades'),
(3, 'Coragem', 'Impor-se a novos desafios'),
(4, 'Curiosidade', 'Buscar conhecimento'),
(5, 'Amor', 'Estimular a beleza');

--
-- Indexes for dumped tables
--

--
-- Indexes for table `sp_agendamento`
--
ALTER TABLE `sp_agendamento`
  ADD PRIMARY KEY (`id`),
  ADD KEY `agendamento_cliente` (`clienteID`);

--
-- Indexes for table `sp_apoiadores`
--
ALTER TABLE `sp_apoiadores`
  ADD PRIMARY KEY (`id`);

--
-- Indexes for table `sp_areasconhecimento`
--
ALTER TABLE `sp_areasconhecimento`
  ADD PRIMARY KEY (`id`),
  ADD KEY `areas_categoria` (`categoriaID`);

--
-- Indexes for table `sp_banners`
--
ALTER TABLE `sp_banners`
  ADD PRIMARY KEY (`id`);

--
-- Indexes for table `sp_beneficios`
--
ALTER TABLE `sp_beneficios`
  ADD PRIMARY KEY (`id`);

--
-- Indexes for table `sp_blog`
--
ALTER TABLE `sp_blog`
  ADD PRIMARY KEY (`id`),
  ADD UNIQUE KEY `tituloseo` (`tituloseo`);

--
-- Indexes for table `sp_blog_fotos`
--
ALTER TABLE `sp_blog_fotos`
  ADD PRIMARY KEY (`id`),
  ADD KEY `blog_blogfotos` (`id_blog`);

--
-- Indexes for table `sp_blog_tags`
--
ALTER TABLE `sp_blog_tags`
  ADD PRIMARY KEY (`id`);

--
-- Indexes for table `sp_categorias`
--
ALTER TABLE `sp_categorias`
  ADD PRIMARY KEY (`id`);

--
-- Indexes for table `sp_clientes`
--
ALTER TABLE `sp_clientes`
  ADD PRIMARY KEY (`id`);

--
-- Indexes for table `sp_consultores`
--
ALTER TABLE `sp_consultores`
  ADD PRIMARY KEY (`id`);

--
-- Indexes for table `sp_contatos`
--
ALTER TABLE `sp_contatos`
  ADD PRIMARY KEY (`id`);

--
-- Indexes for table `sp_contato_msg`
--
ALTER TABLE `sp_contato_msg`
  ADD PRIMARY KEY (`id`);

--
-- Indexes for table `sp_depoimentos`
--
ALTER TABLE `sp_depoimentos`
  ADD PRIMARY KEY (`id`);

--
-- Indexes for table `sp_empresa`
--
ALTER TABLE `sp_empresa`
  ADD PRIMARY KEY (`id`);

--
-- Indexes for table `sp_etnias`
--
ALTER TABLE `sp_etnias`
  ADD PRIMARY KEY (`id`);

--
-- Indexes for table `sp_galeria`
--
ALTER TABLE `sp_galeria`
  ADD PRIMARY KEY (`id`);

--
-- Indexes for table `sp_gerais`
--
ALTER TABLE `sp_gerais`
  ADD PRIMARY KEY (`id`);

--
-- Indexes for table `sp_horariossematendimentos`
--
ALTER TABLE `sp_horariossematendimentos`
  ADD PRIMARY KEY (`id`);

--
-- Indexes for table `sp_indicadores`
--
ALTER TABLE `sp_indicadores`
  ADD PRIMARY KEY (`id`);

--
-- Indexes for table `sp_instituicoes`
--
ALTER TABLE `sp_instituicoes`
  ADD PRIMARY KEY (`id`);

--
-- Indexes for table `sp_newsletter`
--
ALTER TABLE `sp_newsletter`
  ADD PRIMARY KEY (`id`);

--
-- Indexes for table `sp_oracoes`
--
ALTER TABLE `sp_oracoes`
  ADD PRIMARY KEY (`id`);

--
-- Indexes for table `sp_oracoes_files`
--
ALTER TABLE `sp_oracoes_files`
  ADD PRIMARY KEY (`id`);

--
-- Indexes for table `sp_papeis`
--
ALTER TABLE `sp_papeis`
  ADD PRIMARY KEY (`id`);

--
-- Indexes for table `sp_perguntas`
--
ALTER TABLE `sp_perguntas`
  ADD PRIMARY KEY (`id`);

--
-- Indexes for table `sp_portfolio`
--
ALTER TABLE `sp_portfolio`
  ADD PRIMARY KEY (`id`);

--
-- Indexes for table `sp_portfolio_fotos`
--
ALTER TABLE `sp_portfolio_fotos`
  ADD PRIMARY KEY (`id`);

--
-- Indexes for table `sp_produtos`
--
ALTER TABLE `sp_produtos`
  ADD PRIMARY KEY (`id`);

--
-- Indexes for table `sp_produtos_fotos`
--
ALTER TABLE `sp_produtos_fotos`
  ADD PRIMARY KEY (`id`);

--
-- Indexes for table `sp_resultados`
--
ALTER TABLE `sp_resultados`
  ADD PRIMARY KEY (`id`);

--
-- Indexes for table `sp_servicos`
--
ALTER TABLE `sp_servicos`
  ADD PRIMARY KEY (`id`);

--
-- Indexes for table `sp_servicos_categorias`
--
ALTER TABLE `sp_servicos_categorias`
  ADD PRIMARY KEY (`id`);

--
-- Indexes for table `sp_servicos_fotos`
--
ALTER TABLE `sp_servicos_fotos`
  ADD PRIMARY KEY (`id`);

--
-- Indexes for table `sp_subcategorias`
--
ALTER TABLE `sp_subcategorias`
  ADD PRIMARY KEY (`id`);

--
-- Indexes for table `sp_tags`
--
ALTER TABLE `sp_tags`
  ADD PRIMARY KEY (`id`);

--
-- Indexes for table `sp_time`
--
ALTER TABLE `sp_time`
  ADD PRIMARY KEY (`id`);

--
-- Indexes for table `sp_videos`
--
ALTER TABLE `sp_videos`
  ADD PRIMARY KEY (`id`);

--
-- Indexes for table `sp_virtudes`
--
ALTER TABLE `sp_virtudes`
  ADD PRIMARY KEY (`id`);

--
-- AUTO_INCREMENT for dumped tables
--

--
-- AUTO_INCREMENT for table `sp_agendamento`
--
ALTER TABLE `sp_agendamento`
  MODIFY `id` int(11) NOT NULL AUTO_INCREMENT, AUTO_INCREMENT=38;

--
-- AUTO_INCREMENT for table `sp_apoiadores`
--
ALTER TABLE `sp_apoiadores`
  MODIFY `id` int(11) NOT NULL AUTO_INCREMENT, AUTO_INCREMENT=4;

--
-- AUTO_INCREMENT for table `sp_areasconhecimento`
--
ALTER TABLE `sp_areasconhecimento`
  MODIFY `id` int(11) NOT NULL AUTO_INCREMENT, AUTO_INCREMENT=35;

--
-- AUTO_INCREMENT for table `sp_banners`
--
ALTER TABLE `sp_banners`
  MODIFY `id` int(11) NOT NULL AUTO_INCREMENT, AUTO_INCREMENT=12;

--
-- AUTO_INCREMENT for table `sp_beneficios`
--
ALTER TABLE `sp_beneficios`
  MODIFY `id` int(11) NOT NULL AUTO_INCREMENT, AUTO_INCREMENT=7;

--
-- AUTO_INCREMENT for table `sp_blog`
--
ALTER TABLE `sp_blog`
  MODIFY `id` int(11) NOT NULL AUTO_INCREMENT, AUTO_INCREMENT=39;

--
-- AUTO_INCREMENT for table `sp_blog_fotos`
--
ALTER TABLE `sp_blog_fotos`
  MODIFY `id` int(11) NOT NULL AUTO_INCREMENT, AUTO_INCREMENT=59;

--
-- AUTO_INCREMENT for table `sp_blog_tags`
--
ALTER TABLE `sp_blog_tags`
  MODIFY `id` int(11) NOT NULL AUTO_INCREMENT, AUTO_INCREMENT=28;

--
-- AUTO_INCREMENT for table `sp_categorias`
--
ALTER TABLE `sp_categorias`
  MODIFY `id` int(11) NOT NULL AUTO_INCREMENT, AUTO_INCREMENT=12;

--
-- AUTO_INCREMENT for table `sp_clientes`
--
ALTER TABLE `sp_clientes`
  MODIFY `id` int(11) NOT NULL AUTO_INCREMENT, AUTO_INCREMENT=20;

--
-- AUTO_INCREMENT for table `sp_consultores`
--
ALTER TABLE `sp_consultores`
  MODIFY `id` int(11) NOT NULL AUTO_INCREMENT, AUTO_INCREMENT=6;

--
-- AUTO_INCREMENT for table `sp_contatos`
--
ALTER TABLE `sp_contatos`
  MODIFY `id` int(11) NOT NULL AUTO_INCREMENT, AUTO_INCREMENT=5;

--
-- AUTO_INCREMENT for table `sp_contato_msg`
--
ALTER TABLE `sp_contato_msg`
  MODIFY `id` int(11) NOT NULL AUTO_INCREMENT, AUTO_INCREMENT=7;

--
-- AUTO_INCREMENT for table `sp_depoimentos`
--
ALTER TABLE `sp_depoimentos`
  MODIFY `id` int(11) NOT NULL AUTO_INCREMENT, AUTO_INCREMENT=8;

--
-- AUTO_INCREMENT for table `sp_empresa`
--
ALTER TABLE `sp_empresa`
  MODIFY `id` int(11) NOT NULL AUTO_INCREMENT, AUTO_INCREMENT=54;

--
-- AUTO_INCREMENT for table `sp_etnias`
--
ALTER TABLE `sp_etnias`
  MODIFY `id` int(11) NOT NULL AUTO_INCREMENT, AUTO_INCREMENT=4;

--
-- AUTO_INCREMENT for table `sp_galeria`
--
ALTER TABLE `sp_galeria`
  MODIFY `id` int(11) NOT NULL AUTO_INCREMENT, AUTO_INCREMENT=28;

--
-- AUTO_INCREMENT for table `sp_gerais`
--
ALTER TABLE `sp_gerais`
  MODIFY `id` int(11) NOT NULL AUTO_INCREMENT, AUTO_INCREMENT=19;

--
-- AUTO_INCREMENT for table `sp_horariossematendimentos`
--
ALTER TABLE `sp_horariossematendimentos`
  MODIFY `id` int(11) NOT NULL AUTO_INCREMENT, AUTO_INCREMENT=19;

--
-- AUTO_INCREMENT for table `sp_indicadores`
--
ALTER TABLE `sp_indicadores`
  MODIFY `id` int(11) NOT NULL AUTO_INCREMENT, AUTO_INCREMENT=5;

--
-- AUTO_INCREMENT for table `sp_instituicoes`
--
ALTER TABLE `sp_instituicoes`
  MODIFY `id` int(11) NOT NULL AUTO_INCREMENT, AUTO_INCREMENT=5;

--
-- AUTO_INCREMENT for table `sp_newsletter`
--
ALTER TABLE `sp_newsletter`
  MODIFY `id` int(11) NOT NULL AUTO_INCREMENT;

--
-- AUTO_INCREMENT for table `sp_oracoes`
--
ALTER TABLE `sp_oracoes`
  MODIFY `id` int(11) NOT NULL AUTO_INCREMENT, AUTO_INCREMENT=4;

--
-- AUTO_INCREMENT for table `sp_oracoes_files`
--
ALTER TABLE `sp_oracoes_files`
  MODIFY `id` int(11) NOT NULL AUTO_INCREMENT, AUTO_INCREMENT=5;

--
-- AUTO_INCREMENT for table `sp_papeis`
--
ALTER TABLE `sp_papeis`
  MODIFY `id` int(11) NOT NULL AUTO_INCREMENT, AUTO_INCREMENT=3;

--
-- AUTO_INCREMENT for table `sp_perguntas`
--
ALTER TABLE `sp_perguntas`
  MODIFY `id` int(11) NOT NULL AUTO_INCREMENT, AUTO_INCREMENT=8;

--
-- AUTO_INCREMENT for table `sp_portfolio`
--
ALTER TABLE `sp_portfolio`
  MODIFY `id` int(11) NOT NULL AUTO_INCREMENT, AUTO_INCREMENT=73;

--
-- AUTO_INCREMENT for table `sp_portfolio_fotos`
--
ALTER TABLE `sp_portfolio_fotos`
  MODIFY `id` int(11) NOT NULL AUTO_INCREMENT, AUTO_INCREMENT=10;

--
-- AUTO_INCREMENT for table `sp_produtos`
--
ALTER TABLE `sp_produtos`
  MODIFY `id` int(11) NOT NULL AUTO_INCREMENT, AUTO_INCREMENT=7;

--
-- AUTO_INCREMENT for table `sp_produtos_fotos`
--
ALTER TABLE `sp_produtos_fotos`
  MODIFY `id` int(11) NOT NULL AUTO_INCREMENT, AUTO_INCREMENT=5;

--
-- AUTO_INCREMENT for table `sp_resultados`
--
ALTER TABLE `sp_resultados`
  MODIFY `id` int(11) NOT NULL AUTO_INCREMENT, AUTO_INCREMENT=8;

--
-- AUTO_INCREMENT for table `sp_servicos`
--
ALTER TABLE `sp_servicos`
  MODIFY `id` int(11) NOT NULL AUTO_INCREMENT, AUTO_INCREMENT=37;

--
-- AUTO_INCREMENT for table `sp_servicos_categorias`
--
ALTER TABLE `sp_servicos_categorias`
  MODIFY `id` int(11) NOT NULL AUTO_INCREMENT, AUTO_INCREMENT=3;

--
-- AUTO_INCREMENT for table `sp_servicos_fotos`
--
ALTER TABLE `sp_servicos_fotos`
  MODIFY `id` int(11) NOT NULL AUTO_INCREMENT, AUTO_INCREMENT=26;

--
-- AUTO_INCREMENT for table `sp_subcategorias`
--
ALTER TABLE `sp_subcategorias`
  MODIFY `id` int(11) NOT NULL AUTO_INCREMENT, AUTO_INCREMENT=6;

--
-- AUTO_INCREMENT for table `sp_tags`
--
ALTER TABLE `sp_tags`
  MODIFY `id` int(11) NOT NULL AUTO_INCREMENT, AUTO_INCREMENT=19;

--
-- AUTO_INCREMENT for table `sp_time`
--
ALTER TABLE `sp_time`
  MODIFY `id` int(11) NOT NULL AUTO_INCREMENT, AUTO_INCREMENT=11;

--
-- AUTO_INCREMENT for table `sp_videos`
--
ALTER TABLE `sp_videos`
  MODIFY `id` int(11) NOT NULL AUTO_INCREMENT, AUTO_INCREMENT=4;

--
-- AUTO_INCREMENT for table `sp_virtudes`
--
ALTER TABLE `sp_virtudes`
  MODIFY `id` int(11) NOT NULL AUTO_INCREMENT, AUTO_INCREMENT=6;

--
-- Constraints for dumped tables
--

--
-- Limitadores para a tabela `sp_agendamento`
--
ALTER TABLE `sp_agendamento`
  ADD CONSTRAINT `agendamento_cliente` FOREIGN KEY (`clienteID`) REFERENCES `sp_clientes` (`id`) ON DELETE CASCADE ON UPDATE CASCADE;

--
-- Limitadores para a tabela `sp_areasconhecimento`
--
ALTER TABLE `sp_areasconhecimento`
  ADD CONSTRAINT `areas_categoria` FOREIGN KEY (`categoriaID`) REFERENCES `sp_categorias` (`id`) ON DELETE CASCADE ON UPDATE CASCADE;

--
-- Limitadores para a tabela `sp_blog_fotos`
--
ALTER TABLE `sp_blog_fotos`
  ADD CONSTRAINT `blog_blogfotos` FOREIGN KEY (`id_blog`) REFERENCES `sp_blog` (`id`) ON DELETE CASCADE ON UPDATE CASCADE;
COMMIT;

