-- https://www.phpmyadmin.net/
--
-- Versão do servidor: 5.7.32-35-log

START TRANSACTION;



--
-- Database: `insource_leme`
--

-- --------------------------------------------------------

--
-- Estrutura da tabela `sp_agendamento`
--

CREATE TABLE `sp_agendamento` (
  `id` int(11) NOT NULL,
  `clienteID` int(11) NOT NULL,
  `dataagendamento` date NOT NULL,
  `horarioinicial` varchar(5) NOT NULL,
  `horariofinal` varchar(5) NOT NULL,
  `statusagendamento` varchar(255) NOT NULL,
  `motivostatus` text NOT NULL
) ENGINE=InnoDB DEFAULT CHARSET=utf8mb4;

--
-- Extraindo dados da tabela `sp_agendamento`
--

INSERT INTO `sp_agendamento` (`id`, `clienteID`, `dataagendamento`, `horarioinicial`, `horariofinal`, `statusagendamento`, `motivostatus`) VALUES
(30, 9, '2022-01-20', '07:00', '07:15', 'Concluído', ''),
(31, 9, '2022-01-21', '08:15', '08:30', 'Concluído', ''),
(34, 9, '2022-03-04', '07:15', '07:30', 'Cancelado', ''),
(36, 9, '2022-03-28', '21:45', '22:45', 'Pendente', 'Eu quero cancelar'),
(38, 9, '2022-04-01', '08:00', '10:30', 'Pendente', ''),
(39, 9, '2022-04-01', '13:30', '16:00', 'Pendente', 'asasdasd'),
(40, 9, '2022-04-07', '08:00', '09:00', 'Concluído', ''),
(41, 10, '2022-04-07', '09:00', '09:30', 'Pendente', ''),
(42, 11, '2022-04-07', '10:00', '11:00', 'Pendente', ''),
(43, 9, '2022-04-28', '08:00', '08:45', 'Cancelado', 'quero cancelar'),
(44, 9, '2022-04-09', '09:00', '09:30', 'Pendente', 'mais cedo'),
(45, 14, '2022-04-18', '16:30', '17:00', 'Pendente', ''),
(47, 17, '2022-04-20', '08:00', '08:30', 'Concluído', 'Mais cedo'),
(48, 17, '2022-04-21', '05:30', '15:30', 'Reagendado', 'asdasd'),
(49, 18, '2022-04-27', '09:30', '11:00', 'Concluído', 'mudei'),
(50, 19, '2022-04-28', '09:30', '10:15', 'Pendente', ''),
(51, 19, '2022-04-29', '10:00', '10:30', 'Pendente', ''),
(52, 19, '2022-05-13', '15:00', '15:45', 'Pendente', ''),
(53, 19, '2022-05-13', '15:30', '16:00', 'Pendente', ''),
(54, 19, '2022-05-13', '16:30', '17:30', 'Pendente', ''),
(55, 19, '2022-05-07', '08:00', '08:45', 'Pendente', ''),
(56, 19, '2022-05-07', '09:00', '10:00', 'Pendente', ''),
(57, 19, '2022-05-10', '09:00', '09:30', 'Pendente', ''),
(58, 19, '2022-05-25', '08:00', '08:45', 'Pendente', ''),
(59, 19, '2022-05-11', '17:00', '17:30', 'Pendente', ''),
(60, 9, '2022-05-16', '08:00', '11:00', 'Pendente', ''),
(61, 9, '2022-05-16', '14:00', '14:30', 'Pendente', ''),
(62, 9, '2022-05-30', '08:15', '10:15', 'Pendente', ''),
(63, 9, '2022-06-03', '14:30', '15:45', 'Pendente', ''),
(64, 9, '2022-06-03', '08:15', '08:45', 'Pendente', ''),
(65, 9, '2022-06-03', '10:45', '11:45', 'Pendente', ''),
(66, 9, '2022-06-04', '09:00', '11:45', 'Pendente', ''),
(67, 9, '2022-06-07', '10:00', '10:45', 'Pendente', ''),
(68, 9, '2022-06-10', '09:15', '09:30', 'Pendente', ''),
(69, 20, '2022-06-20', '13:30', '13:45', 'Cancelado', 'asdasd');

-- --------------------------------------------------------

--
-- Estrutura da tabela `sp_agendamento_emails`
--

CREATE TABLE `sp_agendamento_emails` (
  `id` int(11) NOT NULL,
  `agendamentoID` int(11) NOT NULL,
  `dataenvio` datetime NOT NULL,
  `enviado` int(11) NOT NULL
) ENGINE=InnoDB DEFAULT CHARSET=utf8mb4;

-- --------------------------------------------------------

--
-- Estrutura da tabela `sp_agendamento_servico`
--

CREATE TABLE `sp_agendamento_servico` (
  `id` int(11) NOT NULL,
  `servicoID` int(11) NOT NULL,
  `agendamentoID` int(11) NOT NULL
) ENGINE=InnoDB DEFAULT CHARSET=utf8mb4;

--
-- Extraindo dados da tabela `sp_agendamento_servico`
--

INSERT INTO `sp_agendamento_servico` (`id`, `servicoID`, `agendamentoID`) VALUES
(1, 41, 31),
(2, 41, 30),
(3, 41, 34),
(4, 43, 36),
(5, 37, 34),
(6, 37, 36),
(7, 38, 36),
(8, 39, 36),
(9, 37, 37),
(10, 39, 37),
(11, 38, 38),
(12, 41, 38),
(13, 37, 38),
(14, 39, 38),
(15, 40, 39),
(16, 46, 39),
(17, 37, 40),
(18, 38, 40),
(19, 44, 41),
(20, 37, 42),
(21, 38, 42),
(22, 37, 43),
(23, 44, 43),
(24, 44, 44),
(25, 37, 45),
(26, 37, 46),
(27, 40, 46),
(28, 37, 47),
(29, 40, 48),
(30, 37, 49),
(31, 39, 49),
(32, 38, 50),
(33, 42, 50),
(34, 37, 51),
(35, 38, 52),
(36, 45, 52),
(37, 37, 53),
(38, 39, 54),
(39, 42, 55),
(40, 44, 55),
(41, 43, 56),
(42, 46, 56),
(43, 42, 57),
(44, 38, 58),
(45, 41, 58),
(46, 38, 59),
(47, 40, 60),
(48, 47, 60),
(49, 37, 61),
(50, 40, 62),
(51, 43, 63),
(52, 47, 63),
(53, 43, 64),
(54, 44, 64),
(55, 47, 65),
(56, 37, 66),
(57, 40, 66),
(58, 43, 66),
(59, 43, 67),
(60, 46, 67),
(61, 43, 68),
(62, 47, 69);

-- --------------------------------------------------------

--
-- Estrutura da tabela `sp_apoiadores`
--

CREATE TABLE `sp_apoiadores` (
  `id` int(11) NOT NULL,
  `titulo` varchar(255) NOT NULL,
  `foto` varchar(255) NOT NULL,
  `link` varchar(255) NOT NULL,
  `descricao` text NOT NULL
) ENGINE=InnoDB DEFAULT CHARSET=utf8mb4;

--
-- Extraindo dados da tabela `sp_apoiadores`
--

INSERT INTO `sp_apoiadores` (`id`, `titulo`, `foto`, `link`, `descricao`) VALUES
(1, 'INSOURCE TECNOLOGIA', 'servico_1633388862615b893ea3515.png', 'https://insource.com.br/', '<p>Lorem ipsum dolor sit amet, consectetur adipisicing elit, sed do eiusmod tempor incididunt ut labore et dolore&nbsp;</p>'),
(3, 'ihgo', 'servico_1633389215615b8a9f39f0d.png', 'https://ihgo.org.br/', '<p>Lorem ipsum dolor sit amet, consectetur adipisicing elit, sed do eiusmod tempor incididunt ut labore et dolore&nbsp;</p>');

-- --------------------------------------------------------

--
-- Estrutura da tabela `sp_areasconhecimento`
--

CREATE TABLE `sp_areasconhecimento` (
  `id` int(11) NOT NULL,
  `titulo` varchar(255) NOT NULL,
  `descricao` text NOT NULL,
  `categoriaID` int(11) NOT NULL
) ENGINE=InnoDB DEFAULT CHARSET=utf8mb4;

--
-- Extraindo dados da tabela `sp_areasconhecimento`
--

INSERT INTO `sp_areasconhecimento` (`id`, `titulo`, `descricao`, `categoriaID`) VALUES
(11, 'Briefing Inicial', '<p>Conversa inicial com o coordenador geral e/ou l&iacute;der do setor, para verificar a cultura da empresa, o perfil do candidato, perfil da vaga, defini&ccedil;&atilde;o das datas e acordos.Conversa inicial com o coordenador geral e/ou l&iacute;der do setor, para verificar a cultura da empresa, o perfil do candidato, perfil da vaga, defini&ccedil;&atilde;o das datas e acordos.</p>', 8),
(24, 'Definição do Perfil Ideal', '<p>Constru&ccedil;&atilde;o do perfil ideal para a vaga, tanto em n&iacute;vel t&eacute;cnico, quanto comportamental.</p>', 8),
(25, 'Divulgação nos Canais Adequados', '<p>Sele&ccedil;&atilde;o dos melhores canais segundo a geografia, exig&ecirc;ncia, especialidade e demanda segunda a vaga e a empresa contratante.</p>', 8),
(26, 'Avaliação Comportamental e Ambiental', '<p>Cria&ccedil;&atilde;o do mapa comportamental do funcion&aacute;rio, verificando seus aspectos positivos, desafios pessoais e formas de lidar com o ambiente profissional.</p>', 9),
(27, 'Pesquisa de Desempenho', '<p>Pesquisa estruturada para avaliar o desempenho do funcion&aacute;rio, com indicadores chaves para avalia&ccedil;&otilde;es da fun&ccedil;&atilde;o e do comportamento.</p>', 9),
(28, 'Planejamento de Cargos e Salários', '<p>Cria&ccedil;&atilde;o do plano de cargos e sal&aacute;rios da empresa, estruturando um plano de evolu&ccedil;&atilde;o do funcion&aacute;rio para sua perman&ecirc;ncia e constru&ccedil;&atilde;o de carreira.</p>', 9),
(29, 'Identidade Organizacional', '<p>Cria&ccedil;&atilde;o e desenvolvimento da identidade da empresa, internamente e externamente, percebendo os valores internos e como isso &eacute; aplicado, demonstrado e vivenciado pela empresa.</p>', 10),
(30, 'Endomarketing', '<p>Planejamento e Estrutura&ccedil;&atilde;o do Endomarketing, percebendo a cultura da empresa, seus canais de comunica&ccedil;&atilde;o e tamb&eacute;m a forma como se relaciona internamente.</p>', 10),
(31, 'Employer Branding', '<p>Cria&ccedil;&atilde;o da marca empregadora refer&ecirc;ncia de mercado, estruturando a sua forma de comunica&ccedil;&atilde;o interna e externa no mercado e com seu p&uacute;blico.</p>', 10),
(32, 'Ética e Etiqueta Empresarial', '', 11),
(33, 'Inteligência e Controle Emocional', '', 11),
(34, 'Liderança Positiva: Coragem, Justiça, Temperança e Sabedoria', '', 11);

-- --------------------------------------------------------

--
-- Estrutura da tabela `sp_banners`
--

CREATE TABLE `sp_banners` (
  `id` int(11) NOT NULL,
  `data_cadastro` datetime NOT NULL,
  `link` varchar(255) NOT NULL,
  `foto` varchar(255) NOT NULL,
  `descricao` varchar(255) NOT NULL,
  `titulo` varchar(255) NOT NULL,
  `fotowebp` varchar(255) NOT NULL
) ENGINE=InnoDB DEFAULT CHARSET=latin1;

--
-- Extraindo dados da tabela `sp_banners`
--

INSERT INTO `sp_banners` (`id`, `data_cadastro`, `link`, `foto`, `descricao`, `titulo`, `fotowebp`) VALUES
(29, '2022-10-19 18:53:49', '', 'banners__1666216429_ea5091e12e855d2b569c27b41cd3a7e2.png', '', 'Há 12 anos transformando ambientes', 'anexos/banners__1666216429_ea5091e12e855d2b569c27b41cd3a7e2.webp'),
(30, '2022-10-19 18:55:00', '', 'banners__1666216500_8009e8d96ac245a6562f5138118e3920.png', '', 'Há 12 anos transformando ambientes', 'anexos/banners__1666216500_8009e8d96ac245a6562f5138118e3920.webp');

-- --------------------------------------------------------

--
-- Estrutura da tabela `sp_beneficios`
--

CREATE TABLE `sp_beneficios` (
  `id` int(11) NOT NULL,
  `titulo` varchar(255) NOT NULL,
  `descricao` varchar(255) NOT NULL,
  `foto` varchar(255) NOT NULL
) ENGINE=InnoDB DEFAULT CHARSET=latin1;

--
-- Extraindo dados da tabela `sp_beneficios`
--

INSERT INTO `sp_beneficios` (`id`, `titulo`, `descricao`, `foto`) VALUES
(4, 'Exclusividade', 'O San Simone é um privilégio criado para um número limitado de famílias\r\n\r\n', 'beneficios__1567128809_.webp'),
(5, 'Segurança', 'Vigilância e monitoramento 24 horas, para que sua família tenha privacidade e tranquilidade, Sempre.\r\n\r\n', 'beneficios__1567128822_.webp'),
(6, 'Localização', 'Ir e vir para casa nunca foi tão fácil. Almoce com a família todos os dias, sem precisar sair 10 minutos mais cedo ou se atrasar\r\n', 'beneficios__1567128838_.webp');

-- --------------------------------------------------------

--
-- Estrutura da tabela `sp_blog`
--

CREATE TABLE `sp_blog` (
  `id` int(11) NOT NULL,
  `titulo` varchar(255) NOT NULL,
  `descricaoinicial` varchar(255) NOT NULL,
  `descricao` text CHARACTER SET utf8 NOT NULL,
  `data_cadastro` datetime NOT NULL,
  `video` varchar(255) NOT NULL,
  `tituloseo` varchar(1234) NOT NULL
) ENGINE=InnoDB DEFAULT CHARSET=latin1;

--
-- Extraindo dados da tabela `sp_blog`
--

INSERT INTO `sp_blog` (`id`, `titulo`, `descricaoinicial`, `descricao`, `data_cadastro`, `video`, `tituloseo`) VALUES
(35, 'Lorem ipsum dolor sit amet, consectetur adipisicing elit', '', '<p>Lorem ipsum dolor sit amet, consectetur adipisicing elit, sed do eiusmod<br /> tempor incididunt ut labore et dolore magna aliqua. Ut enim ad minim veniam,<br /> quis nostrud exercitation ullamco laboris nisi ut aliquip ex ea commodo<br /> consequat. Duis aute irure dolor in reprehenderit in voluptate velit esse<br /> cillum dolore eu fugiat nulla pariatur. Excepteur sint occaecat cupidatat non<br /> proident, sunt in culpa qui officia deserunt mollit anim id est laborum.</p>\r\n<p>&nbsp;</p>\r\n<p>Lorem ipsum dolor sit amet, consectetur adipisicing elit, sed do eiusmod<br /> tempor incididunt ut labore et dolore magna aliqua. Ut enim ad minim veniam,<br /> quis nostrud exercitation ullamco laboris nisi ut aliquip ex ea commodo<br /> consequat. Duis aute irure dolor in reprehenderit in voluptate velit esse<br /> cillum dolore eu fugiat nulla pariatur. Excepteur sint occaecat cupidatat non<br /> proident, sunt in culpa qui officia deserunt mollit anim id est laborum.</p>', '2021-04-12 23:23:40', '', 'lorem-ipsum-dolor-sit-amet-consectetur-adipisicing-elit'),
(38, 'Duis aute irure dolor in reprehenderit in voluptate ', '', '<p>Lorem ipsum dolor sit amet, consectetur adipisicing elit, sed do eiusmod<br />tempor incididunt ut labore et dolore magna aliqua. Ut enim ad minim veniam,<br />quis nostrud exercitation ullamco laboris nisi ut aliquip ex ea commodo<br />consequat. Duis aute irure dolor in reprehenderit in voluptate velit esse<br />cillum dolore eu fugiat nulla pariatur. Excepteur sint occaecat cupidatat non<br />proident, sunt in culpa qui officia deserunt mollit anim id est laborum.</p>\r\n<p>&nbsp;</p>\r\n<p>Lorem ipsum dolor sit amet, consectetur adipisicing elit, sed do eiusmod<br />tempor incididunt ut labore et dolore magna aliqua. Ut enim ad minim veniam,<br />quis nostrud exercitation ullamco laboris nisi ut aliquip ex ea commodo<br />consequat. Duis aute irure dolor in reprehenderit in voluptate velit esse<br />cillum dolore eu fugiat nulla pariatur. Excepteur sint occaecat cupidatat non<br />proident, sunt in culpa qui officia deserunt mollit anim id est laborum.</p>', '2022-04-05 23:26:36', '', 'duis-aute-irure-dolor-in-reprehenderit-in-voluptate-'),
(39, ' labore et dolore magna aliqua', '', '<p>Lorem ipsum dolor sit amet, consectetur adipisicing elit, sed do eiusmod tempor incididunt ut labore et dolore magna aliqua. Ut enim ad minim veniam, quis nostrud exercitation ullamco laboris nisi ut aliquip ex ea commodo consequat. Duis aute irure dolor in reprehenderit in voluptate velit esse cillum dolore eu fugiat nulla pariatur. Excepteur sint occaecat cupidatat non proident, sunt in culpa qui officia deserunt mollit anim id est laborum. Lorem ipsum dolor sit amet, consectetur adipisicing elit, sed do eiusmod tempor incididunt ut labore et dolore magna aliqua. Ut enim ad minim veniam, quis nostrud exercitation ullamco laboris nisi ut aliquip ex ea commodo consequat. Duis aute irure dolor in reprehenderit in voluptate velit esse cillum dolore eu fugiat nulla pariatur. Excepteur sint occaecat cupidatat non proident, sunt in culpa qui officia deserunt mollit anim id est laborum.</p>\r\n<p>Lorem ipsum dolor sit amet, consectetur adipisicing elit, sed do eiusmod tempor incididunt ut labore et dolore magna aliqua. Ut enim ad minim veniam, quis nostrud exercitation ullamco laboris nisi ut aliquip ex ea commodo consequat. Duis aute irure dolor in reprehenderit in voluptate velit esse cillum dolore eu fugiat nulla pariatur. Excepteur sint occaecat cupidatat non proident, sunt in culpa qui officia deserunt mollit anim id est laborum. Lorem ipsum dolor sit amet, consectetur adipisicing elit, sed do eiusmod tempor incididunt ut labore et dolore magna aliqua. Ut enim ad minim veniam, quis nostrud exercitation ullamco laboris nisi ut aliquip ex ea commodo consequat. Duis aute irure dolor in reprehenderit in voluptate velit esse cillum dolore eu fugiat nulla pariatur. Excepteur sint occaecat cupidatat non proident, sunt in culpa qui officia deserunt mollit anim id est laborum.</p>\r\n<p>Lorem ipsum dolor sit amet, consectetur adipisicing elit, sed do eiusmod tempor incididunt ut labore et dolore magna aliqua. Ut enim ad minim veniam, quis nostrud exercitation ullamco laboris nisi ut aliquip ex ea commodo consequat. Duis aute irure dolor in reprehenderit in voluptate velit esse cillum dolore eu fugiat nulla pariatur. Excepteur sint occaecat cupidatat non proident, sunt in culpa qui officia deserunt mollit anim id est laborum. Lorem ipsum dolor sit amet, consectetur adipisicing elit, sed do eiusmod tempor incididunt ut labore et dolore magna aliqua. Ut enim ad minim veniam, quis nostrud exercitation ullamco laboris nisi ut aliquip ex ea commodo consequat. Duis aute irure dolor in reprehenderit in voluptate velit esse cillum dolore eu fugiat nulla pariatur. Excepteur sint occaecat cupidatat non proident, sunt in culpa qui officia deserunt mollit anim id est laborum.</p>', '2022-08-27 23:27:33', '', '-labore-et-dolore-magna-aliqua');

-- --------------------------------------------------------

--
-- Estrutura da tabela `sp_blog_fotos`
--

CREATE TABLE `sp_blog_fotos` (
  `id` int(11) NOT NULL,
  `id_blog` int(11) NOT NULL,
  `foto` varchar(255) NOT NULL,
  `capa` tinyint(4) NOT NULL,
  `fotowebp` varchar(255) NOT NULL
) ENGINE=InnoDB DEFAULT CHARSET=latin1;

--
-- Extraindo dados da tabela `sp_blog_fotos`
--

INSERT INTO `sp_blog_fotos` (`id`, `id_blog`, `foto`, `capa`, `fotowebp`) VALUES
(63, 35, 'blog_35_1661653420_202208272323401566012544.jpg', 0, 'blog/blog_35_1661653420_202208272323401566012544.webp'),
(64, 38, 'blog_38_1661653444_202208272324041266213146.jpg', 0, 'blog/blog_38_1661653444_202208272324041266213146.webp'),
(65, 39, 'blog__1661653641_71bfdeb5a8bb6af1c4587108c45d88c9.jpg', 0, 'blog/blog__1661653641_71bfdeb5a8bb6af1c4587108c45d88c9.webp');

-- --------------------------------------------------------

--
-- Estrutura da tabela `sp_blog_tags`
--

CREATE TABLE `sp_blog_tags` (
  `id` int(11) NOT NULL,
  `id_blog` int(11) NOT NULL,
  `id_tag` int(11) NOT NULL
) ENGINE=InnoDB DEFAULT CHARSET=latin1;

--
-- Extraindo dados da tabela `sp_blog_tags`
--

INSERT INTO `sp_blog_tags` (`id`, `id_blog`, `id_tag`) VALUES
(8, 50, 2),
(10, 50, 4),
(12, 31, 0),
(13, 50, 5),
(14, 50, 6),
(16, 50, 7),
(17, 40, 8),
(18, 40, 9),
(19, 46, 10),
(20, 46, 11),
(21, 46, 12),
(22, 46, 13),
(23, 35, 10),
(24, 35, 14),
(25, 35, 15),
(26, 35, 16),
(27, 35, 17),
(28, 38, 10),
(29, 38, 7);

-- --------------------------------------------------------

--
-- Estrutura da tabela `sp_caixa`
--

CREATE TABLE `sp_caixa` (
  `id` int(11) NOT NULL,
  `datacadastro` date NOT NULL,
  `valorpago` double NOT NULL,
  `descricao` text NOT NULL,
  `tipo` varchar(25) NOT NULL
) ENGINE=InnoDB DEFAULT CHARSET=utf8mb4;

--
-- Extraindo dados da tabela `sp_caixa`
--

INSERT INTO `sp_caixa` (`id`, `datacadastro`, `valorpago`, `descricao`, `tipo`) VALUES
(2, '2022-04-15', 55, 'sad13132', 'Entrada'),
(3, '2022-04-14', 150, 'teste 1', 'Entrada'),
(4, '2022-04-14', 100, 'teste 2 sa', 'Saída'),
(5, '2022-04-25', 150, 'maquiagem fulana', 'Entrada');

-- --------------------------------------------------------

--
-- Estrutura da tabela `sp_categorias`
--

CREATE TABLE `sp_categorias` (
  `id` int(11) NOT NULL,
  `nome` varchar(255) NOT NULL,
  `destaque` tinyint(4) NOT NULL,
  `foto` varchar(255) NOT NULL,
  `descricao` text NOT NULL
) ENGINE=InnoDB DEFAULT CHARSET=utf8;

--
-- Extraindo dados da tabela `sp_categorias`
--

INSERT INTO `sp_categorias` (`id`, `nome`, `destaque`, `foto`, `descricao`) VALUES
(8, 'RECRUTAMENTO E SELEÇÃO', 0, '', 'Lorem ipsum dolor sit amet, consectetur adipisicing elit, sed do eiusmod tempor incididunt ut labore et dolore magna aliqua.'),
(9, 'DESENVOLVIMENTO DE EQUIPES', 0, '', 'Lorem ipsum dolor sit amet, consectetur adipisicing elit, sed do eiusmod tempor incididunt ut labore et dolore magna aliqua.'),
(10, 'PLANEJAMENTO ORGANIZACIONAL', 0, '', 'Lorem ipsum dolor sit amet, consectetur adipisicing elit, sed do eiusmod tempor incididunt ut labore et dolore magna aliqua.'),
(11, 'TREINAMENTOS EMPRESARIAIS', 0, '', 'Lorem ipsum dolor sit amet, consectetur adipisicing elit, sed do eiusmod tempor incididunt ut labore et dolore magna aliqua.');

-- --------------------------------------------------------

--
-- Estrutura da tabela `sp_consultores`
--

CREATE TABLE `sp_consultores` (
  `id` int(11) NOT NULL,
  `nome` varchar(255) NOT NULL,
  `descricao` text NOT NULL,
  `foto1` varchar(255) NOT NULL,
  `foto2` varchar(255) NOT NULL,
  `foto3` varchar(255) NOT NULL,
  `fotowebp1` varchar(255) NOT NULL,
  `fotowebp2` varchar(255) NOT NULL,
  `fotowebp3` varchar(255) NOT NULL
) ENGINE=InnoDB DEFAULT CHARSET=utf8mb4;

--
-- Extraindo dados da tabela `sp_consultores`
--

INSERT INTO `sp_consultores` (`id`, `nome`, `descricao`, `foto1`, `foto2`, `foto3`, `fotowebp1`, `fotowebp2`, `fotowebp3`) VALUES
(4, 'Júlio Domingos', '<p>J&uacute;lio Domingos &eacute; empres&aacute;rio, consultor de Empresas, especialista em Gest&atilde;o Estrat&eacute;gica e Palestrante especialista em Auto Lideran&ccedil;a. Possui forma&ccedil;&atilde;o avan&ccedil;ada em consultoria empresarial pela FGV. &Eacute; membro da C&acirc;mara de Administra&ccedil;&atilde;o Privada do CRA/SC. &Eacute; Apresentador de Televis&atilde;o na Primer TV, atrav&eacute;s do programa Show da Tarde e tamb&eacute;m apresenta o programa filos&oacute;fico Conversa Afora, da emissora Web TV Play. J&uacute;lio possui experi&ecirc;ncia de 11 anos em gest&atilde;o e j&aacute; atuou como executivo de empresas dos ramos de advocacia e tecnologia.</p>', 'foto1_1633895662_616344ee7740d.jpg', 'foto1_1633895662_616344ee99f11.jpg', 'foto1_1633895662_616344eea887f.jpg', 'anexos/foto1_1633895662_616344ee7740d.webp', 'anexos/foto1_1633895662_616344ee99f11.webp', 'anexos/foto1_1633895662_616344eea887f.webp'),
(5, 'Aron S Selhorst', 'Lorem ipsum dolor sit amet, consectetur adipisicing elit, sed do eiusmod\r\ntempor incididunt ut labore et dolore magna aliqua. Ut enim ad minim veniam,\r\nquis nostrud exercitation ullamco laboris nisi ut aliquip ex ea commodo\r\nconsequat. Duis aute irure dolor in reprehenderit in voluptate velit esse\r\ncillum dolore eu fugiat nulla pariatur. Excepteur sint occaecat cupidatat non\r\nproident, sunt in culpa qui officia deserunt mollit anim id est laborum.a', 'servico_16342605226168d62a2bfcc.png', 'servico_16342605226168d62a9541a.jpg', 'servico5_16342607976168d73da7da4.jpg', 'anexos/servico_16342605226168d62a2bfcc.webp', 'anexos/servico_16342605226168d62a9541a.webp', 'anexos/servico5_16342607976168d73da7da4.webp');

-- --------------------------------------------------------

--
-- Estrutura da tabela `sp_contatos`
--

CREATE TABLE `sp_contatos` (
  `id` int(11) NOT NULL,
  `titulo` varchar(255) NOT NULL,
  `arquivo` varchar(255) NOT NULL,
  `email` varchar(255) NOT NULL,
  `nomecompleto` varchar(255) NOT NULL,
  `telefone` varchar(25) NOT NULL
) ENGINE=InnoDB DEFAULT CHARSET=latin1;

--
-- Extraindo dados da tabela `sp_contatos`
--

INSERT INTO `sp_contatos` (`id`, `titulo`, `arquivo`, `email`, `nomecompleto`, `telefone`) VALUES
(1, '', '', 'aronscapinello@gmail.com', 'Aron Scapinello Selhorst', '409919293'),
(2, '', '', 'antonivanov1993802wou@bk.ru', 'Davidamads', '88945735174'),
(3, '', '', 'quinnp231@gmail.com', 'YjBkachpSevbJZf', '5381237970'),
(4, '', '', 'samuelwilcox3801@gmail.com', 'leOhxvUnDsJrp', '9414168473');

-- --------------------------------------------------------

--
-- Estrutura da tabela `sp_contato_msg`
--

CREATE TABLE `sp_contato_msg` (
  `id` int(11) NOT NULL,
  `contatoID` int(11) NOT NULL,
  `mensagem` text NOT NULL,
  `datacadastro` datetime NOT NULL
) ENGINE=InnoDB DEFAULT CHARSET=utf8mb4;

-- --------------------------------------------------------

--
-- Estrutura da tabela `sp_depoimentos`
--

CREATE TABLE `sp_depoimentos` (
  `id` int(11) NOT NULL,
  `titulo` varchar(255) NOT NULL,
  `foto` varchar(255) NOT NULL,
  `data_cadastro` datetime NOT NULL,
  `facebook` varchar(255) NOT NULL,
  `instagram` varchar(255) NOT NULL,
  `linkedin` varchar(255) NOT NULL,
  `email` varchar(255) NOT NULL,
  `descricao` varchar(1000) NOT NULL,
  `empresa` varchar(255) NOT NULL
) ENGINE=InnoDB DEFAULT CHARSET=latin1;

--
-- Extraindo dados da tabela `sp_depoimentos`
--

INSERT INTO `sp_depoimentos` (`id`, `titulo`, `foto`, `data_cadastro`, `facebook`, `instagram`, `linkedin`, `email`, `descricao`, `empresa`) VALUES
(1, 'João da Silva', 'servico1_1661735540630c127417088.png', '2019-08-21 07:00:00', '', '', '', '', 'Lorem ipsum dolor sit amet, consectetur adipisicing elit, sed do eiusmod empor incididunt ut labore et dolore magna aliqua. Ut enim ad minim veniam, quis nostrud exercitation ullamco laboris nisi ut aliquip ex ea commodo consequat. ', ''),
(7, 'Renato Luiz', 'servico_1661735581630c129de3b81.png', '0000-00-00 00:00:00', '', '', '', '', 'Lorem ipsum dolor sit amet, consectetur adipisicing elit, sed do eiusmod empor incididunt ut labore et dolore magna aliqua. Ut enim ad minim veniam, quis nostrud exercitation ullamco laboris nisi ut aliquip ex ea commodo consequat. Duis aute irure dolor in reprehenderit in voluptate velit esse cillum dolore eu fugiat nulla pariatur. Excepteur sint occaecat cupidatat non proident, sunt in culpa qui officia deserunt mollit anim id est laborum.', '');

-- --------------------------------------------------------

--
-- Estrutura da tabela `sp_empresa`
--

CREATE TABLE `sp_empresa` (
  `id` int(11) NOT NULL,
  `titulo` varchar(255) NOT NULL,
  `googleAnalytics` text NOT NULL,
  `sobre` text NOT NULL,
  `sobreinicial` text NOT NULL,
  `fotosobre` varchar(255) NOT NULL,
  `fotowebp` varchar(255) NOT NULL,
  `video` varchar(255) NOT NULL,
  `missao` text NOT NULL,
  `visao` text NOT NULL,
  `valores` text NOT NULL
) ENGINE=InnoDB DEFAULT CHARSET=latin1;

--
-- Extraindo dados da tabela `sp_empresa`
--

INSERT INTO `sp_empresa` (`id`, `titulo`, `googleAnalytics`, `sobre`, `sobreinicial`, `fotosobre`, `fotowebp`, `video`, `missao`, `visao`, `valores`) VALUES
(68, 'Sobre a Leme Serviços', '', '', '<p>A Leme Servi&ccedil;os &eacute; uma prestadora de servi&ccedil;os que tem por prop&oacute;sito transformar ambientes, proporcionar praticidade e conforto para a rotina das pessoas, auxiliando-as na concretiza&ccedil;&atilde;o de seus sonhos.<br /><br />Realizamos a execu&ccedil;&atilde;o de projetos em resid&ecirc;ncias, cl&iacute;nicas odontol&oacute;gicas e m&eacute;dicas, lojas e edif&iacute;cios comerciais. As principais &aacute;reas de atua&ccedil;&atilde;o incluem Instala&ccedil;&otilde;es El&eacute;tricas e Automa&ccedil;&atilde;o, Instala&ccedil;&otilde;es Hidr&aacute;ulicas, Pintura interna e externa, e Alvenaria - parte civil.</p>\r\n<p>&nbsp;</p>', 'fotosobre_1658452581_62d9fa65a46e4.png', 'anexos/fotosobre_1658452581_62d9fa65a46e4.webp', '', '', '', '');

-- --------------------------------------------------------

--
-- Estrutura da tabela `sp_etnias`
--

CREATE TABLE `sp_etnias` (
  `id` int(11) NOT NULL,
  `nome` varchar(255) NOT NULL,
  `foto` varchar(255) NOT NULL,
  `fotowebp` varchar(255) NOT NULL,
  `descricao` text NOT NULL
) ENGINE=InnoDB DEFAULT CHARSET=utf8mb4;

--
-- Extraindo dados da tabela `sp_etnias`
--

INSERT INTO `sp_etnias` (`id`, `nome`, `foto`, `fotowebp`, `descricao`) VALUES
(1, 'Etnia Italiana', 'servico1_1633471221615ccaf50e310.jpg', 'anexos/servico1_1633471221615ccaf50e310.webp', '<p>A It&aacute;lia, pa&iacute;s europeu com uma longa costa mediterr&acirc;nea, deixou uma marca poderosa na culin&aacute;ria e na cultura ocidentais. A capital, Roma, &eacute; sede do Vaticano e abriga obras de arte monumentais e ru&iacute;nas antigas.</p>'),
(2, 'Etnia Francesa', 'servico2_1633471214615ccaee82ba5.png', 'anexos/servico2_1633471214615ccaee82ba5.webp', '<p>A Fran&ccedil;a, na Europa Ocidental, tem cidades medievais, aldeias alpinas e praias mediterr&acirc;neas. Paris, sua capital, &eacute; famosa pelas casas de alta costura, museus de arte cl&aacute;ssica, como o Louvre, e monumentos como a Torre Eiffel.</p>'),
(3, 'Etnia Alemã', 'servico3_1633471199615ccadfeaa6e.png', 'anexos/servico3_1633471199615ccadfeaa6e.webp', '<p>A Alemanha &eacute; um pa&iacute;s situado na Europa Ocidental com uma paisagem de florestas, rios, cordilheiras e praias do Mar do Norte. A na&ccedil;&atilde;o tem mais de 2 mil&ecirc;nios de hist&oacute;ria. Berlim, a capital, abriga cen&aacute;rios art&iacute;sticos e de vida noturna, o Port&atilde;o de Brandembu</p>');

-- --------------------------------------------------------

--
-- Estrutura da tabela `sp_galeria`
--

CREATE TABLE `sp_galeria` (
  `id` int(11) NOT NULL,
  `foto` varchar(255) NOT NULL,
  `fotomaior` varchar(255) NOT NULL
) ENGINE=InnoDB DEFAULT CHARSET=latin1;

--
-- Extraindo dados da tabela `sp_galeria`
--

INSERT INTO `sp_galeria` (`id`, `foto`, `fotomaior`) VALUES
(20, 'galeria1__1567128905_.webp', 'galeria2__1567128905_.webp'),
(21, 'galeria1__1567128937_.webp', 'galeria2__1567128937_.webp'),
(22, 'galeria1__1567128975_.webp', 'galeria2__1567128975_.webp'),
(23, 'galeria1__1567129017_.webp', 'galeria2__1567129017_.webp'),
(24, 'galeria1__1567129131_.webp', 'galeria2__1567129131_.webp'),
(25, 'galeria1__1567129190_.webp', 'galeria2__1567129190_.webp'),
(26, 'galeria1__1567129272_.webp', 'galeria2__1567129272_.webp'),
(27, 'galeria1__1567129316_.webp', 'galeria2__1567129316_.webp');

-- --------------------------------------------------------

--
-- Estrutura da tabela `sp_gerais`
--

CREATE TABLE `sp_gerais` (
  `id` int(11) NOT NULL,
  `email` varchar(500) NOT NULL,
  `imagemfundobanner` varchar(255) NOT NULL,
  `facebook` varchar(255) NOT NULL,
  `instagram` varchar(255) NOT NULL,
  `youtube` varchar(255) NOT NULL,
  `telefone` varchar(25) NOT NULL,
  `whatsapp` varchar(25) NOT NULL,
  `linkedin` varchar(1000) NOT NULL,
  `titlesite` varchar(255) NOT NULL,
  `descriptionsite` varchar(255) NOT NULL
) ENGINE=InnoDB DEFAULT CHARSET=latin1;

--
-- Extraindo dados da tabela `sp_gerais`
--

INSERT INTO `sp_gerais` (`id`, `email`, `imagemfundobanner`, `facebook`, `instagram`, `youtube`, `telefone`, `whatsapp`, `linkedin`, `titlesite`, `descriptionsite`) VALUES
(32, 'contato@lemeservicos.com.br', 'imagemfundoobras_1594042047_5f0326bf89126.png', 'https://www.facebook.com/lemeservicos', 'https://www.instagram.com/jonas_lemeservicos', '', '', '(49) 99175-9273', 'https://www.linkedin.com/company/jonas_lemeservicos', 'Leme Serviços', 'A Leme Serviços realiza a execução de projetos em residências, clínicas odontológicas e médicas, lojas e edifícios comerciais. As principais áreas de atuação incluem Instalações Elétricas e Automação, Instalações Hidráulicas, Pintura interna e externa, e ');

-- --------------------------------------------------------

--
-- Estrutura da tabela `sp_horariossematendimentos`
--

CREATE TABLE `sp_horariossematendimentos` (
  `id` int(11) NOT NULL,
  `datasematendimento` date NOT NULL,
  `motivo` text NOT NULL
) ENGINE=InnoDB DEFAULT CHARSET=utf8mb4;

-- --------------------------------------------------------

--
-- Estrutura da tabela `sp_indicadores`
--

CREATE TABLE `sp_indicadores` (
  `id` int(11) NOT NULL,
  `indicador` int(11) NOT NULL,
  `titulo` varchar(255) NOT NULL,
  `prefixo` varchar(25) NOT NULL
) ENGINE=InnoDB DEFAULT CHARSET=utf8mb4;

--
-- Extraindo dados da tabela `sp_indicadores`
--

INSERT INTO `sp_indicadores` (`id`, `indicador`, `titulo`, `prefixo`) VALUES
(1, 15, 'Anos de atuação', '+ de '),
(2, 2000, 'horas em atendimentos realizados', '+'),
(3, 500, 'Clientes Satisfeitos', '+'),
(4, 200, 'profissionais desenvolvidos', '+');

-- --------------------------------------------------------

--
-- Estrutura da tabela `sp_instituicoes`
--

CREATE TABLE `sp_instituicoes` (
  `id` int(11) NOT NULL,
  `titulo` varchar(255) NOT NULL,
  `foto` varchar(255) NOT NULL,
  `link` varchar(255) NOT NULL,
  `descricao` text NOT NULL
) ENGINE=InnoDB DEFAULT CHARSET=utf8mb4;

--
-- Extraindo dados da tabela `sp_instituicoes`
--

INSERT INTO `sp_instituicoes` (`id`, `titulo`, `foto`, `link`, `descricao`) VALUES
(1, 'UFFS', 'servico_1633390948615b9164de300.png', 'https://www.uffs.edu.br/', '<p>Lorem ipsum dolor sit amet, consectetur adipisicing elit, sed do eiusmod</p>'),
(2, 'ihgo', 'servico2_1633390996615b9194ef2dc.jpg', 'https://www.ihgo.gov.br/', '<p>Lorem ipsum dolor sit amet, consectetur adipisicing elit, sed do eiusmod</p>'),
(3, 'UDESC', 'servico_1633391011615b91a31e5e0.jpg', 'https://www.udesc.br/', '<p>Lorem ipsum dolor sit amet, consectetur adipisicing elit, sed do eiusmod</p>'),
(4, 'INSOURCE TECNOLOGIA', 'servico_1633391113615b9209afa91.png', 'https://insource.com.br/', '<p>Lorem ipsum dolor sit amet, consectetur adipisicing elit, sed do eiusmod</p>');

-- --------------------------------------------------------

--
-- Estrutura da tabela `sp_itens`
--

CREATE TABLE `sp_itens` (
  `id` int(11) NOT NULL,
  `nome` varchar(255) NOT NULL
) ENGINE=InnoDB DEFAULT CHARSET=latin1;

--
-- Extraindo dados da tabela `sp_itens`
--

INSERT INTO `sp_itens` (`id`, `nome`) VALUES
(1, 'Retificação de Registros Pessoais '),
(2, 'Planos de Saúde '),
(3, 'Direitos Homoafetivos '),
(4, 'Ações Indenizatórias por Discriminação '),
(5, 'Adoção por Casais Homossexuais '),
(6, 'Cirurgias de Adequação de Gênero '),
(7, 'Inseminação Artificial '),
(8, 'Masctectomia pelo Plano de Saúde '),
(9, 'Filiação Socioafetiva para Casais LGBTQIAP+'),
(10, 'asdasd'),
(11, 'teste'),
(12, 'Ação de Cobrança e Execuções '),
(13, 'Contratos '),
(14, 'Revisão de Financiamento '),
(15, 'Erro Médico '),
(16, 'Negligência Hospitalar '),
(17, 'Indenizações por Dano Moral '),
(18, 'Indenizações por Dano Material'),
(19, 'Ação de Alimentos e Pensões em geral '),
(20, 'Guarda e Visitas '),
(21, 'Reconhecimento de União Estável '),
(22, 'Dissolução de União Estável '),
(23, 'Divórcio Judicial e Extrajudicial '),
(24, 'Inventários '),
(25, 'Doações '),
(26, 'Testamentos'),
(27, 'Recusa de Tratamento por Plano de Saúde '),
(28, 'Ações Indenizatórias '),
(29, 'Ações Obrigacionais '),
(30, 'Falha na Prestação de Serviços '),
(31, 'Seguro de Vida '),
(32, 'Seguro Patrimonial'),
(33, 'Instalações de quadros distribuição de energia'),
(34, 'Instalações de infraestrutura e Cabeamento'),
(35, 'Instalações de tomadas'),
(36, 'Instalações de Iluminação'),
(37, 'Instalações de lustres'),
(38, 'Instalações de perfis de LED'),
(39, 'Instalações  de trilhos eletrificados e spots'),
(40, 'Instalações de sensores de presença'),
(41, 'Instalações de sensor fotocélula'),
(42, 'Instalações de temporizador'),
(43, 'Instalações de interruptores smart'),
(44, 'Instalações de lâmpadas smart'),
(45, 'Instalações de fechaduras eletrônicas'),
(46, 'Instalações de controle remoto para eletrodomésticos smart'),
(47, 'Instalações controladores smart'),
(48, 'Instalações de sistema água fria'),
(49, 'Instalações de sistema água quente'),
(50, 'Instalações de chuveiro'),
(51, 'Instalações de rede de esgoto'),
(52, 'Instalações de torneiras (bancada/parede - monocomando)'),
(53, 'Instalações de caixas de água'),
(54, 'Instalações de redes pluviais'),
(55, 'Instalações de louças e metais'),
(56, 'Instalações de infraestrutura para biofiltro, biorreator'),
(57, 'Instalações de caixas de gordura'),
(58, 'Instalações de sistemas de tratamento de esgoto'),
(59, 'Instalações com materiais PPR - Aquatherm - Tubulação de cobre para gás'),
(60, 'Interna e Externa'),
(61, 'Restauração'),
(62, 'Tratamento de fissuras e impermeabilização'),
(63, 'Texturas - Grafiatto - Cimento queimado, pintura com tinta fosca, acetinada, semibrilho, elastomérica, pu, esmalte sintético, epóxi'),
(64, 'Fundação'),
(65, 'Alvenaria'),
(66, 'Chapisco'),
(67, 'Reboco'),
(68, 'Acabamentos'),
(69, 'Contrapiso'),
(70, 'Reenquadramento de portas e janelas'),
(71, 'Pisos, lajes, pilares e vigas');

-- --------------------------------------------------------

--
-- Estrutura da tabela `sp_newsletter`
--

CREATE TABLE `sp_newsletter` (
  `id` int(11) NOT NULL,
  `email` varchar(200) NOT NULL,
  `nome` varchar(255) NOT NULL,
  `data` date NOT NULL
) ENGINE=InnoDB DEFAULT CHARSET=latin1;

-- --------------------------------------------------------

--
-- Estrutura da tabela `sp_oracoes`
--

CREATE TABLE `sp_oracoes` (
  `id` int(11) NOT NULL,
  `titulo` varchar(255) NOT NULL,
  `descricao` text NOT NULL
) ENGINE=InnoDB DEFAULT CHARSET=utf8mb4;

--
-- Extraindo dados da tabela `sp_oracoes`
--

INSERT INTO `sp_oracoes` (`id`, `titulo`, `descricao`) VALUES
(1, 'Salmos 91', '<p>1.Aquele que habita no abrigo do Alt&iacute;ssimo e descansa &agrave; sombra do Todo-poderoso<br />2.pode dizer ao Senhor: Tu &eacute;s o meu ref&uacute;gio e a minha fortaleza, o meu Deus, em quem confio.<br />3.Ele o livrar&aacute; do la&ccedil;o do ca&ccedil;ador e do veneno mortal.<br />4.Ele o cobrir&aacute; com as suas penas, e sob as suas asas voc&ecirc; encontrar&aacute; ref&uacute;gio; a fidelidade dele ser&aacute; o seu escudo protetor.<br />5.Voc&ecirc; n&atilde;o temer&aacute; o pavor da noite, nem a flecha que voa de dia,<br />6.nem a peste que se move sorrateira nas trevas, nem a praga que devasta ao meio-dia.<br />7.Mil poder&atilde;o cair ao seu lado, dez mil &agrave; sua direita, mas nada o atingir&aacute;.<br />8.Voc&ecirc; simplesmente olhar&aacute;, e ver&aacute; o castigo dos &iacute;mpios.<br />9.Se voc&ecirc; fizer do Alt&iacute;ssimo o seu ref&uacute;gio,<br />10.nenhum mal o atingir&aacute;, desgra&ccedil;a alguma chegar&aacute; &agrave; sua tenda.<br />11.Porque a seus anjos ele dar&aacute; ordens a seu respeito, para que o protejam em todos os seus caminhos;<br />12.com as m&atilde;os eles o segurar&atilde;o, para que voc&ecirc; n&atilde;o tropece em alguma pedra.<br />13.Voc&ecirc; pisar&aacute; o le&atilde;o e a cobra; pisotear&aacute; o le&atilde;o forte e a serpente.<br />14.\"Porque ele me ama, eu o resgatarei; eu o protegerei, pois conhece o meu nome.<br />15.Ele clamar&aacute; a mim, e eu lhe darei resposta, e na adversidade estarei com ele; vou livr&aacute;-lo e cobri-lo de honra.<br />16.Vida longa eu lhe darei, e lhe mostrarei a minha salva&ccedil;&atilde;o. \"</p>'),
(2, 'Salmos 91 teste', '<p>1.Aquele que habita no abrigo do Alt&iacute;ssimo e descansa &agrave; sombra do Todo-poderoso<br />2.pode dizer ao Senhor: Tu &eacute;s o meu ref&uacute;gio e a minha fortaleza, o meu Deus, em quem confio.<br />3.Ele o livrar&aacute; do la&ccedil;o do ca&ccedil;ador e do veneno mortal.<br />4.Ele o cobrir&aacute; com as suas penas, e sob as suas asas voc&ecirc; encontrar&aacute; ref&uacute;gio; a fidelidade dele ser&aacute; o seu escudo protetor.<br />5.Voc&ecirc; n&atilde;o temer&aacute; o pavor da noite, nem a flecha que voa de dia,<br />6.nem a peste que se move sorrateira nas trevas, nem a praga que devasta ao meio-dia.<br />7.Mil poder&atilde;o cair ao seu lado, dez mil &agrave; sua direita, mas nada o atingir&aacute;.<br />8.Voc&ecirc; simplesmente olhar&aacute;, e ver&aacute; o castigo dos &iacute;mpios.<br />9.Se voc&ecirc; fizer do Alt&iacute;ssimo o seu ref&uacute;gio,<br />10.nenhum mal o atingir&aacute;, desgra&ccedil;a alguma chegar&aacute; &agrave; sua tenda.<br />11.Porque a seus anjos ele dar&aacute; ordens a seu respeito, para que o protejam em todos os seus caminhos;<br />12.com as m&atilde;os eles o segurar&atilde;o, para que voc&ecirc; n&atilde;o tropece em alguma pedra.<br />13.Voc&ecirc; pisar&aacute; o le&atilde;o e a cobra; pisotear&aacute; o le&atilde;o forte e a serpente.<br />14.\"Porque ele me ama, eu o resgatarei; eu o protegerei, pois conhece o meu nome.<br />15.Ele clamar&aacute; a mim, e eu lhe darei resposta, e na adversidade estarei com ele; vou livr&aacute;-lo e cobri-lo de honra.<br />16.Vida longa eu lhe darei, e lhe mostrarei a minha salva&ccedil;&atilde;o. \"</p>'),
(3, 'oração teste texto', '<p>1.Aquele que habita no abrigo do Alt&iacute;ssimo e descansa &agrave; sombra do Todo-poderoso<br />2.pode dizer ao Senhor: Tu &eacute;s o meu ref&uacute;gio e a minha fortaleza, o meu Deus, em quem confio.<br />3.Ele o livrar&aacute; do la&ccedil;o do ca&ccedil;ador e do veneno mortal.<br />4.Ele o cobrir&aacute; com as suas penas, e sob as suas asas voc&ecirc; encontrar&aacute; ref&uacute;gio; a fidelidade dele ser&aacute; o seu escudo protetor.<br />5.Voc&ecirc; n&atilde;o temer&aacute; o pavor da noite, nem a flecha que voa de dia,<br />6.nem a peste que se move sorrateira nas trevas, nem a praga que devasta ao meio-dia.<br />7.Mil poder&atilde;o cair ao seu lado, dez mil &agrave; sua direita, mas nada o atingir&aacute;.<br />8.Voc&ecirc; simplesmente olhar&aacute;, e ver&aacute; o castigo dos &iacute;mpios.<br />9.Se voc&ecirc; fizer do Alt&iacute;ssimo o seu ref&uacute;gio,<br />10.nenhum mal o atingir&aacute;, desgra&ccedil;a alguma chegar&aacute; &agrave; sua tenda.<br />11.Porque a seus anjos ele dar&aacute; ordens a seu respeito, para que o protejam em todos os seus caminhos;<br />12.com as m&atilde;os eles o segurar&atilde;o, para que voc&ecirc; n&atilde;o tropece em alguma pedra.<br />13.Voc&ecirc; pisar&aacute; o le&atilde;o e a cobra; pisotear&aacute; o le&atilde;o forte e a serpente.<br />14.\"Porque ele me ama, eu o resgatarei; eu o protegerei, pois conhece o meu nome.<br />15.Ele clamar&aacute; a mim, e eu lhe darei resposta, e na adversidade estarei com ele; vou livr&aacute;-lo e cobri-lo de honra.<br />16.Vida longa eu lhe darei, e lhe mostrarei a minha salva&ccedil;&atilde;o. \"</p>');

-- --------------------------------------------------------

--
-- Estrutura da tabela `sp_oracoes_files`
--

CREATE TABLE `sp_oracoes_files` (
  `id` int(11) NOT NULL,
  `oracaoID` int(11) NOT NULL,
  `arquivo` varchar(255) NOT NULL,
  `extensao` varchar(5) NOT NULL,
  `fotowebp` varchar(255) NOT NULL
) ENGINE=InnoDB DEFAULT CHARSET=utf8mb4;

--
-- Extraindo dados da tabela `sp_oracoes_files`
--

INSERT INTO `sp_oracoes_files` (`id`, `oracaoID`, `arquivo`, `extensao`, `fotowebp`) VALUES
(1, 3, 'oracao_3_1641934697_20220111175817674700883.png', 'png', 'anexos/oracao_3_1641934697_20220111175817674700883.webp'),
(2, 3, 'oracao_3_1641934819_202201111800191447510044.pdf', 'pdf', ''),
(3, 3, 'oracao_3_1641935149_202201111805491374386774.mp3', 'mp3', ''),
(4, 3, 'oracao_3_1641935176_202201111806161432572540.mp4', 'mp4', '');

-- --------------------------------------------------------

--
-- Estrutura da tabela `sp_papeis`
--

CREATE TABLE `sp_papeis` (
  `id` int(11) NOT NULL,
  `nome` varchar(255) NOT NULL,
  `permissoes` text NOT NULL
) ENGINE=InnoDB DEFAULT CHARSET=latin1;

--
-- Extraindo dados da tabela `sp_papeis`
--

INSERT INTO `sp_papeis` (`id`, `nome`, `permissoes`) VALUES
(2, 'Administrador', 'banners|#|gerais|#|empresa|#|indicadores|#|servicos|#|usuarios|#|papeis|#|');

-- --------------------------------------------------------

--
-- Estrutura da tabela `sp_perguntas`
--

CREATE TABLE `sp_perguntas` (
  `id` int(11) NOT NULL,
  `nome` varchar(255) NOT NULL
) ENGINE=InnoDB DEFAULT CHARSET=utf8mb4;

--
-- Extraindo dados da tabela `sp_perguntas`
--

INSERT INTO `sp_perguntas` (`id`, `nome`) VALUES
(1, 'Quer ver sua empresa prosperando?'),
(2, 'Quer crescer e expandir?'),
(3, 'Quer apenas estruturar?'),
(4, 'Quer estruturar e crescer/expandir no caminho?'),
(5, 'Quer estruturar para crescer?\r\n'),
(6, 'Quer parar de perder clientes?\r\n'),
(7, 'Quer parar de perder membros do time?\r\n');

-- --------------------------------------------------------

--
-- Estrutura da tabela `sp_portfolio`
--

CREATE TABLE `sp_portfolio` (
  `id` int(11) NOT NULL,
  `foto` varchar(255) NOT NULL DEFAULT '',
  `titulo` varchar(255) NOT NULL,
  `subtitulo` varchar(255) NOT NULL,
  `descricao` text NOT NULL,
  `ocase` text NOT NULL,
  `fotowebp` varchar(255) NOT NULL
) ENGINE=InnoDB DEFAULT CHARSET=utf8mb4;

--
-- Extraindo dados da tabela `sp_portfolio`
--

INSERT INTO `sp_portfolio` (`id`, `foto`, `titulo`, `subtitulo`, `descricao`, `ocase`, `fotowebp`) VALUES
(69, 'portfolio_69_1631671413_190cdf20dafda4445535e5e5d46880a7614154759ceb2.png', 'Rubens rubinho teste', 'Lorem ipsum dolor sit amet, consectetur adipisicing elit, sed do eiusmod tempor incididunt ut labore et dolore magna aliqua.', '<p>Lorem ipsum dolor sit amet, consectetur adipisicing elit, sed do eiusmod tempor incididunt ut labore et dolore magna aliqua. Ut enim ad minim veniam, quis nostrud exercitation ullamco laboris nisi ut aliquip ex ea commodo consequat. Duis aute irure dolor in reprehenderit in voluptate velit esse cillum dolore eu fugiat nulla pariatur. Excepteur sint occaecat cupidatat non proident, sunt in culpa qui officia deserunt mollit anim id est laborum.</p>', '', 'anexos/portfolio_69_1631671413_190cdf20dafda4445535e5e5d46880a7614154759ceb2.webp'),
(70, 'portfolio_70_1631672330_24f03b1fa97ec865e5e4a0e116b24d846141580a4ae64.jpg', 'Rubinho teste 2', 'Lorem ipsum dolor sit amet, consectetur adipisicing elit, sed do eiusmod tempor incididunt ut labore et dolore magna aliqua.', '<p>Lorem ipsum dolor sit amet, consectetur adipisicing elit, sed do eiusmod tempor incididunt ut labore et dolore magna aliqua. Ut enim ad minim veniam, quis nostrud exercitation ullamco laboris nisi ut aliquip ex ea commodo consequat. Duis aute irure dolor in reprehenderit in voluptate velit esse cillum dolore eu fugiat nulla pariatur. Excepteur sint occaecat cupidatat non proident, sunt in culpa qui officia deserunt mollit anim id est laborum.</p>\r\n<p>&nbsp;</p>\r\n<p>Lorem ipsum dolor sit amet, consectetur adipisicing elit, sed do eiusmod tempor incididunt ut labore et dolore magna aliqua. Ut enim ad minim veniam, quis nostrud exercitation ullamco laboris nisi ut aliquip ex ea commodo consequat. Duis aute irure dolor in reprehenderit in voluptate velit esse cillum dolore eu fugiat nulla pariatur. Excepteur sint occaecat cupidatat non proident, sunt in culpa qui officia deserunt mollit anim id est laborum.</p>', '<p>Lorem ipsum dolor sit amet, consectetur adipisicing elit, sed do eiusmod tempor incididunt ut labore et dolore magna aliqua. Ut enim ad minim veniam, quis nostrud exercitation ullamco laboris nisi ut aliquip ex ea commodo consequat. Duis aute irure dolor in reprehenderit in voluptate velit esse cillum dolore eu fugiat nulla pariatur. Excepteur sint occaecat cupidatat non proident, sunt in culpa qui officia deserunt mollit anim id est laborum</p>', 'anexos/portfolio_70_1631672330_24f03b1fa97ec865e5e4a0e116b24d846141580a4ae64.webp'),
(72, 'portfolio__1631671097_.png', 'asdasd asd as asd ', 'teste te a sd as d asd', '<p>asdasd asdas d asd as da&nbsp;</p>', '', 'anexos/portfolio__1631671097_.webp');

-- --------------------------------------------------------

--
-- Estrutura da tabela `sp_portfolio_fotos`
--

CREATE TABLE `sp_portfolio_fotos` (
  `id` int(11) NOT NULL,
  `id_portfolio` int(11) NOT NULL,
  `foto` varchar(255) NOT NULL,
  `fotowebp` varchar(255) NOT NULL
) ENGINE=InnoDB DEFAULT CHARSET=utf8mb4;

--
-- Extraindo dados da tabela `sp_portfolio_fotos`
--

INSERT INTO `sp_portfolio_fotos` (`id`, `id_portfolio`, `foto`, `fotowebp`) VALUES
(3, 70, 'blog_70_1627076271_pexels-nick-collins-1293120.jpg', ''),
(4, 70, 'blog_70_1627076595_pexels-olya-kobruseva-5428833.jpg', ''),
(5, 70, 'blog_70_1627076595_pexels-pixabay-158826.jpg', ''),
(6, 70, 'blog_70_1627076595_pexels-sound-on-3756879.jpg', ''),
(7, 70, 'blog_70_1627087685_pexels-cup-of-couple-6177589.jpg', ''),
(8, 71, 'fotocase_71_1631671192_eebfc58741f2e8ea4462f635f04f7591.png', 'anexos/fotocase_71_1631671192_eebfc58741f2e8ea4462f635f04f7591.webp'),
(9, 71, 'fotocase_71_1631671193_23a52cc027d28944fee9a22cad728766.png', 'anexos/fotocase_71_1631671193_23a52cc027d28944fee9a22cad728766.webp');

-- --------------------------------------------------------

--
-- Estrutura da tabela `sp_produtos`
--

CREATE TABLE `sp_produtos` (
  `id` int(11) NOT NULL,
  `titulo` varchar(255) NOT NULL,
  `descricao` text NOT NULL,
  `data_cadastro` datetime NOT NULL,
  `categoriaID` int(11) NOT NULL,
  `subcategoriaID` int(11) NOT NULL
) ENGINE=InnoDB DEFAULT CHARSET=utf8;

--
-- Extraindo dados da tabela `sp_produtos`
--

INSERT INTO `sp_produtos` (`id`, `titulo`, `descricao`, `data_cadastro`, `categoriaID`, `subcategoriaID`) VALUES
(1, 'Teste produto 1', '<p>teste 1teste1teste 1teste1teste 1teste1teste 1teste1teste 1teste1teste 1teste1teste 1teste1teste 1teste1teste 1teste1teste 1teste1teste 1teste1teste 1teste1teste 1teste1teste 1teste1teste 1teste1teste 1teste1teste 1teste1teste 1teste1teste 1teste1teste 1teste1teste 1teste1teste 1teste1teste 1teste1teste 1teste1teste 1teste1teste 1teste1teste 1teste1teste 1teste1teste 1teste1teste 1teste1teste 1teste1teste 1teste1teste 1teste1teste 1teste1teste 1teste1teste 1teste1teste 1teste1teste 1teste1teste 1teste1teste 1teste1</p>\r\n<p>teste 1teste1teste 1teste1teste 1teste1teste 1teste1teste 1teste1teste 1teste1teste 1teste1teste 1teste1teste 1teste1teste 1teste1teste 1teste1teste 1teste1teste 1teste1teste 1teste1teste 1teste1teste 1teste1teste 1teste1teste 1teste1teste 1teste1teste 1teste1teste 1teste1teste 1teste1teste 1teste1teste 1teste1teste 1teste1teste 1teste1teste 1teste1teste 1teste1teste 1teste1teste 1teste1teste 1teste1teste 1teste1teste 1teste1teste 1teste1teste 1teste1teste 1teste1teste 1teste1teste 1teste1teste 1teste1teste 1teste1</p>', '2019-08-23 10:23:58', 8, 1),
(2, 'Teste produto 2', '<p>Teste produto 2&nbsp;Teste produto 2Teste produto 2&nbsp;Teste produto 2Teste produto 2&nbsp;Teste produto 2Teste produto 2&nbsp;Teste produto 2Teste produto 2&nbsp;Teste produto 2Teste produto 2&nbsp;Teste produto 2Teste produto 2&nbsp;Teste produto 2Teste produto 2&nbsp;Teste produto 2Teste produto 2&nbsp;Teste produto 2Teste produto 2&nbsp;Teste produto 2</p>\r\n<p>Teste produto 2&nbsp;Teste produto 2Teste produto 2&nbsp;Teste produto 2Teste produto 2&nbsp;Teste produto 2Teste produto 2&nbsp;Teste produto 2Teste produto 2&nbsp;Teste produto 2Teste produto 2&nbsp;Teste produto 2Teste produto 2&nbsp;Teste produto 2Teste produto 2&nbsp;Teste produto 2Teste produto 2&nbsp;Teste produto 2Teste produto 2&nbsp;Teste produto 2</p>', '2019-08-23 11:13:23', 5, 0),
(3, 'teste 3', '<p>teste</p>', '2019-08-23 11:49:32', 5, 0),
(4, 'teste 4', '<p>dasadsda dsadsa</p>', '2019-08-23 11:49:43', 5, 0),
(5, 'teste 5', '<p>adssadsa&nbsp;</p>', '2019-08-23 11:49:51', 5, 0),
(6, 'teste 6', '', '2019-08-23 11:49:57', 5, 0);

-- --------------------------------------------------------

--
-- Estrutura da tabela `sp_produtos_fotos`
--

CREATE TABLE `sp_produtos_fotos` (
  `id` int(11) NOT NULL,
  `produtoID` int(11) NOT NULL,
  `foto` varchar(255) NOT NULL,
  `fotowebp` varchar(255) NOT NULL
) ENGINE=InnoDB DEFAULT CHARSET=utf8;

--
-- Extraindo dados da tabela `sp_produtos_fotos`
--

INSERT INTO `sp_produtos_fotos` (`id`, `produtoID`, `foto`, `fotowebp`) VALUES
(1, 1, 'produtos_1_1566567354_8515', ''),
(2, 6, 'produtos_6_1566576530_5019', ''),
(4, 6, 'produtos_6_1566578715_7975', '');

-- --------------------------------------------------------

--
-- Estrutura da tabela `sp_resultados`
--

CREATE TABLE `sp_resultados` (
  `id` int(11) NOT NULL,
  `resultado` int(11) NOT NULL,
  `titulo` varchar(255) NOT NULL,
  `prefixo` varchar(25) NOT NULL,
  `sufixo` varchar(255) NOT NULL,
  `subtitulo` varchar(255) NOT NULL
) ENGINE=InnoDB DEFAULT CHARSET=utf8mb4;

--
-- Extraindo dados da tabela `sp_resultados`
--

INSERT INTO `sp_resultados` (`id`, `resultado`, `titulo`, `prefixo`, `sufixo`, `subtitulo`) VALUES
(6, 80, 'Redução média de', '+', '%', 'no turnover de profissionais'),
(7, 45, 'Aumento médio de', '', '%', 'em alguma coisa');

-- --------------------------------------------------------

--
-- Estrutura da tabela `sp_servicos`
--

CREATE TABLE `sp_servicos` (
  `id` int(11) NOT NULL,
  `fotoservico` varchar(255) NOT NULL,
  `titulo` varchar(255) NOT NULL,
  `descricao` text NOT NULL,
  `ativo` tinyint(4) NOT NULL,
  `tempoduracao` int(11) NOT NULL,
  `tempoduracaocomposto` int(11) NOT NULL,
  `preco` double NOT NULL,
  `fotoicone` varchar(255) NOT NULL,
  `tituloseo` varchar(1234) NOT NULL
) ENGINE=InnoDB DEFAULT CHARSET=latin1;

--
-- Extraindo dados da tabela `sp_servicos`
--

INSERT INTO `sp_servicos` (`id`, `fotoservico`, `titulo`, `descricao`, `ativo`, `tempoduracao`, `tempoduracaocomposto`, `preco`, `fotoicone`, `tituloseo`) VALUES
(55, 'servico55_1665021745633e3731eef65.jpg', 'Instalação Elétrica', '<p>Lorem ipsum dolor sit amet, consectetur adipisicing elit, sed do eiusmod&nbsp;tempor incididunt ut labore et dolore magna aliqua. Ut enim ad minim veniam,&nbsp;quis nostrud exercitation ullamco laboris nisi ut aliquip ex ea commodo consequat. Duis aute irure dolor in reprehenderit in voluptate&nbsp; elit esse cillum dolore eu fugiat nulla pariatur. Excepteur sint occaecat cupidatat non proident, sunt in culpa qui officia deserunt mollit anim id est laborum.</p>', 0, 0, 0, 0, '', 'instalacao-eletrica'),
(56, 'servico56_1665021931633e37eb44b4a.jpg', 'Automação Residencial', '', 0, 0, 0, 0, '', 'automacao-residencial'),
(57, 'servico57_1665021967633e380fb9a89.jpg', 'Instalação Hidráulica', '', 0, 0, 0, 0, '', 'instalacao-hidraulica'),
(58, 'servico58_1665022005633e38357a726.jpg', 'Pintura', '', 0, 0, 0, 0, '', 'pintura'),
(59, 'servico_1664932164633cd94459549.jpg', 'Outros serviços', '', 0, 0, 0, 0, '', 'outros-servicos');

-- --------------------------------------------------------

--
-- Estrutura da tabela `sp_servicos_categorias`
--

CREATE TABLE `sp_servicos_categorias` (
  `id` int(11) NOT NULL,
  `id_servico` int(11) NOT NULL,
  `titulo` varchar(255) NOT NULL
) ENGINE=InnoDB DEFAULT CHARSET=utf8mb4;

--
-- Extraindo dados da tabela `sp_servicos_categorias`
--

INSERT INTO `sp_servicos_categorias` (`id`, `id_servico`, `titulo`) VALUES
(1, 36, 'TESTE 1'),
(2, 36, 'teste 2');

-- --------------------------------------------------------

--
-- Estrutura da tabela `sp_servicos_fotos`
--

CREATE TABLE `sp_servicos_fotos` (
  `id` int(11) NOT NULL,
  `servicoID` int(11) NOT NULL,
  `foto` varchar(255) NOT NULL
) ENGINE=InnoDB DEFAULT CHARSET=utf8;

--
-- Extraindo dados da tabela `sp_servicos_fotos`
--

INSERT INTO `sp_servicos_fotos` (`id`, `servicoID`, `foto`) VALUES
(11, 9, 'blog_9_1594213682_57727382302bebc700dab5076ad231890f9c09901.jpeg'),
(12, 9, 'blog_9_1594213682_211179397902bebc700dab5076ad231890f9c09901.jpeg'),
(14, 9, 'blog_9_1594213682_128304319702bebc700dab5076ad231890f9c09901.jpeg'),
(15, 9, 'blog_9_1594213682_149169730202bebc700dab5076ad231890f9c09901.jpeg'),
(16, 9, 'blog_9_1594213756_2067321926e1dfb88c03a085e906ebccecc9129085.jpeg'),
(17, 9, 'blog_9_1594213756_362108593e1dfb88c03a085e906ebccecc9129085.jpeg'),
(18, 10, 'blog_10_1594213768_13997519901247f554446902ae3fe2601b26804dae.jpg'),
(19, 10, 'blog_10_1594213768_7471415891247f554446902ae3fe2601b26804dae.jpeg'),
(20, 10, 'blog_10_1594213768_16917357091247f554446902ae3fe2601b26804dae.jpeg'),
(21, 10, 'blog_10_1594213768_11099688031247f554446902ae3fe2601b26804dae.jpeg'),
(22, 10, 'blog_10_1594213769_1766484973eb5d73e740c665150d6ba68dc695c870.jpeg'),
(23, 10, 'blog_10_1594213769_1592452471eb5d73e740c665150d6ba68dc695c870.jpeg'),
(24, 10, 'blog_10_1594213769_1910800733eb5d73e740c665150d6ba68dc695c870.jpeg'),
(25, 10, 'blog_10_1594213769_1430992422eb5d73e740c665150d6ba68dc695c870.jpeg');

-- --------------------------------------------------------

--
-- Estrutura da tabela `sp_servicos_itens`
--

CREATE TABLE `sp_servicos_itens` (
  `id` int(11) NOT NULL,
  `id_servico` int(11) NOT NULL,
  `id_item` int(11) NOT NULL
) ENGINE=InnoDB DEFAULT CHARSET=latin1;

--
-- Extraindo dados da tabela `sp_servicos_itens`
--

INSERT INTO `sp_servicos_itens` (`id`, `id_servico`, `id_item`) VALUES
(35, 55, 33),
(36, 55, 34),
(37, 55, 35),
(38, 55, 36),
(39, 55, 37),
(40, 55, 38),
(41, 55, 39),
(42, 55, 40),
(43, 55, 41),
(44, 55, 42),
(45, 56, 43),
(46, 56, 44),
(47, 56, 45),
(48, 56, 46),
(49, 56, 47),
(50, 57, 48),
(51, 57, 49),
(52, 57, 50),
(53, 57, 51),
(54, 57, 52),
(55, 57, 53),
(56, 57, 54),
(57, 57, 55),
(58, 57, 56),
(59, 57, 57),
(60, 57, 58),
(61, 57, 59),
(62, 58, 60),
(63, 58, 61),
(64, 58, 62),
(65, 58, 63),
(66, 59, 64),
(67, 59, 65),
(68, 59, 66),
(69, 59, 67),
(70, 59, 68),
(71, 59, 69),
(72, 59, 70),
(73, 59, 71);

-- --------------------------------------------------------

--
-- Estrutura da tabela `sp_subcategorias`
--

CREATE TABLE `sp_subcategorias` (
  `id` int(11) NOT NULL,
  `nome` varchar(255) NOT NULL,
  `categoriaID` int(11) NOT NULL
) ENGINE=InnoDB DEFAULT CHARSET=utf8;

--
-- Extraindo dados da tabela `sp_subcategorias`
--

INSERT INTO `sp_subcategorias` (`id`, `nome`, `categoriaID`) VALUES
(1, 'Salgados Assados', 8),
(3, 'Para Fritar', 8),
(4, 'Para Assar', 8),
(5, 'Salgados Fritos', 0);

-- --------------------------------------------------------

--
-- Estrutura da tabela `sp_tags`
--

CREATE TABLE `sp_tags` (
  `id` int(11) NOT NULL,
  `nome` varchar(255) NOT NULL
) ENGINE=InnoDB DEFAULT CHARSET=latin1;

--
-- Extraindo dados da tabela `sp_tags`
--

INSERT INTO `sp_tags` (`id`, `nome`) VALUES
(1, 'teste1'),
(2, 'teste2'),
(3, 'Dentes'),
(4, 'Teste 1'),
(5, 'teste 3'),
(6, 'teste 4'),
(7, 'teste'),
(8, 'Itália'),
(9, 'Lorem ipsum'),
(10, 'Livros'),
(11, 'Culinária'),
(12, 'Gastronomia'),
(13, 'Música'),
(14, 'Dicas'),
(15, 'Empresas'),
(16, 'Recursos Humanos'),
(17, 'Materiais'),
(18, 'asd');

-- --------------------------------------------------------

--
-- Estrutura da tabela `sp_time`
--

CREATE TABLE `sp_time` (
  `id` int(11) NOT NULL,
  `titulo` varchar(255) NOT NULL,
  `descricao` text NOT NULL,
  `foto1` varchar(255) NOT NULL,
  `foto2` varchar(255) NOT NULL,
  `foto3` varchar(255) NOT NULL,
  `fotowebp1` varchar(255) NOT NULL,
  `fotowebp2` varchar(255) NOT NULL,
  `fotowebp3` varchar(255) NOT NULL
) ENGINE=InnoDB DEFAULT CHARSET=utf8mb4;

--
-- Extraindo dados da tabela `sp_time`
--

INSERT INTO `sp_time` (`id`, `titulo`, `descricao`, `foto1`, `foto2`, `foto3`, `fotowebp1`, `fotowebp2`, `fotowebp3`) VALUES
(10, 'Nosso time', '<p>Lorem ipsum dolor sit amet, consectetur adipisicing elit, sed do eiusmod tempor incididunt ut labore et dolore magna aliqua. Ut enim ad minim veniam, quis nostrud exercitation ullamco laboris nisi ut aliquip ex ea commodo consequat. Duis aute irure dolor in reprehenderit in voluptate velit esse cillum dolore eu fugiat nulla pariatur. Excepteur sint occaecat cupidatat non proident, sunt in culpa qui officia deserunt mollit anim id est laborum.</p>\r\n<p>&nbsp;</p>\r\n<p>Duis aute irure dolor in reprehenderit in voluptate velit esse cillum dolore eu fugiat nulla pariatur. Excepteur sint occaecat cupidatat non proident, sunt in culpa qui officia deserunt mollit anim id est laborum.</p>', 'foto1_1637894358_61a048d61d2d6.png', 'foto2_1637894324_61a048b4796de.png', 'foto3_1637894324_61a048b482d8f.png', 'anexos/foto1_1637894358_61a048d61d2d6.webp', 'anexos/foto2_1637894324_61a048b4796de.webp', 'anexos/foto3_1637894324_61a048b482d8f.webp');

-- --------------------------------------------------------

--
-- Estrutura da tabela `sp_videos`
--

CREATE TABLE `sp_videos` (
  `id` int(11) NOT NULL,
  `vyt` varchar(255) COLLATE latin1_general_ci NOT NULL
) ENGINE=InnoDB DEFAULT CHARSET=latin1 COLLATE=latin1_general_ci;

--
-- Extraindo dados da tabela `sp_videos`
--

INSERT INTO `sp_videos` (`id`, `vyt`) VALUES
(3, 'kSJJEOwJbLA');

-- --------------------------------------------------------

--
-- Estrutura da tabela `sp_virtudes`
--

CREATE TABLE `sp_virtudes` (
  `id` int(11) NOT NULL,
  `nome` varchar(255) NOT NULL,
  `descricao` varchar(2555) NOT NULL
) ENGINE=InnoDB DEFAULT CHARSET=utf8mb4;

--
-- Extraindo dados da tabela `sp_virtudes`
--

INSERT INTO `sp_virtudes` (`id`, `nome`, `descricao`) VALUES
(2, 'Ordem', 'Impor finalidades'),
(3, 'Coragem', 'Impor-se a novos desafios'),
(4, 'Curiosidade', 'Buscar conhecimento'),
(5, 'Amor', 'Estimular a beleza');

--
-- Indexes for dumped tables
--

--
-- Indexes for table `sp_agendamento`
--
ALTER TABLE `sp_agendamento`
  ADD PRIMARY KEY (`id`),
  ADD KEY `agendamento_cliente` (`clienteID`);

--
-- Indexes for table `sp_agendamento_emails`
--
ALTER TABLE `sp_agendamento_emails`
  ADD PRIMARY KEY (`id`);

--
-- Indexes for table `sp_agendamento_servico`
--
ALTER TABLE `sp_agendamento_servico`
  ADD PRIMARY KEY (`id`);

--
-- Indexes for table `sp_apoiadores`
--
ALTER TABLE `sp_apoiadores`
  ADD PRIMARY KEY (`id`);

--
-- Indexes for table `sp_areasconhecimento`
--
ALTER TABLE `sp_areasconhecimento`
  ADD PRIMARY KEY (`id`),
  ADD KEY `areas_categoria` (`categoriaID`);

--
-- Indexes for table `sp_banners`
--
ALTER TABLE `sp_banners`
  ADD PRIMARY KEY (`id`);

--
-- Indexes for table `sp_beneficios`
--
ALTER TABLE `sp_beneficios`
  ADD PRIMARY KEY (`id`);

--
-- Indexes for table `sp_blog`
--
ALTER TABLE `sp_blog`
  ADD PRIMARY KEY (`id`),
  ADD UNIQUE KEY `tituloseo` (`tituloseo`);

--
-- Indexes for table `sp_blog_fotos`
--
ALTER TABLE `sp_blog_fotos`
  ADD PRIMARY KEY (`id`),
  ADD KEY `blog_blogfotos` (`id_blog`);

--
-- Indexes for table `sp_blog_tags`
--
ALTER TABLE `sp_blog_tags`
  ADD PRIMARY KEY (`id`);

--
-- Indexes for table `sp_caixa`
--
ALTER TABLE `sp_caixa`
  ADD PRIMARY KEY (`id`);

--
-- Indexes for table `sp_categorias`
--
ALTER TABLE `sp_categorias`
  ADD PRIMARY KEY (`id`);

--
-- Indexes for table `sp_consultores`
--
ALTER TABLE `sp_consultores`
  ADD PRIMARY KEY (`id`);

--
-- Indexes for table `sp_contatos`
--
ALTER TABLE `sp_contatos`
  ADD PRIMARY KEY (`id`);

--
-- Indexes for table `sp_contato_msg`
--
ALTER TABLE `sp_contato_msg`
  ADD PRIMARY KEY (`id`);

--
-- Indexes for table `sp_depoimentos`
--
ALTER TABLE `sp_depoimentos`
  ADD PRIMARY KEY (`id`);

--
-- Indexes for table `sp_empresa`
--
ALTER TABLE `sp_empresa`
  ADD PRIMARY KEY (`id`);

--
-- Indexes for table `sp_etnias`
--
ALTER TABLE `sp_etnias`
  ADD PRIMARY KEY (`id`);

--
-- Indexes for table `sp_galeria`
--
ALTER TABLE `sp_galeria`
  ADD PRIMARY KEY (`id`);

--
-- Indexes for table `sp_gerais`
--
ALTER TABLE `sp_gerais`
  ADD PRIMARY KEY (`id`);

--
-- Indexes for table `sp_horariossematendimentos`
--
ALTER TABLE `sp_horariossematendimentos`
  ADD PRIMARY KEY (`id`);

--
-- Indexes for table `sp_indicadores`
--
ALTER TABLE `sp_indicadores`
  ADD PRIMARY KEY (`id`);

--
-- Indexes for table `sp_instituicoes`
--
ALTER TABLE `sp_instituicoes`
  ADD PRIMARY KEY (`id`);

--
-- Indexes for table `sp_itens`
--
ALTER TABLE `sp_itens`
  ADD PRIMARY KEY (`id`);

--
-- Indexes for table `sp_newsletter`
--
ALTER TABLE `sp_newsletter`
  ADD PRIMARY KEY (`id`);

--
-- Indexes for table `sp_oracoes`
--
ALTER TABLE `sp_oracoes`
  ADD PRIMARY KEY (`id`);

--
-- Indexes for table `sp_oracoes_files`
--
ALTER TABLE `sp_oracoes_files`
  ADD PRIMARY KEY (`id`);

--
-- Indexes for table `sp_papeis`
--
ALTER TABLE `sp_papeis`
  ADD PRIMARY KEY (`id`);

--
-- Indexes for table `sp_perguntas`
--
ALTER TABLE `sp_perguntas`
  ADD PRIMARY KEY (`id`);

--
-- Indexes for table `sp_portfolio`
--
ALTER TABLE `sp_portfolio`
  ADD PRIMARY KEY (`id`);

--
-- Indexes for table `sp_portfolio_fotos`
--
ALTER TABLE `sp_portfolio_fotos`
  ADD PRIMARY KEY (`id`);

--
-- Indexes for table `sp_produtos`
--
ALTER TABLE `sp_produtos`
  ADD PRIMARY KEY (`id`);

--
-- Indexes for table `sp_produtos_fotos`
--
ALTER TABLE `sp_produtos_fotos`
  ADD PRIMARY KEY (`id`);

--
-- Indexes for table `sp_resultados`
--
ALTER TABLE `sp_resultados`
  ADD PRIMARY KEY (`id`);

--
-- Indexes for table `sp_servicos`
--
ALTER TABLE `sp_servicos`
  ADD PRIMARY KEY (`id`);

--
-- Indexes for table `sp_servicos_categorias`
--
ALTER TABLE `sp_servicos_categorias`
  ADD PRIMARY KEY (`id`);

--
-- Indexes for table `sp_servicos_fotos`
--
ALTER TABLE `sp_servicos_fotos`
  ADD PRIMARY KEY (`id`);

--
-- Indexes for table `sp_servicos_itens`
--
ALTER TABLE `sp_servicos_itens`
  ADD PRIMARY KEY (`id`);

--
-- Indexes for table `sp_subcategorias`
--
ALTER TABLE `sp_subcategorias`
  ADD PRIMARY KEY (`id`);

--
-- Indexes for table `sp_tags`
--
ALTER TABLE `sp_tags`
  ADD PRIMARY KEY (`id`);

--
-- Indexes for table `sp_time`
--
ALTER TABLE `sp_time`
  ADD PRIMARY KEY (`id`);

--
-- Indexes for table `sp_videos`
--
ALTER TABLE `sp_videos`
  ADD PRIMARY KEY (`id`);

--
-- Indexes for table `sp_virtudes`
--
ALTER TABLE `sp_virtudes`
  ADD PRIMARY KEY (`id`);

--
-- AUTO_INCREMENT for dumped tables
--

--
-- AUTO_INCREMENT for table `sp_agendamento`
--
ALTER TABLE `sp_agendamento`
  MODIFY `id` int(11) NOT NULL AUTO_INCREMENT, AUTO_INCREMENT=70;

--
-- AUTO_INCREMENT for table `sp_agendamento_emails`
--
ALTER TABLE `sp_agendamento_emails`
  MODIFY `id` int(11) NOT NULL AUTO_INCREMENT;

--
-- AUTO_INCREMENT for table `sp_agendamento_servico`
--
ALTER TABLE `sp_agendamento_servico`
  MODIFY `id` int(11) NOT NULL AUTO_INCREMENT, AUTO_INCREMENT=63;

--
-- AUTO_INCREMENT for table `sp_apoiadores`
--
ALTER TABLE `sp_apoiadores`
  MODIFY `id` int(11) NOT NULL AUTO_INCREMENT, AUTO_INCREMENT=4;

--
-- AUTO_INCREMENT for table `sp_areasconhecimento`
--
ALTER TABLE `sp_areasconhecimento`
  MODIFY `id` int(11) NOT NULL AUTO_INCREMENT, AUTO_INCREMENT=35;

--
-- AUTO_INCREMENT for table `sp_banners`
--
ALTER TABLE `sp_banners`
  MODIFY `id` int(11) NOT NULL AUTO_INCREMENT, AUTO_INCREMENT=31;

--
-- AUTO_INCREMENT for table `sp_beneficios`
--
ALTER TABLE `sp_beneficios`
  MODIFY `id` int(11) NOT NULL AUTO_INCREMENT, AUTO_INCREMENT=7;

--
-- AUTO_INCREMENT for table `sp_blog`
--
ALTER TABLE `sp_blog`
  MODIFY `id` int(11) NOT NULL AUTO_INCREMENT, AUTO_INCREMENT=40;

--
-- AUTO_INCREMENT for table `sp_blog_fotos`
--
ALTER TABLE `sp_blog_fotos`
  MODIFY `id` int(11) NOT NULL AUTO_INCREMENT, AUTO_INCREMENT=66;

--
-- AUTO_INCREMENT for table `sp_blog_tags`
--
ALTER TABLE `sp_blog_tags`
  MODIFY `id` int(11) NOT NULL AUTO_INCREMENT, AUTO_INCREMENT=30;

--
-- AUTO_INCREMENT for table `sp_caixa`
--
ALTER TABLE `sp_caixa`
  MODIFY `id` int(11) NOT NULL AUTO_INCREMENT, AUTO_INCREMENT=6;

--
-- AUTO_INCREMENT for table `sp_categorias`
--
ALTER TABLE `sp_categorias`
  MODIFY `id` int(11) NOT NULL AUTO_INCREMENT, AUTO_INCREMENT=12;

--
-- AUTO_INCREMENT for table `sp_consultores`
--
ALTER TABLE `sp_consultores`
  MODIFY `id` int(11) NOT NULL AUTO_INCREMENT, AUTO_INCREMENT=6;

--
-- AUTO_INCREMENT for table `sp_contatos`
--
ALTER TABLE `sp_contatos`
  MODIFY `id` int(11) NOT NULL AUTO_INCREMENT, AUTO_INCREMENT=5;

--
-- AUTO_INCREMENT for table `sp_contato_msg`
--
ALTER TABLE `sp_contato_msg`
  MODIFY `id` int(11) NOT NULL AUTO_INCREMENT;

--
-- AUTO_INCREMENT for table `sp_depoimentos`
--
ALTER TABLE `sp_depoimentos`
  MODIFY `id` int(11) NOT NULL AUTO_INCREMENT, AUTO_INCREMENT=8;

--
-- AUTO_INCREMENT for table `sp_empresa`
--
ALTER TABLE `sp_empresa`
  MODIFY `id` int(11) NOT NULL AUTO_INCREMENT, AUTO_INCREMENT=69;

--
-- AUTO_INCREMENT for table `sp_etnias`
--
ALTER TABLE `sp_etnias`
  MODIFY `id` int(11) NOT NULL AUTO_INCREMENT, AUTO_INCREMENT=4;

--
-- AUTO_INCREMENT for table `sp_galeria`
--
ALTER TABLE `sp_galeria`
  MODIFY `id` int(11) NOT NULL AUTO_INCREMENT, AUTO_INCREMENT=28;

--
-- AUTO_INCREMENT for table `sp_gerais`
--
ALTER TABLE `sp_gerais`
  MODIFY `id` int(11) NOT NULL AUTO_INCREMENT, AUTO_INCREMENT=33;

--
-- AUTO_INCREMENT for table `sp_horariossematendimentos`
--
ALTER TABLE `sp_horariossematendimentos`
  MODIFY `id` int(11) NOT NULL AUTO_INCREMENT;

--
-- AUTO_INCREMENT for table `sp_indicadores`
--
ALTER TABLE `sp_indicadores`
  MODIFY `id` int(11) NOT NULL AUTO_INCREMENT, AUTO_INCREMENT=5;

--
-- AUTO_INCREMENT for table `sp_instituicoes`
--
ALTER TABLE `sp_instituicoes`
  MODIFY `id` int(11) NOT NULL AUTO_INCREMENT, AUTO_INCREMENT=5;

--
-- AUTO_INCREMENT for table `sp_itens`
--
ALTER TABLE `sp_itens`
  MODIFY `id` int(11) NOT NULL AUTO_INCREMENT, AUTO_INCREMENT=72;

--
-- AUTO_INCREMENT for table `sp_newsletter`
--
ALTER TABLE `sp_newsletter`
  MODIFY `id` int(11) NOT NULL AUTO_INCREMENT;

--
-- AUTO_INCREMENT for table `sp_oracoes`
--
ALTER TABLE `sp_oracoes`
  MODIFY `id` int(11) NOT NULL AUTO_INCREMENT, AUTO_INCREMENT=4;

--
-- AUTO_INCREMENT for table `sp_oracoes_files`
--
ALTER TABLE `sp_oracoes_files`
  MODIFY `id` int(11) NOT NULL AUTO_INCREMENT, AUTO_INCREMENT=5;

--
-- AUTO_INCREMENT for table `sp_papeis`
--
ALTER TABLE `sp_papeis`
  MODIFY `id` int(11) NOT NULL AUTO_INCREMENT, AUTO_INCREMENT=3;

--
-- AUTO_INCREMENT for table `sp_perguntas`
--
ALTER TABLE `sp_perguntas`
  MODIFY `id` int(11) NOT NULL AUTO_INCREMENT, AUTO_INCREMENT=8;

--
-- AUTO_INCREMENT for table `sp_portfolio`
--
ALTER TABLE `sp_portfolio`
  MODIFY `id` int(11) NOT NULL AUTO_INCREMENT, AUTO_INCREMENT=73;

--
-- AUTO_INCREMENT for table `sp_portfolio_fotos`
--
ALTER TABLE `sp_portfolio_fotos`
  MODIFY `id` int(11) NOT NULL AUTO_INCREMENT, AUTO_INCREMENT=10;

--
-- AUTO_INCREMENT for table `sp_produtos`
--
ALTER TABLE `sp_produtos`
  MODIFY `id` int(11) NOT NULL AUTO_INCREMENT, AUTO_INCREMENT=7;

--
-- AUTO_INCREMENT for table `sp_produtos_fotos`
--
ALTER TABLE `sp_produtos_fotos`
  MODIFY `id` int(11) NOT NULL AUTO_INCREMENT, AUTO_INCREMENT=5;

--
-- AUTO_INCREMENT for table `sp_resultados`
--
ALTER TABLE `sp_resultados`
  MODIFY `id` int(11) NOT NULL AUTO_INCREMENT, AUTO_INCREMENT=8;

--
-- AUTO_INCREMENT for table `sp_servicos`
--
ALTER TABLE `sp_servicos`
  MODIFY `id` int(11) NOT NULL AUTO_INCREMENT, AUTO_INCREMENT=60;

--
-- AUTO_INCREMENT for table `sp_servicos_categorias`
--
ALTER TABLE `sp_servicos_categorias`
  MODIFY `id` int(11) NOT NULL AUTO_INCREMENT, AUTO_INCREMENT=3;

--
-- AUTO_INCREMENT for table `sp_servicos_fotos`
--
ALTER TABLE `sp_servicos_fotos`
  MODIFY `id` int(11) NOT NULL AUTO_INCREMENT, AUTO_INCREMENT=26;

--
-- AUTO_INCREMENT for table `sp_servicos_itens`
--
ALTER TABLE `sp_servicos_itens`
  MODIFY `id` int(11) NOT NULL AUTO_INCREMENT, AUTO_INCREMENT=74;

--
-- AUTO_INCREMENT for table `sp_subcategorias`
--
ALTER TABLE `sp_subcategorias`
  MODIFY `id` int(11) NOT NULL AUTO_INCREMENT, AUTO_INCREMENT=6;

--
-- AUTO_INCREMENT for table `sp_tags`
--
ALTER TABLE `sp_tags`
  MODIFY `id` int(11) NOT NULL AUTO_INCREMENT, AUTO_INCREMENT=19;

--
-- AUTO_INCREMENT for table `sp_time`
--
ALTER TABLE `sp_time`
  MODIFY `id` int(11) NOT NULL AUTO_INCREMENT, AUTO_INCREMENT=11;

--
-- AUTO_INCREMENT for table `sp_videos`
--
ALTER TABLE `sp_videos`
  MODIFY `id` int(11) NOT NULL AUTO_INCREMENT, AUTO_INCREMENT=4;

--
-- AUTO_INCREMENT for table `sp_virtudes`
--
ALTER TABLE `sp_virtudes`
  MODIFY `id` int(11) NOT NULL AUTO_INCREMENT, AUTO_INCREMENT=6;

--
-- Constraints for dumped tables
--

--
-- Limitadores para a tabela `sp_agendamento`
--
ALTER TABLE `sp_agendamento`
  ADD CONSTRAINT `agendamento_cliente` FOREIGN KEY (`clienteID`) REFERENCES `sp_clientes` (`id`) ON DELETE CASCADE ON UPDATE CASCADE;

--
-- Limitadores para a tabela `sp_areasconhecimento`
--
ALTER TABLE `sp_areasconhecimento`
  ADD CONSTRAINT `areas_categoria` FOREIGN KEY (`categoriaID`) REFERENCES `sp_categorias` (`id`) ON DELETE CASCADE ON UPDATE CASCADE;

--
-- Limitadores para a tabela `sp_blog_fotos`
--
ALTER TABLE `sp_blog_fotos`
  ADD CONSTRAINT `blog_blogfotos` FOREIGN KEY (`id_blog`) REFERENCES `sp_blog` (`id`) ON DELETE CASCADE ON UPDATE CASCADE;
COMMIT;

