-- https://www.phpmyadmin.net/
--
-- Versão do servidor: 5.7.32-35-log

START TRANSACTION;



--
-- Database: `insource_salva`
--

-- --------------------------------------------------------

--
-- Estrutura da tabela `acaolog`
--

CREATE TABLE `acaolog` (
  `acaoLogID` int(11) NOT NULL,
  `nome` varchar(25) NOT NULL
) ENGINE=InnoDB DEFAULT CHARSET=latin1;

--
-- Extraindo dados da tabela `acaolog`
--

INSERT INTO `acaolog` (`acaoLogID`, `nome`) VALUES
(1, 'ACESSO AO SISTEMA'),
(2, 'CADASTRO'),
(3, 'EXCLUSÃO'),
(4, 'ALTERAÇÃO'),
(5, 'PESQUISA'),
(6, 'SAIU DO SISTEMA');

-- --------------------------------------------------------

--
-- Estrutura da tabela `agenda`
--

CREATE TABLE `agenda` (
  `agendaID` int(11) NOT NULL,
  `datacadastro` date NOT NULL,
  `datafinal` date NOT NULL,
  `titulo` text NOT NULL,
  `concluido` tinyint(4) NOT NULL,
  `assunto` varchar(255) NOT NULL,
  `descricao` text NOT NULL,
  `recorrente` int(11) NOT NULL,
  `horarioinicial` varchar(5) NOT NULL,
  `horariofinal` varchar(5) NOT NULL,
  `usuarioID` int(11) NOT NULL,
  `flagprivada` int(11) NOT NULL,
  `usuarioID_restrito` int(11) NOT NULL,
  `local` varchar(255) NOT NULL
) ENGINE=InnoDB DEFAULT CHARSET=utf8mb4;

--
-- Extraindo dados da tabela `agenda`
--

INSERT INTO `agenda` (`agendaID`, `datacadastro`, `datafinal`, `titulo`, `concluido`, `assunto`, `descricao`, `recorrente`, `horarioinicial`, `horariofinal`, `usuarioID`, `flagprivada`, `usuarioID_restrito`, `local`) VALUES
(1, '2023-01-26', '0000-00-00', 'ASDASD', 0, '', '', 0, '', '', 0, 0, 0, ''),
(2, '2023-02-01', '2023-02-01', 'TESTE 11', 0, '', 'teste 11', 0, '11:11', '12:12', 0, 0, 0, ''),
(3, '2023-02-01', '0000-00-00', 'TESTE12', 0, '', '', 0, '12:12', '', 0, 0, 0, ''),
(5, '2023-01-30', '0000-00-00', 'SADADS', 0, '', '', 0, '14:49', '15:49', 0, 0, 0, ''),
(6, '2023-01-30', '0000-00-00', 'AWRWERR', 0, '', '', 0, '16:00', '17:00', 0, 0, 0, ''),
(7, '2023-01-30', '0000-00-00', 'ASAS', 0, '', '', 0, '15:40', '15:56', 0, 0, 0, ''),
(8, '2023-02-01', '0000-00-00', 'TESTE', 0, '', '', 0, '10:10', '11:11', 0, 0, 0, ''),
(9, '2023-03-02', '0000-00-00', 'TESTE GRA', 0, '', '', 0, '10:10', '21:00', 1, 1, 0, ''),
(15, '2023-03-02', '0000-00-00', 'DSADSADSA', 0, '', '', 0, '09:09', '', 0, 0, 0, ''),
(16, '2023-02-03', '0000-00-00', 'TESTE ARON', 0, '', '', 0, '07:30', '08:30', 1, 0, 0, ''),
(17, '2023-03-07', '2023-03-07', 'GARANTIA SCAPDE EXCELÊNCIA', 0, '', 'TSTE GARANTIA', 0, '10:15', '11:15', 1, 1, 0, ''),
(18, '2023-03-08', '2023-03-08', 'GARANTIA WEBER DE EXCELÊNCIA', 0, '', 'asdasd asd asd asd', 0, '10:00', '11:00', 1, 1, 60, ''),
(19, '2023-03-07', '0000-00-00', 'ADSADS ARON', 0, '', '', 0, '', '', 1, 1, 60, ''),
(21, '2023-03-25', '0000-00-00', 'ASD ASD ASD ASD ARRRRR', 0, '', '', 0, ':', ':', 1, 1, 0, 'teste');

-- --------------------------------------------------------

--
-- Estrutura da tabela `agendausuario`
--

CREATE TABLE `agendausuario` (
  `agendausuarioID` int(11) NOT NULL,
  `agendaID` int(11) NOT NULL,
  `usuarioID` int(11) NOT NULL
) ENGINE=InnoDB DEFAULT CHARSET=utf8mb4;

--
-- Extraindo dados da tabela `agendausuario`
--

INSERT INTO `agendausuario` (`agendausuarioID`, `agendaID`, `usuarioID`) VALUES
(4, 21, 2),
(5, 21, 60),
(6, 12, 2),
(7, 12, 60),
(8, 22, 62),
(20, 9, 62),
(21, 9, 2);

-- --------------------------------------------------------

--
-- Estrutura da tabela `categoria`
--

CREATE TABLE `categoria` (
  `categoriaID` int(11) NOT NULL,
  `nome` varchar(255) NOT NULL DEFAULT ''
) ENGINE=InnoDB DEFAULT CHARSET=utf8mb4;

--
-- Extraindo dados da tabela `categoria`
--

INSERT INTO `categoria` (`categoriaID`, `nome`) VALUES
(1, 'Abstrato'),
(2, 'Futurista '),
(3, 'Paisagem'),
(4, 'Retrato');

-- --------------------------------------------------------

--
-- Estrutura da tabela `checklist`
--

CREATE TABLE `checklist` (
  `checklistID` int(11) NOT NULL,
  `nome` varchar(255) NOT NULL
) ENGINE=InnoDB DEFAULT CHARSET=utf8mb4;

--
-- Extraindo dados da tabela `checklist`
--

INSERT INTO `checklist` (`checklistID`, `nome`) VALUES
(15, 'CHECKLIST PADRÃO'),
(16, 'TESTE');

-- --------------------------------------------------------

--
-- Estrutura da tabela `checklistarvore`
--

CREATE TABLE `checklistarvore` (
  `checklistarvoreID` int(11) NOT NULL,
  `checklistID` int(11) NOT NULL,
  `titulo` varchar(255) NOT NULL,
  `fatherID` int(11) NOT NULL,
  `datalimite` date NOT NULL,
  `mostrarcliente` tinyint(4) NOT NULL
) ENGINE=InnoDB DEFAULT CHARSET=utf8mb4;

--
-- Extraindo dados da tabela `checklistarvore`
--

INSERT INTO `checklistarvore` (`checklistarvoreID`, `checklistID`, `titulo`, `fatherID`, `datalimite`, `mostrarcliente`) VALUES
(124, 15, 'contrato', 0, '0000-00-00', 0),
(125, 15, 'solicitar documentos para o cliente (rg ou passaporte)', 124, '0000-00-00', 0),
(126, 15, 'redigir o contrato', 124, '0000-00-00', 0),
(127, 15, 'encaminhar o contrato ao cliente pelo sistema autentique', 124, '0000-00-00', 0),
(128, 15, 'baixar arquivo do autentique e encaminhar ao cliente', 124, '0000-00-00', 0),
(129, 15, 'criação da pasta física e no drive', 124, '0000-00-00', 0),
(130, 15, 'arquivar o contrato assinado no drive', 124, '0000-00-00', 0),
(131, 15, 'enviar o e-mail padrão cliente ( carta de boas vindas)', 124, '0000-00-00', 0),
(132, 15, 'assenso para filhos menores - enviar e-mail de orientação ao cliente', 124, '0000-00-00', 0),
(133, 15, 'emissão/pesquisa de certidões (bra/ita)', 0, '0000-00-00', 0),
(134, 15, 'pesquisa de certidões bra/ita ( enviar feedback mensalmente)', 133, '0000-00-00', 0),
(135, 15, 'solicitar a emissã da certidão ao comune/cartório', 133, '0000-00-00', 0),
(136, 15, 'contrato adm italia', 124, '0000-00-00', 0),
(137, 15, 'contrato judicial materno/paterno', 124, '0000-00-00', 0),
(138, 15, 'contrato pesquisa', 124, '0000-00-00', 0),
(139, 15, 'analise completa dos documentos ( planilha)', 0, '0000-00-00', 0),
(140, 15, 'preencher a planilha de analise', 139, '0000-00-00', 0),
(141, 15, 'anexar a planilha de analise no drive', 139, '0000-00-00', 0),
(142, 15, 'verificar se todas as certidões foram emitidas em formato inteiro teor digitada/datilografada', 139, '0000-00-00', 0),
(143, 15, 'emitir a cnn ( certidão negativa de naturalização)', 139, '0000-00-00', 0),
(144, 15, 'enviar a cnn emitida ao cliente/tradução', 139, '0000-00-00', 0),
(145, 15, 'preparação dos documentos no brasil', 0, '0000-00-00', 0),
(146, 15, 'recebimentos e verificação das certidões em inteiro teor', 145, '0000-00-00', 0),
(147, 15, 'enviar para orçamento da tradução', 145, '0000-00-00', 0),
(148, 15, 'encaminhar e-mail para o envio dos documentos', 145, '0000-00-00', 0),
(149, 15, 'tradução e apostile', 145, '0000-00-00', 0),
(150, 15, 'envio dos documentos prontos para itália', 145, '0000-00-00', 0),
(151, 15, 'preparação dos formularios na itália', 0, '0000-00-00', 0),
(152, 15, 'definir no calendário a data de entrega (04 dias antes da chegada do cliente)', 151, '0000-00-00', 0),
(153, 15, 'formulário do codice fiscale', 151, '0000-00-00', 0),
(154, 15, 'FORMULÁRIO ospitalita ( art. 7)', 151, '0000-00-00', 0),
(155, 15, 'FORMULÁRIO presenza (verificar necessidade)', 151, '0000-00-00', 0),
(156, 15, 'FORMULÁRIO residenza', 151, '0000-00-00', 0),
(157, 15, 'FORMULÁRIO vigile', 151, '0000-00-00', 0),
(158, 15, 'FORMULÁRIO tessera sanitaria', 151, '0000-00-00', 0),
(159, 15, 'FORMULÁRIO passaporto ita', 151, '0000-00-00', 0),
(160, 15, 'FORMULÁRIO delega procura', 151, '0000-00-00', 0),
(161, 15, 'FORMULÁRIO delega certificati', 151, '0000-00-00', 0),
(162, 15, 'FORMULÁRIO  riconoscimento ( anexar cert. italiana do antenato)', 151, '0000-00-00', 0),
(163, 15, 'FORMULÁRIO fissura', 151, '0000-00-00', 0),
(164, 15, 'FORMULÁRIO trascrizione divorzio ( verificar necessidade)', 151, '0000-00-00', 0),
(165, 15, 'FORMULÁRIO istanza di riconoscimento', 151, '0000-00-00', 0),
(166, 15, 'recepção do cliente', 0, '0000-00-00', 0),
(167, 15, 'definir no calendario o dia da chegada do cliente', 166, '0000-00-00', 0),
(168, 15, 'anexar passagem do cliente no drive', 166, '0000-00-00', 0),
(169, 15, 'preparação da residencia para chegada do cliente (limpeza e organição)', 166, '0000-00-00', 0),
(170, 15, 'recepcionar cliente no aeroporto', 166, '0000-00-00', 0),
(171, 15, 'digitalização dos formularios protocolados', 0, '0000-00-00', 0),
(172, 15, 'FORMULÁRIO DO CODICE FISCALE', 171, '0000-00-00', 0),
(173, 15, 'FORMULÁRIO OSPITALITA ( ART. 7)', 171, '0000-00-00', 0),
(174, 15, 'FORMULÁRIO PRESENZA (VERIFICAR NECESSIDADE)', 171, '0000-00-00', 0),
(175, 15, 'FORMULÁRIO RESIDENZA', 171, '0000-00-00', 0),
(176, 15, 'FORMULÁRIO VIGILE', 171, '0000-00-00', 0),
(177, 15, 'FORMULÁRIO TESSERA SANITARIA', 171, '0000-00-00', 0),
(178, 15, 'FORMULÁRIO PASSAPORTO ITA', 171, '0000-00-00', 0),
(179, 15, 'FORMULÁRIO DELEGA PROCURA', 171, '0000-00-00', 0),
(180, 15, 'FORMULÁRIO DELEGA CERTIFICATI', 171, '0000-00-00', 0),
(181, 15, 'FORMULÁRIO RICONOSCIMENTO ( ANEXAR CERT. ITALIANA DO ANTENATO)', 171, '0000-00-00', 0),
(182, 15, 'FORMULÁRIO FISSURA', 171, '0000-00-00', 0),
(183, 15, 'FORMULÁRIO TRASCRIZIONE DIVORZIO ( VERIFICAR NECESSIDADE)', 171, '0000-00-00', 0),
(184, 15, 'FORMULÁRIO ISTANZA DI RICONOSCIMENTO', 171, '0000-00-00', 0),
(185, 15, 'enviar feedback do andamento do processo na itália ( 2 vezes no mês )', 0, '0000-00-00', 0),
(186, 15, 'carta di identita', 0, '0000-00-00', 0),
(187, 15, 'CARTA DI IDENTITà/passaporto ita', 0, '0000-00-00', 0),
(188, 15, 'enviar e-mail padrão ao cliente', 187, '0000-00-00', 0),
(189, 15, 'FORMULÁRIO permesso di soggiorno', 151, '0000-00-00', 0),
(190, 15, 'emissão da certidão transcritas em ita formato plurilingue', 187, '0000-00-00', 0),
(191, 15, 'trasferência de residência (aire)', 0, '0000-00-00', 0),
(192, 15, 'solicitar comprovante de residência recente (atualizado 3 meses/nomenal)', 191, '0000-00-00', 0),
(193, 15, 'preencher a solicitação online no fast it', 191, '0000-00-00', 0),
(194, 15, 'enviar por e-mail FORMULÁRIO a.i.r.e', 191, '0000-00-00', 0),
(195, 15, 'anexar online no fast it FORMULÁRIO a.i.r.e', 191, '0000-00-00', 0),
(196, 15, 'enviar e-mail padrão ao cliente (solicitação enviada ao consulado/embaixada)', 191, '0000-00-00', 0),
(197, 15, 'enviar e-mail padrão ao cliente solicitando endereço dos docs', 187, '0000-00-00', 0),
(198, 15, 'ENVIAR E-MAIL PADRÃO AO cliente com codigo de rastreamento', 187, '0000-00-00', 0),
(199, 16, 'teste 1', 0, '0000-00-00', 0),
(200, 16, 'teste 2', 0, '0000-00-00', 0),
(201, 16, 'teste 3', 0, '0000-00-00', 0),
(202, 16, 'tt1', 199, '0000-00-00', 0),
(203, 16, 'tt2', 199, '0000-00-00', 0);

-- --------------------------------------------------------

--
-- Estrutura da tabela `cliente`
--

CREATE TABLE `cliente` (
  `clienteID` int(11) NOT NULL,
  `nome` varchar(255) NOT NULL,
  `cpf` varchar(14) NOT NULL,
  `datanascimento` date NOT NULL,
  `rg` varchar(25) NOT NULL,
  `orgaoexpedidor` varchar(12) NOT NULL,
  `ufexpedidor` int(11) NOT NULL,
  `dataemissao` date NOT NULL DEFAULT '0001-01-01',
  `email` varchar(255) NOT NULL,
  `telefone` varchar(25) NOT NULL,
  `observacoes` text NOT NULL,
  `sexo` varchar(5) NOT NULL,
  `passaporte` varchar(255) NOT NULL,
  `paispassaporte` varchar(255) NOT NULL,
  `passaporteemissao` date NOT NULL DEFAULT '0001-01-01',
  `passaportevalidade` date NOT NULL DEFAULT '0001-01-01',
  `linkgoogledrive` text NOT NULL,
  `usuarioID` int(11) NOT NULL,
  `estadocivilID` int(11) NOT NULL,
  `codicefiscale` varchar(255) NOT NULL,
  `escolaridadeID` int(11) NOT NULL,
  `profissaoID` int(11) NOT NULL
) ENGINE=InnoDB DEFAULT CHARSET=utf8mb4;

--
-- Extraindo dados da tabela `cliente`
--

INSERT INTO `cliente` (`clienteID`, `nome`, `cpf`, `datanascimento`, `rg`, `orgaoexpedidor`, `ufexpedidor`, `dataemissao`, `email`, `telefone`, `observacoes`, `sexo`, `passaporte`, `paispassaporte`, `passaporteemissao`, `passaportevalidade`, `linkgoogledrive`, `usuarioID`, `estadocivilID`, `codicefiscale`, `escolaridadeID`, `profissaoID`) VALUES
(19, 'ARON SELHORST', '', '1992-12-26', '', '', 0, '0001-01-01', 'aron@insource.com.br', '', '', 'M', '', '', '0001-01-01', '0001-01-01', 'https://www.instagram.com/aronselhorst/aronn', 60, 0, '', 2, 3),
(21, 'GRA', '', '1992-05-21', '', '', 0, '0000-00-00', 'francieli.rosa@gmail.com', '', '', 'F', '', '', '0000-00-00', '0000-00-00', '', 62, 0, '', 0, 0),
(23, 'ARON SCAPINELLO SELHORST', '', '1992-12-26', '', '', 0, '0000-00-00', 'aronscapinello@gmail.com', '', '', 'M', '', '', '0000-00-00', '0000-00-00', '', 1, 0, '', 0, 0);

-- --------------------------------------------------------

--
-- Estrutura da tabela `clienteanexo`
--

CREATE TABLE `clienteanexo` (
  `clienteanexoID` int(11) NOT NULL,
  `clienteID` int(11) NOT NULL,
  `titulo` varchar(255) NOT NULL,
  `link` varchar(2555) NOT NULL,
  `arquivo` varchar(255) NOT NULL,
  `formatoArquivo` varchar(255) NOT NULL,
  `extensaoArquivo` varchar(25) NOT NULL,
  `tamanhoArquivo` varchar(255) NOT NULL,
  `datacadastro` date NOT NULL
) ENGINE=InnoDB DEFAULT CHARSET=utf8mb4;

--
-- Extraindo dados da tabela `clienteanexo`
--

INSERT INTO `clienteanexo` (`clienteanexoID`, `clienteID`, `titulo`, `link`, `arquivo`, `formatoArquivo`, `extensaoArquivo`, `tamanhoArquivo`, `datacadastro`) VALUES
(3, 19, 'ARON TESTE ,', '', 'cliente_66b1a53698933284ac6ced0b3df1e8621670116103.png', 'image/png', 'png', '164557', '2022-12-03'),
(4, 19, 'ARON SCAPINELLO SELHORST medidas', '', 'cliente_078dd71b528cba2bb0d2ba2c6b481f521678151346.pdf', 'application/pdf', 'pdf', '143457', '2023-03-06');

-- --------------------------------------------------------

--
-- Estrutura da tabela `clienteaviso`
--

CREATE TABLE `clienteaviso` (
  `clienteavisoID` int(11) NOT NULL,
  `datacadastro` date NOT NULL,
  `titulo` varchar(255) NOT NULL,
  `datavencimento` date NOT NULL,
  `descricao` text NOT NULL,
  `clienteID` int(11) NOT NULL
) ENGINE=InnoDB DEFAULT CHARSET=utf8mb4;

-- --------------------------------------------------------

--
-- Estrutura da tabela `clienteendereco`
--

CREATE TABLE `clienteendereco` (
  `clienteenderecoID` int(11) NOT NULL,
  `clienteID` int(11) NOT NULL,
  `datacadastro` datetime NOT NULL,
  `cep` varchar(20) NOT NULL,
  `logradouro` varchar(255) NOT NULL,
  `pais` varchar(255) NOT NULL,
  `estadoID` int(11) NOT NULL,
  `municipio` varchar(255) NOT NULL,
  `bairro` varchar(255) NOT NULL,
  `numero` varchar(25) NOT NULL,
  `complemento` varchar(1024) NOT NULL,
  `pontoReferencia` varchar(2000) NOT NULL
) ENGINE=InnoDB DEFAULT CHARSET=utf8mb4;

--
-- Extraindo dados da tabela `clienteendereco`
--

INSERT INTO `clienteendereco` (`clienteenderecoID`, `clienteID`, `datacadastro`, `cep`, `logradouro`, `pais`, `estadoID`, `municipio`, `bairro`, `numero`, `complemento`, `pontoReferencia`) VALUES
(1, 19, '2022-10-13 23:46:20', '', '', '', 0, '', '', '', '', ''),
(4, 21, '2022-10-14 22:11:42', '', '', '', 0, '', '', '', '', ''),
(5, 19, '2022-12-25 21:07:32', '', '', '', 0, '', '', '', '', ''),
(7, 23, '2022-12-28 21:27:14', '', '', '', 0, '', '', '', '', '');

-- --------------------------------------------------------

--
-- Estrutura da tabela `contato`
--

CREATE TABLE `contato` (
  `contatoID` int(11) NOT NULL,
  `nome` varchar(255) NOT NULL DEFAULT '',
  `datacadastro` date NOT NULL DEFAULT '0001-01-01',
  `email` varchar(255) NOT NULL DEFAULT '',
  `telefone` varchar(25) NOT NULL DEFAULT '',
  `cpf` varchar(25) NOT NULL,
  `cep` varchar(25) NOT NULL,
  `estado` varchar(255) NOT NULL,
  `municipio` varchar(255) NOT NULL,
  `bairro` varchar(255) NOT NULL,
  `logradouro` varchar(255) NOT NULL,
  `obs` text NOT NULL
) ENGINE=InnoDB DEFAULT CHARSET=utf8mb4;

-- --------------------------------------------------------

--
-- Estrutura da tabela `contatomensagem`
--

CREATE TABLE `contatomensagem` (
  `contatomensagemID` int(11) NOT NULL,
  `contatoID` int(11) NOT NULL,
  `datacadastro` date NOT NULL DEFAULT '0001-01-01'
) ENGINE=InnoDB DEFAULT CHARSET=utf8mb4;

-- --------------------------------------------------------

--
-- Estrutura da tabela `escolaridade`
--

CREATE TABLE `escolaridade` (
  `escolaridadeID` int(11) NOT NULL,
  `nome` varchar(255) NOT NULL
) ENGINE=InnoDB DEFAULT CHARSET=utf8mb4;

--
-- Extraindo dados da tabela `escolaridade`
--

INSERT INTO `escolaridade` (`escolaridadeID`, `nome`) VALUES
(2, 'ENSINO MÉDIO COMPLETO'),
(3, 'ENSINO MÉDIO INCOMPLETO');

-- --------------------------------------------------------

--
-- Estrutura da tabela `estado`
--

CREATE TABLE `estado` (
  `estadoID` int(11) NOT NULL,
  `nome` varchar(255) NOT NULL,
  `sigla` varchar(5) NOT NULL
) ENGINE=InnoDB DEFAULT CHARSET=utf8mb4;

--
-- Extraindo dados da tabela `estado`
--

INSERT INTO `estado` (`estadoID`, `nome`, `sigla`) VALUES
(11, 'Rondônia', 'RO'),
(12, 'Acre', 'AC'),
(13, 'Amazonas', 'AM'),
(14, 'Roraima', 'RR'),
(15, 'Pará', 'PA'),
(16, 'Amapá', 'AP'),
(17, 'Tocantins', 'TO'),
(21, 'Maranhão', 'MA'),
(22, 'Piauí', 'PI'),
(23, 'Ceará', 'CE'),
(24, 'Rio Grande do Norte', 'RN'),
(25, 'Paraíba', 'PA'),
(26, 'Pernambuco', 'PE'),
(27, 'Alagoas', 'AL'),
(28, 'Sergipe', 'SE'),
(29, 'Bahia', 'BA'),
(31, 'Minas Gerais', 'MG'),
(32, 'Espírito Santo', 'ES'),
(33, 'Rio de Janeiro', 'RJ'),
(35, 'São Paulo', 'SP'),
(41, 'Paraná', 'PR'),
(42, 'Santa Catarina', 'SC'),
(43, 'Rio Grande do Sul', 'RS'),
(50, 'Mato Grosso do Sul', 'MS'),
(51, 'Mato Grosso', 'MT'),
(52, 'Goiás', 'GO'),
(53, 'Distrito Federal', 'DF'),
(54, 'CISPLATINA', 'CP');

-- --------------------------------------------------------

--
-- Estrutura da tabela `estadocivil`
--

CREATE TABLE `estadocivil` (
  `estadocivilID` int(11) NOT NULL,
  `nome` varchar(255) NOT NULL
) ENGINE=InnoDB DEFAULT CHARSET=utf8mb4;

--
-- Extraindo dados da tabela `estadocivil`
--

INSERT INTO `estadocivil` (`estadocivilID`, `nome`) VALUES
(1, 'SOLTEIRO(A)'),
(2, 'CASADO(A)'),
(3, 'VIÚVO(A)'),
(4, 'DIVORCIADO(A)');

-- --------------------------------------------------------

--
-- Estrutura da tabela `favorito`
--

CREATE TABLE `favorito` (
  `favoritoID` int(11) NOT NULL,
  `nome` varchar(255) NOT NULL,
  `usuarioID` int(11) NOT NULL,
  `link` varchar(255) NOT NULL,
  `icone` varchar(25) NOT NULL,
  `dataCadastro` datetime NOT NULL
) ENGINE=InnoDB DEFAULT CHARSET=latin1;

--
-- Extraindo dados da tabela `favorito`
--

INSERT INTO `favorito` (`favoritoID`, `nome`, `usuarioID`, `link`, `icone`, `dataCadastro`) VALUES
(5, 'Processos', 1, 'processos', 'fa fa-book', '2023-01-13 19:52:00'),
(7, 'Processos', 60, 'processos', 'fa fa-book', '2023-02-09 20:39:48'),
(8, 'Lançamento Financeiro', 1, 'financeiro', 'fa fa-money', '2023-02-26 14:01:52'),
(9, 'Agendamentos', 1, 'agenda', 'fa fa-calendar', '2023-03-05 18:02:28'),
(10, 'Agendamentos', 60, 'agenda', 'fa fa-calendar', '2023-03-06 16:01:10'),
(11, 'Propostas', 1, 'proposta', 'fa fa-send', '2023-03-13 23:19:08');

-- --------------------------------------------------------

--
-- Estrutura da tabela `financeiro`
--

CREATE TABLE `financeiro` (
  `financeiroID` int(11) NOT NULL,
  `financeirotipoID` int(11) NOT NULL,
  `datapagamento` date NOT NULL,
  `datavencimento` date NOT NULL,
  `preco` double NOT NULL,
  `descricao` text NOT NULL,
  `flagprocesso` int(11) NOT NULL,
  `formapagamentoID` int(11) NOT NULL,
  `moedapagamentoID` int(11) NOT NULL,
  `precobr` double NOT NULL,
  `cotacaoprecobr` double NOT NULL,
  `datacadastro` date NOT NULL,
  `processoID` int(11) NOT NULL,
  `linkgoogledrive` text NOT NULL
) ENGINE=InnoDB DEFAULT CHARSET=utf8mb4;

--
-- Extraindo dados da tabela `financeiro`
--

INSERT INTO `financeiro` (`financeiroID`, `financeirotipoID`, `datapagamento`, `datavencimento`, `preco`, `descricao`, `flagprocesso`, `formapagamentoID`, `moedapagamentoID`, `precobr`, `cotacaoprecobr`, `datacadastro`, `processoID`, `linkgoogledrive`) VALUES
(1, 3, '2023-02-07', '0000-00-00', 150, 'Luz', 0, 1, 1, 150, 1, '2023-02-07', 0, ''),
(2, 3, '2023-02-08', '0000-00-00', 0.05, 'teste $ prolabore edit', 0, 10, 1, 0.05, 1, '2023-02-21', 0, ''),
(3, 4, '2023-02-09', '0000-00-00', 1231.23, 'adsdsa', 0, 4, 3, 6881.22, 5.5889, '2023-02-07', 0, ''),
(4, 1, '2023-12-01', '2023-02-27', 153.5, '', 1, 0, 1, 153.5, 1, '2023-02-26', 36, ''),
(5, 1, '2022-11-10', '2022-11-10', 10000, '', 1, 2, 1, 10000, 1, '2022-10-13', 36, ''),
(6, 1, '2022-10-09', '2022-10-10', 10000, '', 1, 1, 1, 10000, 1, '2022-10-13', 36, ''),
(7, 1, '0001-01-01', '2023-02-19', 100, '', 1, 0, 2, 520.16, 5.2016, '2022-12-21', 37, ''),
(8, 1, '2023-01-15', '2023-01-15', 1.23, '', 1, 1, 3, 6.76, 5.496, '2023-02-26', 36, ''),
(9, 1, '2023-01-15', '2023-02-08', 1231.23, '', 1, 5, 1, 1231.23, 1, '2023-01-15', 36, ''),
(10, 1, '2023-01-23', '2023-01-18', 5.55, '', 1, 1, 2, 28.29, 5.0966, '2023-01-15', 36, ''),
(11, 1, '2023-01-17', '2023-01-18', 3.33, '', 1, 5, 2, 16.97, 5.0966, '2023-01-15', 36, ''),
(13, 1, '2023-02-16', '2023-02-16', 123.31, 'Agenciamento de publicidades e propaganda, inclusive o agenciamento de veiculação por quaisquer meios', 1, 12, 1, 123.31, 1, '2023-02-26', 36, 'https://www.instagram.com/aronselhorst/a'),
(14, 1, '2023-02-26', '2023-02-26', 155, 'asddsaa 26', 1, 8, 2, 807.71, 5.211, '2023-02-26', 36, ''),
(15, 1, '2023-03-12', '2023-03-10', 1500, '', 1, 0, 1, 1500, 1, '2023-03-06', 49, '');

-- --------------------------------------------------------

--
-- Estrutura da tabela `financeiroanexo`
--

CREATE TABLE `financeiroanexo` (
  `financeiroanexoID` int(11) NOT NULL,
  `financeiroID` int(11) NOT NULL,
  `titulo` varchar(255) NOT NULL,
  `link` varchar(2555) NOT NULL,
  `arquivo` varchar(255) NOT NULL,
  `formatoArquivo` varchar(255) NOT NULL,
  `extensaoArquivo` varchar(25) NOT NULL,
  `tamanhoArquivo` varchar(255) NOT NULL,
  `datacadastro` date NOT NULL
) ENGINE=InnoDB DEFAULT CHARSET=utf8mb4;

--
-- Extraindo dados da tabela `financeiroanexo`
--

INSERT INTO `financeiroanexo` (`financeiroanexoID`, `financeiroID`, `titulo`, `link`, `arquivo`, `formatoArquivo`, `extensaoArquivo`, `tamanhoArquivo`, `datacadastro`) VALUES
(2, 13, '2023-03 parte 1 - Facebook', '', 'cliente_87da47e729bbde1f637c4478425e6c3b1678152976.pdf', 'application/pdf', 'pdf', '408607', '2023-03-06'),
(3, 13, '2023-03 parte 2 - Facebook', '', 'cliente_e8182136c51d8226ac6a0c38485e2c211678152976.pdf', 'application/pdf', 'pdf', '411230', '2023-03-06');

-- --------------------------------------------------------

--
-- Estrutura da tabela `financeirotipo`
--

CREATE TABLE `financeirotipo` (
  `financeirotipoID` int(11) NOT NULL,
  `nome` varchar(255) NOT NULL,
  `tipo` varchar(255) NOT NULL
) ENGINE=InnoDB DEFAULT CHARSET=utf8mb4;

--
-- Extraindo dados da tabela `financeirotipo`
--

INSERT INTO `financeirotipo` (`financeirotipoID`, `nome`, `tipo`) VALUES
(1, 'RECEITA PROCESSOS', 'ENTRADA'),
(2, 'SALÁRIO(S)', 'SAÍDA'),
(3, 'GASTOS GERAIS', 'SAÍDA'),
(4, 'RECEITAS GERAIS', 'ENTRADA');

-- --------------------------------------------------------

--
-- Estrutura da tabela `formapagamento`
--

CREATE TABLE `formapagamento` (
  `formapagamentoID` int(11) NOT NULL,
  `nome` varchar(255) NOT NULL
) ENGINE=InnoDB DEFAULT CHARSET=utf8mb4;

--
-- Extraindo dados da tabela `formapagamento`
--

INSERT INTO `formapagamento` (`formapagamentoID`, `nome`) VALUES
(1, 'DINHEIRO'),
(2, 'PIX'),
(4, 'FINECO'),
(5, 'C6'),
(6, 'N26 D'),
(7, 'N26 K'),
(8, 'DBE D\r\n'),
(9, 'DBE K'),
(10, 'NUB D'),
(11, 'NUB K'),
(12, 'BB B'),
(13, 'BB D');

-- --------------------------------------------------------

--
-- Estrutura da tabela `log`
--

CREATE TABLE `log` (
  `logID` int(11) NOT NULL,
  `ipAcesso` varchar(25) NOT NULL COMMENT 'IP do computador que está acessando o sistema',
  `dataHora` datetime NOT NULL COMMENT 'Data e hora do log',
  `usuarioID` int(11) NOT NULL COMMENT 'Usuário que efetuou ação. Referencia a tabela usuario',
  `acaoLogID` int(11) NOT NULL COMMENT 'Ação que foi executada. Referencia a tabela acaoLog',
  `tabelaAcao` varchar(255) NOT NULL COMMENT 'Nome da tabela que foi executada ação',
  `mensagem` varchar(255) NOT NULL COMMENT 'Mensagem da ação executada',
  `sqlAcao` text NOT NULL COMMENT 'SQL da ação executada',
  `dadosAntigos` text NOT NULL COMMENT 'Dados antigos em caso de UPDATE ou DELETE'
) ENGINE=InnoDB DEFAULT CHARSET=latin1;

--
-- Extraindo dados da tabela `log`
--

INSERT INTO `log` (`logID`, `ipAcesso`, `dataHora`, `usuarioID`, `acaoLogID`, `tabelaAcao`, `mensagem`, `sqlAcao`, `dadosAntigos`) VALUES
(1, '::1', '2022-10-13 23:46:02', 2, 1, '', 'Usuário FRANCIELI DENISE DA ROSA SCAPINELLO SELHORST realizou login no sistema', '', ''),
(2, '::1', '2022-10-13 23:46:20', 2, 2, 'usuario', 'Usuário FRANCIELI DENISE DA ROSA SCAPINELLO SELHORST cadastrou em \"usuario\" #60', '{\"login\":\"aron@insource.com.br\",\"cpf\":\"\",\"datanascimento\":\"1992-12-26\",\"nomeCompleto\":\"ARON SELHORST\",\"email\":\"aron@insource.com.br\",\"papelDeUsuarioID\":\"1\",\"admin\":\"0\",\"status\":\"1\",\"senha\":\"81dc9bdb52d04dc20036dbd8313ed055\"}', '[]'),
(3, '::1', '2022-10-13 23:46:20', 2, 2, 'cliente', 'Usuário FRANCIELI DENISE DA ROSA SCAPINELLO SELHORST cadastrou em \"cliente\" #19', '{\"nome\":\"ARON SELHORST\",\"cpf\":\"\",\"sexo\":\"M\",\"estadocivilID\":\"\",\"usuarioID\":\"60\",\"ufexpedidor\":\"\",\"orgaoexpedidor\":\"\",\"datanascimento\":\"1992-12-26\",\"dataemissao\":\"-12-\",\"email\":\"aron@insource.com.br\",\"codicefiscale\":\"\",\"passaporte\":\"\",\"paispassaporte\":\"\",\"passaporteemissao\":\"-12-\",\"passaportevalidade\":\"-12-\",\"telefone\":\"\",\"rg\":\"\",\"observacoes\":\"\"}', '[]'),
(4, '::1', '2022-10-13 23:46:20', 2, 2, 'clienteendereco', 'Usuário FRANCIELI DENISE DA ROSA SCAPINELLO SELHORST cadastrou em \"clienteendereco\" #1', '{\"bairro\":\"\",\"cep\":\"\",\"estadoID\":\"\",\"clienteID\":\"19\",\"municipio\":\"\",\"logradouro\":\"\",\"numero\":\"\",\"datacadastro\":\"2022-10-13 23:46:20\",\"complemento\":\"\",\"pontoReferencia\":\"\"}', '[]'),
(5, '::1', '2022-10-13 23:48:09', 2, 1, '', 'Usuário FRANCIELI DENISE DA ROSA SCAPINELLO SELHORST realizou login no sistema', '', ''),
(6, '::1', '2022-10-13 23:50:05', 2, 2, 'usuario', 'Usuário FRANCIELI DENISE DA ROSA SCAPINELLO SELHORST cadastrou em \"usuario\" #61', '{\"login\":\"teste@h\",\"cpf\":\"\",\"datanascimento\":\"1990-02-02\",\"nomeCompleto\":\"TESTE\",\"email\":\"teste@h\",\"papelDeUsuarioID\":\"1\",\"admin\":\"0\",\"status\":\"1\",\"senha\":\"81dc9bdb52d04dc20036dbd8313ed055\"}', '[]'),
(7, '::1', '2022-10-13 23:50:05', 2, 2, 'cliente', 'Usuário FRANCIELI DENISE DA ROSA SCAPINELLO SELHORST cadastrou em \"cliente\" #20', '{\"nome\":\"TESTE\",\"cpf\":\"\",\"sexo\":\"M\",\"estadocivilID\":\"\",\"usuarioID\":\"61\",\"ufexpedidor\":\"\",\"orgaoexpedidor\":\"\",\"datanascimento\":\"1990-02-02\",\"dataemissao\":\"-12-\",\"email\":\"teste@h\",\"codicefiscale\":\"\",\"passaporte\":\"\",\"paispassaporte\":\"\",\"passaporteemissao\":\"-12-\",\"passaportevalidade\":\"-12-\",\"telefone\":\"\",\"rg\":\"\",\"observacoes\":\"\"}', '[]'),
(8, '::1', '2022-10-13 23:50:05', 2, 2, 'clienteendereco', 'Usuário FRANCIELI DENISE DA ROSA SCAPINELLO SELHORST cadastrou em \"clienteendereco\" #2', '{\"bairro\":\"\",\"cep\":\"\",\"estadoID\":\"\",\"clienteID\":\"20\",\"municipio\":\"\",\"logradouro\":\"\",\"numero\":\"\",\"datacadastro\":\"2022-10-13 23:50:05\",\"complemento\":\"\",\"pontoReferencia\":\"\"}', '[]'),
(9, '::1', '2022-10-13 23:50:30', 2, 4, 'cliente', 'Usuário FRANCIELI DENISE DA ROSA SCAPINELLO SELHORST editou em \"cliente\" #20', '{\"nome\":\"TESTE\",\"cpf\":\"\",\"sexo\":\"M\",\"ufexpedidor\":\"\",\"passaporte\":\"\",\"estadocivilID\":\"\",\"codicefiscale\":\"\",\"paispassaporte\":\"\",\"passaporteemissao\":\"0001-01-01\",\"passaportevalidade\":\"0001-01-01\",\"orgaoexpedidor\":\"\",\"datanascimento\":\"1990-02-02\",\"dataemissao\":\"0001-01-01\",\"email\":\"teste@h\",\"telefone\":\"\",\"rg\":\"asd\",\"observacoes\":\"\"}', '[{\"clienteID\":\"20\",\"nome\":\"TESTE\",\"cpf\":\"\",\"datanascimento\":\"1990-02-02\",\"rg\":\"\",\"orgaoexpedidor\":\"\",\"ufexpedidor\":\"0\",\"dataemissao\":\"0000-00-00\",\"email\":\"teste@h\",\"telefone\":\"\",\"observacoes\":\"\",\"sexo\":\"M\",\"passaporte\":\"\",\"paispassaporte\":\"\",\"passaporteemissao\":\"0000-00-00\",\"passaportevalidade\":\"0000-00-00\",\"linkgoogledrive\":\"\",\"usuarioID\":\"61\",\"estadocivilID\":\"0\",\"codicefiscale\":\"\"}]'),
(10, '::1', '2022-10-13 23:50:30', 2, 2, 'clienteendereco', 'Usuário FRANCIELI DENISE DA ROSA SCAPINELLO SELHORST cadastrou em \"clienteendereco\" #3', '{\"bairro\":\"\",\"cep\":\"\",\"estadoID\":\"\",\"clienteID\":\"20\",\"municipio\":\"\",\"logradouro\":\"\",\"numero\":\"\",\"datacadastro\":\"2022-10-13 23:50:30\",\"complemento\":\"\",\"pontoReferencia\":\"\"}', '[]'),
(11, '::1', '2022-10-13 23:50:35', 2, 3, 'cliente', 'Usuário FRANCIELI DENISE DA ROSA SCAPINELLO SELHORST excluiu em \"cliente\" #20', '{\"clienteID\":\"20\"}', '[{\"clienteID\":\"20\",\"nome\":\"TESTE\",\"cpf\":\"\",\"datanascimento\":\"1990-02-02\",\"rg\":\"asd\",\"orgaoexpedidor\":\"\",\"ufexpedidor\":\"0\",\"dataemissao\":\"0001-01-01\",\"email\":\"teste@h\",\"telefone\":\"\",\"observacoes\":\"\",\"sexo\":\"M\",\"passaporte\":\"\",\"paispassaporte\":\"\",\"passaporteemissao\":\"0001-01-01\",\"passaportevalidade\":\"0001-01-01\",\"linkgoogledrive\":\"\",\"usuarioID\":\"61\",\"estadocivilID\":\"0\",\"codicefiscale\":\"\"}]'),
(12, '::1', '2022-10-13 23:50:48', 2, 2, 'processo', 'Usuário FRANCIELI DENISE DA ROSA SCAPINELLO SELHORST cadastrou em \"processo\" #36', '{\"codigo\":\"123ASD\",\"clienteID\":\"19\",\"processotipoID\":\"5\",\"checklistID\":\"\",\"statusprocessoID\":\"1\"}', '[]'),
(13, '::1', '2022-10-13 23:50:50', 2, 4, 'processo', 'Usuário FRANCIELI DENISE DA ROSA SCAPINELLO SELHORST editou em \"processo\" #36', '{\"codigo\":\"123ASD\",\"processotipoID\":\"5\",\"statusprocessoID\":\"1\",\"checklistID\":\"15\"}', '[{\"processoID\":\"36\",\"clienteID\":\"19\",\"datainicio\":\"0000-00-00\",\"codigo\":\"123ASD\",\"processotipoID\":\"5\",\"checklistID\":\"0\",\"statusprocessoID\":\"1\"}]'),
(14, '::1', '2022-10-13 23:51:08', 2, 4, 'processo', 'Usuário FRANCIELI DENISE DA ROSA SCAPINELLO SELHORST editou em \"processo\" #36', '{\"codigo\":\"123ASD\",\"processotipoID\":\"5\",\"statusprocessoID\":\"1\",\"checklistID\":\"15\"}', '[{\"processoID\":\"36\",\"clienteID\":\"19\",\"datainicio\":\"0000-00-00\",\"codigo\":\"123ASD\",\"processotipoID\":\"5\",\"checklistID\":\"15\",\"statusprocessoID\":\"1\"}]'),
(15, '::1', '2022-10-13 23:51:13', 2, 4, 'processo', 'Usuário FRANCIELI DENISE DA ROSA SCAPINELLO SELHORST editou em \"processo\" #36', '{\"codigo\":\"123ASD\",\"processotipoID\":\"5\",\"statusprocessoID\":\"1\",\"checklistID\":\"15\"}', '[{\"processoID\":\"36\",\"clienteID\":\"19\",\"datainicio\":\"0000-00-00\",\"codigo\":\"123ASD\",\"processotipoID\":\"5\",\"checklistID\":\"15\",\"statusprocessoID\":\"1\"}]'),
(16, '::1', '2022-10-14 11:23:14', 2, 1, '', 'Usuário FRANCIELI DENISE DA ROSA SCAPINELLO SELHORST realizou login no sistema', '', ''),
(17, '::1', '2022-10-14 16:40:46', 2, 1, '', 'Usuário FRANCIELI DENISE DA ROSA SCAPINELLO SELHORST realizou login no sistema', '', ''),
(18, '::1', '2022-10-14 16:41:29', 2, 1, '', 'Usuário FRANCIELI DENISE DA ROSA SCAPINELLO SELHORST realizou login no sistema', '', ''),
(19, '::1', '2022-10-14 22:11:24', 2, 1, '', 'Usuário FRANCIELI DENISE DA ROSA SCAPINELLO SELHORST realizou login no sistema', '', ''),
(20, '::1', '2022-10-14 22:11:42', 2, 2, 'usuario', 'Usuário FRANCIELI DENISE DA ROSA SCAPINELLO SELHORST cadastrou em \"usuario\" #62', '{\"login\":\"francieli.rosa@gmail.com\",\"cpf\":\"\",\"datanascimento\":\"1992-05-21\",\"nomeCompleto\":\"GRA\",\"email\":\"francieli.rosa@gmail.com\",\"papelDeUsuarioID\":\"1\",\"admin\":\"0\",\"status\":\"1\",\"senha\":\"81dc9bdb52d04dc20036dbd8313ed055\"}', '[]'),
(21, '::1', '2022-10-14 22:11:42', 2, 2, 'cliente', 'Usuário FRANCIELI DENISE DA ROSA SCAPINELLO SELHORST cadastrou em \"cliente\" #21', '{\"nome\":\"GRA\",\"cpf\":\"\",\"sexo\":\"F\",\"estadocivilID\":\"\",\"usuarioID\":\"62\",\"ufexpedidor\":\"\",\"orgaoexpedidor\":\"\",\"datanascimento\":\"1992-05-21\",\"dataemissao\":\"-12-\",\"email\":\"francieli.rosa@gmail.com\",\"codicefiscale\":\"\",\"passaporte\":\"\",\"paispassaporte\":\"\",\"passaporteemissao\":\"-12-\",\"passaportevalidade\":\"-12-\",\"telefone\":\"\",\"rg\":\"\",\"observacoes\":\"\"}', '[]'),
(22, '::1', '2022-10-14 22:11:42', 2, 2, 'clienteendereco', 'Usuário FRANCIELI DENISE DA ROSA SCAPINELLO SELHORST cadastrou em \"clienteendereco\" #4', '{\"bairro\":\"\",\"cep\":\"\",\"estadoID\":\"\",\"clienteID\":\"21\",\"municipio\":\"\",\"logradouro\":\"\",\"numero\":\"\",\"datacadastro\":\"2022-10-14 22:11:42\",\"complemento\":\"\",\"pontoReferencia\":\"\"}', '[]'),
(23, '::1', '2022-10-14 22:12:45', 2, 4, 'usuario', 'Usuário FRANCIELI DENISE DA ROSA SCAPINELLO SELHORST editou em \"usuario\" #2', '{\"email\":\"franrosafran92@gmail.com\",\"nomeCompleto\":\"FRANCIELI DENISE DA ROSA SCAPINELLO SELHORST\",\"papelDeUsuarioID\":\"1\",\"login\":\"franrosafran92@gmail.com\",\"cpf\":\"08855292943\",\"statusMotivo\":\"\",\"senha\":\"81dc9bdb52d04dc20036dbd8313ed055\",\"datanascimento\":\"1992-06-23\",\"admin\":\"0\",\"status\":\"1\"}', '[{\"usuarioID\":\"2\",\"nomeCompleto\":\"FRANCIELI DENISE DA ROSA SCAPINELLO SELHORST\",\"login\":\"franrosafran92@gmail.com\",\"senha\":\"81dc9bdb52d04dc20036dbd8313ed055\",\"admin\":\"1\",\"status\":\"1\",\"statusMotivo\":\"\",\"papelDeUsuarioID\":\"1\",\"email\":\"franrosafran92@gmail.com\",\"cpf\":\"08855292943\",\"senhaRessetada\":\"0\",\"datanascimento\":\"1992-06-23\",\"primeiroacesso\":\"0\"}]'),
(24, '::1', '2022-10-14 22:12:52', 2, 1, '', 'Usuário FRANCIELI DENISE DA ROSA SCAPINELLO SELHORST realizou login no sistema', '', ''),
(25, '::1', '2022-10-14 22:13:03', 1, 1, '', 'Usuário Aron Scapinello Selhorst realizou login no sistema', '', ''),
(26, '::1', '2022-10-14 22:17:29', 1, 1, '', 'Usuário Aron Scapinello Selhorst realizou login no sistema', '', ''),
(27, '::1', '2022-10-14 22:18:31', 1, 1, '', 'Usuário Aron Scapinello Selhorst realizou login no sistema', '', ''),
(28, '::1', '2022-10-14 22:18:50', 1, 4, 'processo', 'Usuário Aron Scapinello Selhorst editou em \"processo\" #36', '{\"codigo\":\"123ASD\",\"processotipoID\":\"5\",\"statusprocessoID\":\"1\",\"checklistID\":\"15\"}', '[{\"processoID\":\"36\",\"clienteID\":\"19\",\"datainicio\":\"0000-00-00\",\"codigo\":\"123ASD\",\"processotipoID\":\"5\",\"checklistID\":\"15\",\"statusprocessoID\":\"1\"}]'),
(29, '::1', '2022-10-14 22:19:13', 1, 4, 'processopagamento', 'Usuário Aron Scapinello Selhorst editou em \"processopagamento\" #1', '{\"datapagamento\":\"2022-11-10\",\"formapagamentoID\":\"2\"}', '[{\"processopagamentoID\":\"1\",\"processoID\":\"36\",\"datapagamento\":\"0001-01-01\",\"datavencimento\":\"2022-11-10\",\"preco\":\"10000\",\"formapagamentoID\":\"0\",\"moedapagamentoID\":\"1\",\"precobr\":\"10000\",\"cotacaoprecobr\":\"1\",\"datacadastro\":\"2022-10-13\"}]'),
(30, '::1', '2022-10-14 22:19:13', 1, 4, 'processo', 'Usuário Aron Scapinello Selhorst editou em \"processo\" #36', '{\"codigo\":\"123ASD\",\"processotipoID\":\"5\",\"statusprocessoID\":\"1\",\"checklistID\":\"15\"}', '[{\"processoID\":\"36\",\"clienteID\":\"19\",\"datainicio\":\"0000-00-00\",\"codigo\":\"123ASD\",\"processotipoID\":\"5\",\"checklistID\":\"15\",\"statusprocessoID\":\"1\"}]'),
(31, '::1', '2022-11-09 15:35:02', 1, 1, '', 'Usuário Aron Scapinello Selhorst realizou login no sistema', '', ''),
(32, '::1', '2022-12-03 15:43:33', 1, 1, '', 'Usuário Aron Scapinello Selhorst realizou login no sistema', '', ''),
(33, '::1', '2022-12-03 16:59:24', 1, 6, '', 'Usuário Aron Scapinello Selhorst saiu do sistema', '', ''),
(34, '::1', '2022-12-03 17:35:01', 1, 1, '', 'Usuário Aron Scapinello Selhorst realizou login no sistema', '', ''),
(35, '::1', '2022-12-03 18:06:35', 1, 1, '', 'Usuário Aron Scapinello Selhorst realizou login no sistema', '', ''),
(36, '::1', '2022-12-03 18:38:38', 1, 1, '', 'Usuário Aron Scapinello Selhorst realizou login no sistema', '', ''),
(37, '::1', '2022-12-03 19:44:04', 1, 6, '', 'Usuário Aron Scapinello Selhorst saiu do sistema', '', ''),
(38, '::1', '2022-12-03 22:02:53', 1, 1, '', 'Usuário Aron Scapinello Selhorst realizou login no sistema', '', ''),
(39, '::1', '2022-12-03 22:08:13', 1, 1, '', 'Usuário Aron Scapinello Selhorst realizou login no sistema', '', ''),
(40, '::1', '2022-12-03 22:12:33', 1, 1, '', 'Usuário Aron Scapinello Selhorst realizou login no sistema', '', ''),
(41, '::1', '2022-12-03 22:25:00', 1, 1, '', 'Usuário Aron Scapinello Selhorst realizou login no sistema', '', ''),
(42, '::1', '2022-12-03 22:27:34', 1, 1, '', 'Usuário Aron Scapinello Selhorst realizou login no sistema', '', ''),
(43, '::1', '2022-12-03 22:27:59', 1, 1, '', 'Usuário Aron Scapinello Selhorst realizou login no sistema', '', ''),
(44, '::1', '2022-12-03 22:30:18', 1, 1, '', 'Usuário Aron Scapinello Selhorst realizou login no sistema', '', ''),
(45, '::1', '2022-12-03 22:30:38', 1, 1, '', 'Usuário Aron Scapinello Selhorst realizou login no sistema', '', ''),
(46, '::1', '2022-12-03 22:31:47', 1, 1, '', 'Usuário Aron Scapinello Selhorst realizou login no sistema', '', ''),
(47, '::1', '2022-12-03 22:32:25', 1, 1, '', 'Usuário Aron Scapinello Selhorst realizou login no sistema', '', ''),
(48, '::1', '2022-12-21 21:15:23', 1, 1, '', 'Usuário Aron Scapinello Selhorst realizou login no sistema', '', ''),
(49, '::1', '2022-12-21 21:28:07', 1, 2, 'processo', 'Usuário Aron Scapinello Selhorst cadastrou em \"processo\" #37', '{\"codigo\":\"2022-123ADM\",\"clienteID\":\"19\",\"processotipoID\":\"1\",\"checklistID\":\"\",\"statusprocessoID\":\"1\"}', '[]'),
(50, '::1', '2022-12-21 21:29:46', 1, 4, 'processo', 'Usuário Aron Scapinello Selhorst editou em \"processo\" #37', '{\"codigo\":\"2022-123ADM\",\"processotipoID\":\"1\",\"statusprocessoID\":\"1\",\"checklistID\":\"15\"}', '[{\"processoID\":\"37\",\"clienteID\":\"19\",\"datainicio\":\"0000-00-00\",\"codigo\":\"2022-123ADM\",\"processotipoID\":\"1\",\"checklistID\":\"0\",\"statusprocessoID\":\"1\"}]'),
(51, '::1', '2022-12-21 21:31:20', 1, 4, 'processo', 'Usuário Aron Scapinello Selhorst editou em \"processo\" #37', '{\"codigo\":\"2022-123ADM\",\"processotipoID\":\"1\",\"statusprocessoID\":\"1\",\"checklistID\":\"15\"}', '[{\"processoID\":\"37\",\"clienteID\":\"19\",\"datainicio\":\"0000-00-00\",\"codigo\":\"2022-123ADM\",\"processotipoID\":\"1\",\"checklistID\":\"15\",\"statusprocessoID\":\"1\"}]'),
(52, '::1', '2022-12-24 17:40:59', 1, 1, '', 'Usuário Aron Scapinello Selhorst realizou login no sistema', '', ''),
(53, '::1', '2022-12-24 20:05:44', 1, 6, '', 'Usuário Aron Scapinello Selhorst saiu do sistema', '', ''),
(54, '::1', '2022-12-25 20:03:49', 1, 1, '', 'Usuário Aron Scapinello Selhorst realizou login no sistema', '', ''),
(55, '::1', '2022-12-25 20:22:47', 1, 1, '', 'Usuário Aron Scapinello Selhorst realizou login no sistema', '', ''),
(56, '::1', '2022-12-25 20:41:59', 1, 1, '', 'Usuário Aron Scapinello Selhorst realizou login no sistema', '', ''),
(57, '::1', '2022-12-25 20:43:09', 1, 1, '', 'Usuário Aron Scapinello Selhorst realizou login no sistema', '', ''),
(58, '::1', '2022-12-25 20:49:06', 1, 1, '', 'Usuário Aron Scapinello Selhorst realizou login no sistema', '', ''),
(59, '::1', '2022-12-25 20:50:22', 1, 1, '', 'Usuário Aron Scapinello Selhorst realizou login no sistema', '', ''),
(60, '::1', '2022-12-25 20:52:16', 1, 1, '', 'Usuário Aron Scapinello Selhorst realizou login no sistema', '', ''),
(61, '::1', '2022-12-25 20:52:27', 1, 2, 'escolaridade', 'Usuário Aron Scapinello Selhorst cadastrou em \"escolaridade\" #1', '{\"nome\":\"ENSINO Mu00c9DIO COMPLETO A\"}', '[]'),
(62, '::1', '2022-12-25 20:53:26', 1, 1, '', 'Usuário Aron Scapinello Selhorst realizou login no sistema', '', ''),
(63, '::1', '2022-12-25 20:53:33', 1, 4, 'escolaridade', 'Usuário Aron Scapinello Selhorst editou em \"escolaridade\" #1', '{\"nome\":\"ENSINO Mu00c9DIO COMPLETO\"}', '[{\"escolaridadeID\":\"1\",\"nome\":\"ENSINO Mu00c9DIO COMPLETO A\"}]'),
(64, '::1', '2022-12-25 20:53:38', 1, 3, 'escolaridade', 'Usuário Aron Scapinello Selhorst excluiu em \"escolaridade\" #1', '{\"escolaridadeID\":\"1\"}', '[{\"escolaridadeID\":\"1\",\"nome\":\"ENSINO Mu00c9DIO COMPLETO\"}]'),
(65, '::1', '2022-12-25 20:53:44', 1, 2, 'escolaridade', 'Usuário Aron Scapinello Selhorst cadastrou em \"escolaridade\" #2', '{\"nome\":\"ENSINO Mu00c9DIO COMPLETO\"}', '[]'),
(66, '::1', '2022-12-25 20:53:54', 1, 2, 'escolaridade', 'Usuário Aron Scapinello Selhorst cadastrou em \"escolaridade\" #3', '{\"nome\":\"ENSINO Mu00c9DIO INCOMPLETO\"}', '[]'),
(67, '::1', '2022-12-25 20:54:36', 1, 2, 'profissao', 'Usuário Aron Scapinello Selhorst cadastrou em \"profissao\" #1', '{\"nome\":\"AGRICULTOR(A)\"}', '[]'),
(68, '::1', '2022-12-25 20:54:45', 1, 2, 'profissao', 'Usuário Aron Scapinello Selhorst cadastrou em \"profissao\" #2', '{\"nome\":\"Tu00c9CNICO EM INFORMu00c1TICA A\"}', '[]'),
(69, '::1', '2022-12-25 20:54:47', 1, 4, 'profissao', 'Usuário Aron Scapinello Selhorst editou em \"profissao\" #2', '{\"nome\":\"Tu00c9CNICO EM INFORMu00c1TICA\"}', '[{\"profissaoID\":\"2\",\"nome\":\"Tu00c9CNICO EM INFORMu00c1TICA A\"}]'),
(70, '::1', '2022-12-25 20:54:50', 1, 3, 'profissao', 'Usuário Aron Scapinello Selhorst excluiu em \"profissao\" #2', '{\"profissaoID\":\"2\"}', '[{\"profissaoID\":\"2\",\"nome\":\"Tu00c9CNICO EM INFORMu00c1TICA\"}]'),
(71, '::1', '2022-12-25 20:54:58', 1, 2, 'profissao', 'Usuário Aron Scapinello Selhorst cadastrou em \"profissao\" #3', '{\"nome\":\"Tu00c9CNICO EM INFORMu00c1TICA\"}', '[]'),
(72, '::1', '2022-12-25 20:55:07', 1, 2, 'profissao', 'Usuário Aron Scapinello Selhorst cadastrou em \"profissao\" #4', '{\"nome\":\"PROFESSOR(A)\"}', '[]'),
(73, '::1', '2022-12-25 20:57:01', 1, 1, '', 'Usuário Aron Scapinello Selhorst realizou login no sistema', '', ''),
(74, '::1', '2022-12-25 20:59:04', 1, 1, '', 'Usuário Aron Scapinello Selhorst realizou login no sistema', '', ''),
(75, '::1', '2022-12-25 21:01:11', 1, 1, '', 'Usuário Aron Scapinello Selhorst realizou login no sistema', '', ''),
(76, '::1', '2022-12-25 21:02:55', 1, 1, '', 'Usuário Aron Scapinello Selhorst realizou login no sistema', '', ''),
(77, '::1', '2022-12-25 21:07:32', 1, 4, 'cliente', 'Usuário Aron Scapinello Selhorst editou em \"cliente\" #19', '{\"nome\":\"ARON SELHORST\",\"cpf\":\"\",\"sexo\":\"M\",\"ufexpedidor\":\"\",\"passaporte\":\"\",\"estadocivilID\":\"\",\"codicefiscale\":\"\",\"paispassaporte\":\"\",\"escolaridadeID\":\"2\",\"profissaoID\":\"3\",\"passaporteemissao\":\"0001-01-01\",\"passaportevalidade\":\"0001-01-01\",\"orgaoexpedidor\":\"\",\"datanascimento\":\"1992-12-26\",\"dataemissao\":\"0001-01-01\",\"email\":\"aron@insource.com.br\",\"telefone\":\"\",\"rg\":\"\",\"observacoes\":\"\"}', '[{\"clienteID\":\"19\",\"nome\":\"ARON SELHORST\",\"cpf\":\"\",\"datanascimento\":\"1992-12-26\",\"rg\":\"\",\"orgaoexpedidor\":\"\",\"ufexpedidor\":\"0\",\"dataemissao\":\"0000-00-00\",\"email\":\"aron@insource.com.br\",\"telefone\":\"\",\"observacoes\":\"\",\"sexo\":\"M\",\"passaporte\":\"\",\"paispassaporte\":\"\",\"passaporteemissao\":\"0000-00-00\",\"passaportevalidade\":\"0000-00-00\",\"linkgoogledrive\":\"\",\"usuarioID\":\"60\",\"estadocivilID\":\"0\",\"codicefiscale\":\"\",\"escolaridadeID\":\"0\",\"profissaoID\":\"0\"}]'),
(78, '::1', '2022-12-25 21:07:32', 1, 2, 'clienteendereco', 'Usuário Aron Scapinello Selhorst cadastrou em \"clienteendereco\" #5', '{\"bairro\":\"\",\"cep\":\"\",\"estadoID\":\"\",\"clienteID\":\"19\",\"municipio\":\"\",\"logradouro\":\"\",\"numero\":\"\",\"datacadastro\":\"2022-12-25 21:07:32\",\"complemento\":\"\",\"pontoReferencia\":\"\"}', '[]'),
(79, '::1', '2022-12-25 21:08:39', 1, 1, '', 'Usuário Aron Scapinello Selhorst realizou login no sistema', '', ''),
(80, '::1', '2022-12-25 21:10:17', 1, 1, '', 'Usuário Aron Scapinello Selhorst realizou login no sistema', '', ''),
(81, '::1', '2022-12-25 21:17:32', 1, 2, 'agenda', 'Usuário Aron Scapinello Selhorst cadastrou em \"agenda\" #7', '{\"titulo\":\"TESTE 11\",\"datacadastro\":\"2022-12-27\",\"datafinal\":\"-12-\",\"descricao\":\"asdasd\"}', '[]'),
(82, '::1', '2022-12-25 21:18:49', 1, 1, '', 'Usuário Aron Scapinello Selhorst realizou login no sistema', '', ''),
(83, '::1', '2022-12-25 21:19:24', 1, 1, '', 'Usuário Aron Scapinello Selhorst realizou login no sistema', '', ''),
(84, '::1', '2022-12-25 21:19:42', 1, 1, '', 'Usuário Aron Scapinello Selhorst realizou login no sistema', '', ''),
(85, '::1', '2022-12-25 21:21:35', 1, 1, '', 'Usuário Aron Scapinello Selhorst realizou login no sistema', '', ''),
(86, '::1', '2022-12-25 21:22:20', 1, 1, '', 'Usuário Aron Scapinello Selhorst realizou login no sistema', '', ''),
(87, '::1', '2022-12-25 21:23:19', 1, 2, 'agenda', 'Usuário Aron Scapinello Selhorst cadastrou em \"agenda\" #8', '{\"titulo\":\"TESTE 11\",\"datacadastro\":\"2022-12-27\",\"datafinal\":\"-12-\",\"descricao\":\"https://www.instagram.com/aronselhorst/ \\\\nasdasd\\\\nasd\\\\nas\\\\nd\\\\nadasdas\"}', '[]'),
(88, '::1', '2022-12-25 21:23:32', 1, 1, '', 'Usuário Aron Scapinello Selhorst realizou login no sistema', '', ''),
(89, '::1', '2022-12-25 21:23:44', 1, 2, 'agenda', 'Usuário Aron Scapinello Selhorst cadastrou em \"agenda\" #9', '{\"titulo\":\"DSADSA\",\"datacadastro\":\"2022-12-29\",\"datafinal\":\"-12-\",\"descricao\":\"https://www.instagram.com/aronselhorst/\\\\nasdasdasdasd\"}', '[]'),
(90, '::1', '2022-12-26 13:16:20', 1, 1, '', 'Usuário Aron Scapinello Selhorst realizou login no sistema', '', ''),
(91, '::1', '2022-12-26 18:16:02', 1, 6, '', 'Usuário Aron Scapinello Selhorst saiu do sistema', '', ''),
(92, '::1', '2022-12-26 18:53:29', 1, 1, '', 'Usuário Aron Scapinello Selhorst realizou login no sistema', '', ''),
(93, '::1', '2022-12-26 19:02:17', 1, 1, '', 'Usuário Aron Scapinello Selhorst realizou login no sistema', '', ''),
(94, '::1', '2022-12-26 19:03:38', 1, 1, '', 'Usuário Aron Scapinello Selhorst realizou login no sistema', '', ''),
(95, '::1', '2022-12-26 19:25:35', 1, 1, '', 'Usuário Aron Scapinello Selhorst realizou login no sistema', '', ''),
(96, '::1', '2022-12-26 19:26:52', 1, 1, '', 'Usuário Aron Scapinello Selhorst realizou login no sistema', '', ''),
(97, '::1', '2022-12-27 18:18:55', 1, 1, '', 'Usuário Aron Scapinello Selhorst realizou login no sistema', '', ''),
(98, '::1', '2022-12-27 19:11:38', 1, 1, '', 'Usuário Aron Scapinello Selhorst realizou login no sistema', '', ''),
(99, '::1', '2022-12-28 16:52:34', 1, 1, '', 'Usuário Aron Scapinello Selhorst realizou login no sistema', '', ''),
(100, '::1', '2022-12-28 19:16:38', 1, 6, '', 'Usuário Aron Scapinello Selhorst saiu do sistema', '', ''),
(101, '::1', '2022-12-28 19:22:51', 1, 1, '', 'Usuário Aron Scapinello Selhorst realizou login no sistema', '', ''),
(102, '::1', '2022-12-28 20:07:57', 1, 1, '', 'Usuário Aron Scapinello Selhorst realizou login no sistema', '', ''),
(103, '::1', '2022-12-28 20:09:23', 1, 1, '', 'Usuário Aron Scapinello Selhorst realizou login no sistema', '', ''),
(104, '::1', '2022-12-28 20:17:24', 1, 1, '', 'Usuário Aron Scapinello Selhorst realizou login no sistema', '', ''),
(105, '::1', '2022-12-28 20:24:47', 1, 1, '', 'Usuário Aron Scapinello Selhorst realizou login no sistema', '', ''),
(106, '::1', '2022-12-28 20:25:51', 1, 1, '', 'Usuário Aron Scapinello Selhorst realizou login no sistema', '', ''),
(107, '::1', '2022-12-28 20:26:02', 1, 1, '', 'Usuário Aron Scapinello Selhorst realizou login no sistema', '', ''),
(108, '::1', '2022-12-28 20:27:16', 1, 1, '', 'Usuário Aron Scapinello Selhorst realizou login no sistema', '', ''),
(109, '::1', '2022-12-28 20:40:03', 1, 1, '', 'Usuário Aron Scapinello Selhorst realizou login no sistema', '', ''),
(110, '::1', '2022-12-28 20:42:46', 1, 1, '', 'Usuário Aron Scapinello Selhorst realizou login no sistema', '', ''),
(111, '::1', '2022-12-28 20:46:17', 1, 1, '', 'Usuário Aron Scapinello Selhorst realizou login no sistema', '', ''),
(112, '::1', '2022-12-28 20:47:06', 1, 1, '', 'Usuário Aron Scapinello Selhorst realizou login no sistema', '', ''),
(113, '::1', '2022-12-28 20:47:43', 1, 1, '', 'Usuário Aron Scapinello Selhorst realizou login no sistema', '', ''),
(114, '::1', '2022-12-28 20:50:59', 1, 1, '', 'Usuário Aron Scapinello Selhorst realizou login no sistema', '', ''),
(115, '::1', '2022-12-28 20:51:31', 1, 1, '', 'Usuário Aron Scapinello Selhorst realizou login no sistema', '', ''),
(116, '::1', '2022-12-28 20:52:53', 1, 1, '', 'Usuário Aron Scapinello Selhorst realizou login no sistema', '', ''),
(117, '::1', '2022-12-28 20:55:30', 1, 1, '', 'Usuário Aron Scapinello Selhorst realizou login no sistema', '', ''),
(118, '::1', '2022-12-28 20:58:32', 1, 1, '', 'Usuário Aron Scapinello Selhorst realizou login no sistema', '', ''),
(119, '::1', '2022-12-28 21:12:49', 1, 2, 'cliente', 'Usuário Aron Scapinello Selhorst cadastrou em \"cliente\" #22', '{\"nome\":\"ARON SCAPINELLO SELHORST\",\"cpf\":\"\",\"sexo\":\"M\",\"estadocivilID\":\"0\",\"usuarioID\":\"1\",\"ufexpedidor\":\"0\",\"orgaoexpedidor\":\"\",\"datanascimento\":\"1992-12-26\",\"dataemissao\":\"-12-\",\"email\":\"aronscapinello@gmail.com\",\"codicefiscale\":\"\",\"passaporte\":\"\",\"paispassaporte\":\"\",\"passaporteemissao\":\"-12-\",\"passaportevalidade\":\"-12-\",\"telefone\":\"\",\"rg\":\"\",\"escolaridadeID\":\"0\",\"profissaoID\":\"0\",\"observacoes\":\"\"}', '[]'),
(120, '::1', '2022-12-28 21:12:49', 1, 2, 'clienteendereco', 'Usuário Aron Scapinello Selhorst cadastrou em \"clienteendereco\" #6', '{\"bairro\":\"\",\"cep\":\"\",\"estadoID\":\"\",\"clienteID\":\"22\",\"municipio\":\"\",\"logradouro\":\"\",\"numero\":\"\",\"datacadastro\":\"2022-12-28 21:12:49\",\"complemento\":\"\",\"pontoReferencia\":\"\"}', '[]'),
(121, '::1', '2022-12-28 21:13:54', 1, 3, 'cliente', 'Usuário Aron Scapinello Selhorst excluiu em \"cliente\" #22', '{\"clienteID\":\"22\"}', '[{\"clienteID\":\"22\",\"nome\":\"ARON SCAPINELLO SELHORST\",\"cpf\":\"\",\"datanascimento\":\"1992-12-26\",\"rg\":\"\",\"orgaoexpedidor\":\"\",\"ufexpedidor\":\"0\",\"dataemissao\":\"0000-00-00\",\"email\":\"aronscapinello@gmail.com\",\"telefone\":\"\",\"observacoes\":\"\",\"sexo\":\"M\",\"passaporte\":\"\",\"paispassaporte\":\"\",\"passaporteemissao\":\"0000-00-00\",\"passaportevalidade\":\"0000-00-00\",\"linkgoogledrive\":\"\",\"usuarioID\":\"1\",\"estadocivilID\":\"0\",\"codicefiscale\":\"\",\"escolaridadeID\":\"0\",\"profissaoID\":\"0\"}]'),
(122, '::1', '2022-12-28 21:26:55', 1, 1, '', 'Usuário Aron Scapinello Selhorst realizou login no sistema', '', ''),
(123, '::1', '2022-12-28 21:27:14', 1, 2, 'cliente', 'Usuário Aron Scapinello Selhorst cadastrou em \"cliente\" #23', '{\"nome\":\"ARON SCAPINELLO SELHORST\",\"cpf\":\"\",\"sexo\":\"M\",\"estadocivilID\":\"0\",\"usuarioID\":\"1\",\"ufexpedidor\":\"0\",\"orgaoexpedidor\":\"\",\"datanascimento\":\"1992-12-26\",\"dataemissao\":\"-12-\",\"email\":\"aronscapinello@gmail.com\",\"codicefiscale\":\"\",\"passaporte\":\"\",\"paispassaporte\":\"\",\"passaporteemissao\":\"-12-\",\"passaportevalidade\":\"-12-\",\"telefone\":\"\",\"rg\":\"\",\"escolaridadeID\":\"0\",\"profissaoID\":\"0\",\"observacoes\":\"\"}', '[]'),
(124, '::1', '2022-12-28 21:27:14', 1, 2, 'clienteendereco', 'Usuário Aron Scapinello Selhorst cadastrou em \"clienteendereco\" #7', '{\"bairro\":\"\",\"cep\":\"\",\"estadoID\":\"\",\"clienteID\":\"23\",\"municipio\":\"\",\"logradouro\":\"\",\"numero\":\"\",\"datacadastro\":\"2022-12-28 21:27:14\",\"complemento\":\"\",\"pontoReferencia\":\"\"}', '[]'),
(125, '::1', '2022-12-28 21:27:47', 1, 1, '', 'Usuário Aron Scapinello Selhorst realizou login no sistema', '', ''),
(126, '::1', '2022-12-28 21:28:20', 1, 1, '', 'Usuário Aron Scapinello Selhorst realizou login no sistema', '', ''),
(127, '::1', '2022-12-28 21:28:51', 1, 1, '', 'Usuário Aron Scapinello Selhorst realizou login no sistema', '', ''),
(128, '::1', '2022-12-28 21:31:30', 1, 1, '', 'Usuário Aron Scapinello Selhorst realizou login no sistema', '', ''),
(129, '::1', '2022-12-28 21:36:08', 1, 1, '', 'Usuário Aron Scapinello Selhorst realizou login no sistema', '', ''),
(130, '::1', '2022-12-29 12:55:12', 1, 1, '', 'Usuário Aron Scapinello Selhorst realizou login no sistema', '', ''),
(131, '::1', '2022-12-29 18:04:41', 1, 6, '', 'Usuário Aron Scapinello Selhorst saiu do sistema', '', ''),
(132, '::1', '2022-12-29 19:43:04', 1, 1, '', 'Usuário Aron Scapinello Selhorst realizou login no sistema', '', ''),
(133, '::1', '2022-12-29 19:46:58', 1, 1, '', 'Usuário Aron Scapinello Selhorst realizou login no sistema', '', ''),
(134, '::1', '2022-12-29 19:48:14', 1, 1, '', 'Usuário Aron Scapinello Selhorst realizou login no sistema', '', ''),
(135, '::1', '2022-12-29 19:50:21', 1, 1, '', 'Usuário Aron Scapinello Selhorst realizou login no sistema', '', ''),
(136, '::1', '2022-12-29 19:50:33', 1, 2, 'propostastatus', 'Usuário Aron Scapinello Selhorst cadastrou em \"propostastatus\" #5', '{\"nome\":\"TESTE\"}', '[]'),
(137, '::1', '2022-12-29 19:50:36', 1, 4, 'propostastatus', 'Usuário Aron Scapinello Selhorst editou em \"propostastatus\" #5', '{\"nome\":\"TESTE AS\"}', '[{\"propostastatusID\":\"5\",\"nome\":\"TESTE\"}]'),
(138, '::1', '2022-12-29 19:50:53', 1, 4, 'propostastatus', 'Usuário Aron Scapinello Selhorst editou em \"propostastatus\" #5', '{\"nome\":\"EXCLUu00cdDA\"}', '[{\"propostastatusID\":\"5\",\"nome\":\"TESTE AS\"}]'),
(139, '::1', '2022-12-29 19:57:20', 1, 1, '', 'Usuário Aron Scapinello Selhorst realizou login no sistema', '', ''),
(140, '::1', '2022-12-29 19:58:04', 1, 1, '', 'Usuário Aron Scapinello Selhorst realizou login no sistema', '', ''),
(141, '::1', '2022-12-29 19:59:40', 1, 1, '', 'Usuário Aron Scapinello Selhorst realizou login no sistema', '', ''),
(142, '::1', '2022-12-29 20:00:13', 1, 1, '', 'Usuário Aron Scapinello Selhorst realizou login no sistema', '', ''),
(143, '::1', '2022-12-29 20:02:01', 1, 1, '', 'Usuário Aron Scapinello Selhorst realizou login no sistema', '', ''),
(144, '::1', '2023-01-06 18:06:31', 1, 1, '', 'Usuário Aron Scapinello Selhorst realizou login no sistema', '', ''),
(145, '::1', '2023-01-09 11:03:09', 1, 1, '', 'Usuário Aron Scapinello Selhorst realizou login no sistema', '', ''),
(146, '::1', '2023-01-09 12:35:59', 1, 6, '', 'Usuário Aron Scapinello Selhorst saiu do sistema', '', ''),
(147, '::1', '2023-01-11 19:26:15', 1, 1, '', 'Usuário Aron Scapinello Selhorst realizou login no sistema', '', ''),
(148, '::1', '2023-01-11 19:26:28', 1, 4, 'proposta', 'Usuário Aron Scapinello Selhorst editou em \"proposta\" #1', '{\"nome\":\"TESTE\"}', '[{\"propostaID\":\"1\",\"nome\":\"teste\",\"datacadastro\":\"2022-12-28\",\"obs\":\"teste\",\"email\":\"aronscapinello@gmail.com\",\"arquivo\":\"banner_08cc50cce4a119e6ec4e1f9157f5f1371672269014.pdf\",\"formatoArquivo\":\"application/pdf\",\"extensaoArquivo\":\"pdf\",\"tamanhoArquivo\":\"179213\",\"propostastatusID\":\"1\"}]'),
(149, '::1', '2023-01-11 19:27:40', 1, 1, '', 'Usuário Aron Scapinello Selhorst realizou login no sistema', '', ''),
(150, '::1', '2023-01-13 19:20:23', 1, 1, '', 'Usuário Aron Scapinello Selhorst realizou login no sistema', '', ''),
(151, '::1', '2023-01-13 19:45:58', 1, 1, '', 'Usuário Aron Scapinello Selhorst realizou login no sistema', '', ''),
(152, '::1', '2023-01-13 19:46:44', 1, 2, 'processocategoria', 'Usuário Aron Scapinello Selhorst cadastrou em \"processocategoria\" #5', '{\"nome\":\"TESTE\"}', '[]'),
(153, '::1', '2023-01-13 19:46:47', 1, 4, 'processocategoria', 'Usuário Aron Scapinello Selhorst editou em \"processocategoria\" #5', '{\"nome\":\"TESTE ASD\"}', '[{\"processocategoriaID\":\"5\",\"nome\":\"TESTE\"}]'),
(154, '::1', '2023-01-13 19:46:52', 1, 3, 'processocategoria', 'Usuário Aron Scapinello Selhorst excluiu em \"processocategoria\" #5', '{\"processocategoriaID\":\"5\"}', '[{\"processocategoriaID\":\"5\",\"nome\":\"TESTE ASD\"}]'),
(155, '::1', '2023-01-13 19:51:26', 1, 1, '', 'Usuário Aron Scapinello Selhorst realizou login no sistema', '', ''),
(156, '::1', '2023-01-13 19:51:57', 1, 1, '', 'Usuário Aron Scapinello Selhorst realizou login no sistema', '', ''),
(157, '::1', '2023-01-13 19:52:46', 1, 1, '', 'Usuário Aron Scapinello Selhorst realizou login no sistema', '', ''),
(158, '::1', '2023-01-13 19:58:34', 1, 1, '', 'Usuário Aron Scapinello Selhorst realizou login no sistema', '', ''),
(159, '::1', '2023-01-13 20:02:44', 1, 1, '', 'Usuário Aron Scapinello Selhorst realizou login no sistema', '', ''),
(160, '::1', '2023-01-13 20:03:10', 1, 1, '', 'Usuário Aron Scapinello Selhorst realizou login no sistema', '', ''),
(161, '::1', '2023-01-13 20:11:37', 1, 1, '', 'Usuário Aron Scapinello Selhorst realizou login no sistema', '', ''),
(162, '::1', '2023-01-13 20:15:22', 1, 2, 'processo', 'Usuário Aron Scapinello Selhorst cadastrou em \"processo\" #45', '{\"codigo\":\"SADSAD\",\"clienteID\":\"21\",\"processocategoriaID\":\"03\",\"processotipoID\":\"09\",\"checklistID\":\"0\",\"statusprocessoID\":\"1\"}', '[]'),
(163, '::1', '2023-01-13 20:16:52', 1, 2, 'processo', 'Usuário Aron Scapinello Selhorst cadastrou em \"processo\" #46', '{\"codigo\":\"2112\",\"clienteID\":\"21\",\"processocategoriaID\":\"02\",\"processotipoID\":\"0\",\"checklistID\":\"0\",\"statusprocessoID\":\"1\"}', '[]'),
(164, '::1', '2023-01-13 20:17:01', 1, 3, 'processo', 'Usuário Aron Scapinello Selhorst excluiu em \"processo\" #45', '{\"processoID\":\"45\"}', '[{\"processoID\":\"45\",\"clienteID\":\"21\",\"datainicio\":\"0000-00-00\",\"codigo\":\"SADSAD\",\"processotipoID\":\"9\",\"checklistID\":\"0\",\"statusprocessoID\":\"1\",\"processocategoriaID\":\"3\"}]'),
(165, '::1', '2023-01-13 20:17:25', 1, 2, 'processo', 'Usuário Aron Scapinello Selhorst cadastrou em \"processo\" #47', '{\"codigo\":\"SADDSA\",\"clienteID\":\"21\",\"processocategoriaID\":\"03\",\"processotipoID\":\"0\",\"checklistID\":\"0\",\"statusprocessoID\":\"1\"}', '[]'),
(166, '::1', '2023-01-13 20:18:07', 1, 2, 'processo', 'Usuário Aron Scapinello Selhorst cadastrou em \"processo\" #48', '{\"codigo\":\"DSAADS1223\",\"clienteID\":\"21\",\"processocategoriaID\":\"01\",\"processotipoID\":\"0\",\"checklistID\":\"0\",\"statusprocessoID\":\"1\"}', '[]'),
(167, '::1', '2023-01-13 20:22:00', 1, 4, 'processo', 'Usuário Aron Scapinello Selhorst editou em \"processo\" #48', '{\"codigo\":\"DSAADS1223\",\"processotipoID\":\"0\",\"processocategoriaID\":\"01\",\"statusprocessoID\":\"01\",\"checklistID\":\"015\"}', '[{\"processoID\":\"48\",\"clienteID\":\"21\",\"datainicio\":\"0000-00-00\",\"codigo\":\"DSAADS1223\",\"processotipoID\":\"0\",\"checklistID\":\"0\",\"statusprocessoID\":\"1\",\"processocategoriaID\":\"1\"}]'),
(168, '::1', '2023-01-14 17:22:59', 1, 1, '', 'Usuário Aron Scapinello Selhorst realizou login no sistema', '', ''),
(169, '::1', '2023-01-14 17:24:47', 1, 1, '', 'Usuário Aron Scapinello Selhorst realizou login no sistema', '', ''),
(170, '::1', '2023-01-14 17:49:07', 1, 1, '', 'Usuário Aron Scapinello Selhorst realizou login no sistema', '', ''),
(171, '::1', '2023-01-14 17:51:19', 1, 4, 'processo', 'Usuário Aron Scapinello Selhorst editou em \"processo\" #47', '{\"codigo\":\"SADDSA\",\"processotipoID\":\"0\",\"processocategoriaID\":\"03\",\"statusprocessoID\":\"01\",\"checklistID\":\"015\"}', '[{\"processoID\":\"47\",\"clienteID\":\"21\",\"datainicio\":\"0000-00-00\",\"codigo\":\"SADDSA\",\"processotipoID\":\"0\",\"checklistID\":\"0\",\"statusprocessoID\":\"1\",\"processocategoriaID\":\"3\"}]'),
(172, '::1', '2023-01-14 17:53:12', 1, 4, 'processo', 'Usuário Aron Scapinello Selhorst editou em \"processo\" #48', '{\"codigo\":\"DSAADS1223\",\"processotipoID\":\"0\",\"processocategoriaID\":\"01\",\"statusprocessoID\":\"01\",\"checklistID\":\"015\"}', '[{\"processoID\":\"48\",\"clienteID\":\"21\",\"datainicio\":\"0000-00-00\",\"codigo\":\"DSAADS1223\",\"processotipoID\":\"0\",\"checklistID\":\"15\",\"statusprocessoID\":\"1\",\"processocategoriaID\":\"1\"}]'),
(173, '::1', '2023-01-14 17:53:18', 1, 4, 'processo', 'Usuário Aron Scapinello Selhorst editou em \"processo\" #48', '{\"codigo\":\"DSAADS1223\",\"processotipoID\":\"0\",\"processocategoriaID\":\"01\",\"statusprocessoID\":\"01\",\"checklistID\":\"015\"}', '[{\"processoID\":\"48\",\"clienteID\":\"21\",\"datainicio\":\"0000-00-00\",\"codigo\":\"DSAADS1223\",\"processotipoID\":\"0\",\"checklistID\":\"15\",\"statusprocessoID\":\"1\",\"processocategoriaID\":\"1\"}]'),
(174, '::1', '2023-01-14 17:53:24', 1, 4, 'processo', 'Usuário Aron Scapinello Selhorst editou em \"processo\" #48', '{\"codigo\":\"DSAADS1223\",\"processotipoID\":\"0\",\"processocategoriaID\":\"01\",\"statusprocessoID\":\"01\",\"checklistID\":\"015\"}', '[{\"processoID\":\"48\",\"clienteID\":\"21\",\"datainicio\":\"0000-00-00\",\"codigo\":\"DSAADS1223\",\"processotipoID\":\"0\",\"checklistID\":\"15\",\"statusprocessoID\":\"1\",\"processocategoriaID\":\"1\"}]'),
(175, '::1', '2023-01-14 17:53:29', 1, 4, 'processo', 'Usuário Aron Scapinello Selhorst editou em \"processo\" #48', '{\"codigo\":\"DSAADS1223\",\"processotipoID\":\"0\",\"processocategoriaID\":\"01\",\"statusprocessoID\":\"01\",\"checklistID\":\"015\"}', '[{\"processoID\":\"48\",\"clienteID\":\"21\",\"datainicio\":\"0000-00-00\",\"codigo\":\"DSAADS1223\",\"processotipoID\":\"0\",\"checklistID\":\"15\",\"statusprocessoID\":\"1\",\"processocategoriaID\":\"1\"}]'),
(176, '::1', '2023-01-14 17:53:32', 1, 4, 'processo', 'Usuário Aron Scapinello Selhorst editou em \"processo\" #48', '{\"codigo\":\"DSAADS1223\",\"processotipoID\":\"0\",\"processocategoriaID\":\"01\",\"statusprocessoID\":\"01\",\"checklistID\":\"015\"}', '[{\"processoID\":\"48\",\"clienteID\":\"21\",\"datainicio\":\"0000-00-00\",\"codigo\":\"DSAADS1223\",\"processotipoID\":\"0\",\"checklistID\":\"15\",\"statusprocessoID\":\"1\",\"processocategoriaID\":\"1\"}]'),
(177, '::1', '2023-01-14 17:53:39', 1, 4, 'processo', 'Usuário Aron Scapinello Selhorst editou em \"processo\" #48', '{\"codigo\":\"DSAADS1223\",\"processotipoID\":\"0\",\"processocategoriaID\":\"01\",\"statusprocessoID\":\"01\",\"checklistID\":\"015\"}', '[{\"processoID\":\"48\",\"clienteID\":\"21\",\"datainicio\":\"0000-00-00\",\"codigo\":\"DSAADS1223\",\"processotipoID\":\"0\",\"checklistID\":\"15\",\"statusprocessoID\":\"1\",\"processocategoriaID\":\"1\"}]'),
(178, '::1', '2023-01-14 17:53:42', 1, 4, 'processo', 'Usuário Aron Scapinello Selhorst editou em \"processo\" #48', '{\"codigo\":\"DSAADS1223\",\"processotipoID\":\"0\",\"processocategoriaID\":\"01\",\"statusprocessoID\":\"01\",\"checklistID\":\"015\"}', '[{\"processoID\":\"48\",\"clienteID\":\"21\",\"datainicio\":\"0000-00-00\",\"codigo\":\"DSAADS1223\",\"processotipoID\":\"0\",\"checklistID\":\"15\",\"statusprocessoID\":\"1\",\"processocategoriaID\":\"1\"}]'),
(179, '::1', '2023-01-14 17:53:47', 1, 4, 'processo', 'Usuário Aron Scapinello Selhorst editou em \"processo\" #48', '{\"codigo\":\"DSAADS1223\",\"processotipoID\":\"0\",\"processocategoriaID\":\"01\",\"statusprocessoID\":\"01\",\"checklistID\":\"015\"}', '[{\"processoID\":\"48\",\"clienteID\":\"21\",\"datainicio\":\"0000-00-00\",\"codigo\":\"DSAADS1223\",\"processotipoID\":\"0\",\"checklistID\":\"15\",\"statusprocessoID\":\"1\",\"processocategoriaID\":\"1\"}]'),
(180, '::1', '2023-01-14 17:53:58', 1, 4, 'processo', 'Usuário Aron Scapinello Selhorst editou em \"processo\" #46', '{\"codigo\":\"2112\",\"processotipoID\":\"0\",\"processocategoriaID\":\"02\",\"statusprocessoID\":\"01\",\"checklistID\":\"015\"}', '[{\"processoID\":\"46\",\"clienteID\":\"21\",\"datainicio\":\"0000-00-00\",\"codigo\":\"2112\",\"processotipoID\":\"0\",\"checklistID\":\"0\",\"statusprocessoID\":\"1\",\"processocategoriaID\":\"2\"}]'),
(181, '::1', '2023-01-14 17:54:01', 1, 4, 'processo', 'Usuário Aron Scapinello Selhorst editou em \"processo\" #46', '{\"codigo\":\"2112\",\"processotipoID\":\"0\",\"processocategoriaID\":\"02\",\"statusprocessoID\":\"01\",\"checklistID\":\"015\"}', '[{\"processoID\":\"46\",\"clienteID\":\"21\",\"datainicio\":\"0000-00-00\",\"codigo\":\"2112\",\"processotipoID\":\"0\",\"checklistID\":\"15\",\"statusprocessoID\":\"1\",\"processocategoriaID\":\"2\"}]'),
(182, '::1', '2023-01-14 18:02:12', 1, 1, '', 'Usuário Aron Scapinello Selhorst realizou login no sistema', '', ''),
(183, '::1', '2023-01-14 18:02:34', 1, 4, 'processo', 'Usuário Aron Scapinello Selhorst editou em \"processo\" #36', '{\"codigo\":\"123ASD\",\"processotipoID\":\"05\",\"processocategoriaID\":\"01\",\"statusprocessoID\":\"01\",\"checklistID\":\"015\"}', '[{\"processoID\":\"36\",\"clienteID\":\"19\",\"datainicio\":\"0000-00-00\",\"codigo\":\"123ASD\",\"processotipoID\":\"5\",\"checklistID\":\"15\",\"statusprocessoID\":\"1\",\"processocategoriaID\":\"1\"}]'),
(184, '::1', '2023-01-14 19:37:54', 1, 1, '', 'Usuário Aron Scapinello Selhorst realizou login no sistema', '', ''),
(185, '::1', '2023-01-14 19:40:16', 1, 1, '', 'Usuário Aron Scapinello Selhorst realizou login no sistema', '', ''),
(186, '::1', '2023-01-14 19:41:50', 1, 4, 'processo', 'Usuário Aron Scapinello Selhorst editou em \"processo\" #46', '{\"codigo\":\"2112\",\"processotipoID\":\"0\",\"processocategoriaID\":\"02\",\"statusprocessoID\":\"01\",\"checklistID\":\"015\"}', '[{\"processoID\":\"46\",\"clienteID\":\"21\",\"datainicio\":\"0000-00-00\",\"codigo\":\"2112\",\"processotipoID\":\"0\",\"checklistID\":\"15\",\"statusprocessoID\":\"1\",\"processocategoriaID\":\"2\"}]'),
(187, '::1', '2023-01-14 19:42:00', 1, 4, 'processo', 'Usuário Aron Scapinello Selhorst editou em \"processo\" #46', '{\"codigo\":\"2112\",\"processotipoID\":\"0\",\"processocategoriaID\":\"02\",\"statusprocessoID\":\"01\",\"checklistID\":\"015\"}', '[{\"processoID\":\"46\",\"clienteID\":\"21\",\"datainicio\":\"0000-00-00\",\"codigo\":\"2112\",\"processotipoID\":\"0\",\"checklistID\":\"15\",\"statusprocessoID\":\"1\",\"processocategoriaID\":\"2\"}]'),
(188, '::1', '2023-01-14 19:42:10', 1, 4, 'processo', 'Usuário Aron Scapinello Selhorst editou em \"processo\" #46', '{\"codigo\":\"2112\",\"processotipoID\":\"0\",\"processocategoriaID\":\"02\",\"statusprocessoID\":\"01\",\"checklistID\":\"015\"}', '[{\"processoID\":\"46\",\"clienteID\":\"21\",\"datainicio\":\"0000-00-00\",\"codigo\":\"2112\",\"processotipoID\":\"0\",\"checklistID\":\"15\",\"statusprocessoID\":\"1\",\"processocategoriaID\":\"2\"}]'),
(189, '::1', '2023-01-14 19:45:08', 1, 4, 'processo', 'Usuário Aron Scapinello Selhorst editou em \"processo\" #46', '{\"codigo\":\"2112\",\"processotipoID\":\"0\",\"processocategoriaID\":\"02\",\"statusprocessoID\":\"01\",\"checklistID\":\"015\"}', '[{\"processoID\":\"46\",\"clienteID\":\"21\",\"datainicio\":\"0000-00-00\",\"codigo\":\"2112\",\"processotipoID\":\"0\",\"checklistID\":\"15\",\"statusprocessoID\":\"1\",\"processocategoriaID\":\"2\"}]'),
(190, '::1', '2023-01-14 19:45:21', 1, 4, 'processo', 'Usuário Aron Scapinello Selhorst editou em \"processo\" #46', '{\"codigo\":\"2112\",\"processotipoID\":\"0\",\"processocategoriaID\":\"02\",\"statusprocessoID\":\"01\",\"checklistID\":\"015\"}', '[{\"processoID\":\"46\",\"clienteID\":\"21\",\"datainicio\":\"0000-00-00\",\"codigo\":\"2112\",\"processotipoID\":\"0\",\"checklistID\":\"15\",\"statusprocessoID\":\"1\",\"processocategoriaID\":\"2\"}]'),
(191, '::1', '2023-01-14 19:45:26', 1, 4, 'processo', 'Usuário Aron Scapinello Selhorst editou em \"processo\" #46', '{\"codigo\":\"2112\",\"processotipoID\":\"0\",\"processocategoriaID\":\"02\",\"statusprocessoID\":\"01\",\"checklistID\":\"015\"}', '[{\"processoID\":\"46\",\"clienteID\":\"21\",\"datainicio\":\"0000-00-00\",\"codigo\":\"2112\",\"processotipoID\":\"0\",\"checklistID\":\"15\",\"statusprocessoID\":\"1\",\"processocategoriaID\":\"2\"}]'),
(192, '::1', '2023-01-14 19:45:32', 1, 4, 'processo', 'Usuário Aron Scapinello Selhorst editou em \"processo\" #46', '{\"codigo\":\"2112\",\"processotipoID\":\"0\",\"processocategoriaID\":\"02\",\"statusprocessoID\":\"01\",\"checklistID\":\"015\"}', '[{\"processoID\":\"46\",\"clienteID\":\"21\",\"datainicio\":\"0000-00-00\",\"codigo\":\"2112\",\"processotipoID\":\"0\",\"checklistID\":\"15\",\"statusprocessoID\":\"1\",\"processocategoriaID\":\"2\"}]'),
(193, '::1', '2023-01-14 19:46:10', 1, 4, 'processo', 'Usuário Aron Scapinello Selhorst editou em \"processo\" #46', '{\"codigo\":\"2112\",\"processotipoID\":\"0\",\"processocategoriaID\":\"02\",\"statusprocessoID\":\"01\",\"checklistID\":\"015\"}', '[{\"processoID\":\"46\",\"clienteID\":\"21\",\"datainicio\":\"0000-00-00\",\"codigo\":\"2112\",\"processotipoID\":\"0\",\"checklistID\":\"15\",\"statusprocessoID\":\"1\",\"processocategoriaID\":\"2\"}]'),
(194, '::1', '2023-01-14 19:46:25', 1, 4, 'usuario', 'Usuário Aron Scapinello Selhorst editou em \"usuario\" #1', '{\"email\":\"francieli.rosa@gmail.com\",\"nomeCompleto\":\"GRA\",\"papelDeUsuarioID\":\"1\",\"login\":\"francieli.rosa@gmail.com\",\"cpf\":\"\",\"statusMotivo\":\"\",\"senha\":\"81dc9bdb52d04dc20036dbd8313ed055\",\"datanascimento\":\"1992-05-21\",\"admin\":\"0\",\"status\":\"1\"}', '[{\"usuarioID\":\"62\",\"nomeCompleto\":\"GRA\",\"login\":\"francieli.rosa@gmail.com\",\"senha\":\"81dc9bdb52d04dc20036dbd8313ed055\",\"admin\":\"0\",\"status\":\"1\",\"statusMotivo\":\"\",\"papelDeUsuarioID\":\"1\",\"email\":\"francieli.rosa@gmail.com\",\"cpf\":\"\",\"senhaRessetada\":\"0\",\"datanascimento\":\"1992-05-21\",\"primeiroacesso\":\"1\"}]'),
(195, '::1', '2023-01-14 19:46:30', 62, 1, '', 'Usuário GRA realizou login no sistema', '', ''),
(196, '::1', '2023-01-14 19:47:06', 1, 1, '', 'Usuário Aron Scapinello Selhorst realizou login no sistema', '', ''),
(197, '::1', '2023-01-14 19:50:02', 1, 4, 'processo', 'Usuário Aron Scapinello Selhorst editou em \"processo\" #48', '{\"codigo\":\"DSAADS1223\",\"processotipoID\":\"0\",\"processocategoriaID\":\"01\",\"statusprocessoID\":\"01\",\"checklistID\":\"015\"}', '[{\"processoID\":\"48\",\"clienteID\":\"21\",\"datainicio\":\"0000-00-00\",\"codigo\":\"DSAADS1223\",\"processotipoID\":\"0\",\"checklistID\":\"15\",\"statusprocessoID\":\"1\",\"processocategoriaID\":\"1\"}]'),
(198, '::1', '2023-01-14 19:54:59', 1, 1, '', 'Usuário Aron Scapinello Selhorst realizou login no sistema', '', ''),
(199, '::1', '2023-01-14 19:55:08', 62, 1, '', 'Usuário GRA realizou login no sistema', '', ''),
(200, '::1', '2023-01-14 19:56:48', 1, 1, '', 'Usuário Aron Scapinello Selhorst realizou login no sistema', '', ''),
(201, '::1', '2023-01-14 19:56:59', 62, 1, '', 'Usuário GRA realizou login no sistema', '', ''),
(202, '::1', '2023-01-14 19:57:35', 62, 1, '', 'Usuário GRA realizou login no sistema', '', ''),
(203, '::1', '2023-01-15 11:40:58', 1, 1, '', 'Usuário Aron Scapinello Selhorst realizou login no sistema', '', ''),
(204, '::1', '2023-01-15 11:42:16', 1, 4, 'processo', 'Usuário Aron Scapinello Selhorst editou em \"processo\" #48', '{\"codigo\":\"DSAADS1223\",\"processotipoID\":\"0\",\"processocategoriaID\":\"01\",\"statusprocessoID\":\"01\",\"checklistID\":\"015\"}', '[{\"processoID\":\"48\",\"clienteID\":\"21\",\"datainicio\":\"0000-00-00\",\"codigo\":\"DSAADS1223\",\"processotipoID\":\"0\",\"checklistID\":\"15\",\"statusprocessoID\":\"1\",\"processocategoriaID\":\"1\"}]'),
(205, '::1', '2023-01-15 11:45:06', 1, 4, 'processo', 'Usuário Aron Scapinello Selhorst editou em \"processo\" #48', '{\"codigo\":\"DSAADS1223\",\"processotipoID\":\"0\",\"processocategoriaID\":\"01\",\"statusprocessoID\":\"02\",\"checklistID\":\"015\"}', '[{\"processoID\":\"48\",\"clienteID\":\"21\",\"datainicio\":\"0000-00-00\",\"codigo\":\"DSAADS1223\",\"processotipoID\":\"0\",\"checklistID\":\"15\",\"statusprocessoID\":\"1\",\"processocategoriaID\":\"1\"}]'),
(206, '::1', '2023-01-15 11:45:11', 1, 4, 'processo', 'Usuário Aron Scapinello Selhorst editou em \"processo\" #48', '{\"codigo\":\"DSAADS1223\",\"processotipoID\":\"0\",\"processocategoriaID\":\"01\",\"statusprocessoID\":\"01\",\"checklistID\":\"015\"}', '[{\"processoID\":\"48\",\"clienteID\":\"21\",\"datainicio\":\"0000-00-00\",\"codigo\":\"DSAADS1223\",\"processotipoID\":\"0\",\"checklistID\":\"15\",\"statusprocessoID\":\"2\",\"processocategoriaID\":\"1\"}]'),
(207, '::1', '2023-01-15 11:50:03', 1, 4, 'processo', 'Usuário Aron Scapinello Selhorst editou em \"processo\" #48', '{\"codigo\":\"DSAADS1223\",\"processotipoID\":\"0\",\"processocategoriaID\":\"01\",\"statusprocessoID\":\"01\",\"checklistID\":\"015\"}', '[{\"processoID\":\"48\",\"clienteID\":\"21\",\"datainicio\":\"0000-00-00\",\"codigo\":\"DSAADS1223\",\"processotipoID\":\"0\",\"checklistID\":\"15\",\"statusprocessoID\":\"1\",\"processocategoriaID\":\"1\"}]'),
(208, '::1', '2023-01-15 11:54:16', 1, 1, '', 'Usuário Aron Scapinello Selhorst realizou login no sistema', '', ''),
(209, '::1', '2023-01-15 11:54:26', 1, 4, 'processo', 'Usuário Aron Scapinello Selhorst editou em \"processo\" #36', '{\"codigo\":\"123ASD\",\"processotipoID\":\"05\",\"processocategoriaID\":\"01\",\"statusprocessoID\":\"01\",\"checklistID\":\"015\"}', '[{\"processoID\":\"36\",\"clienteID\":\"19\",\"datainicio\":\"0000-00-00\",\"codigo\":\"123ASD\",\"processotipoID\":\"5\",\"checklistID\":\"15\",\"statusprocessoID\":\"1\",\"processocategoriaID\":\"1\"}]'),
(210, '::1', '2023-01-15 12:01:19', 1, 4, 'processopagamento', 'Usuário Aron Scapinello Selhorst editou em \"processopagamento\" #4', '{\"datapagamento\":\"2023-01-15\",\"formapagamentoID\":\"\"}', '[{\"processopagamentoID\":\"4\",\"processoID\":\"36\",\"datapagamento\":\"0001-01-01\",\"datavencimento\":\"2023-01-20\",\"preco\":\"5000\",\"formapagamentoID\":\"0\",\"moedapagamentoID\":\"1\",\"precobr\":\"5000\",\"cotacaoprecobr\":\"1\",\"datacadastro\":\"2023-01-15\"}]'),
(211, '::1', '2023-01-15 12:01:19', 1, 4, 'processo', 'Usuário Aron Scapinello Selhorst editou em \"processo\" #36', '{\"codigo\":\"123ASD\",\"processotipoID\":\"05\",\"processocategoriaID\":\"01\",\"statusprocessoID\":\"01\",\"checklistID\":\"015\"}', '[{\"processoID\":\"36\",\"clienteID\":\"19\",\"datainicio\":\"0000-00-00\",\"codigo\":\"123ASD\",\"processotipoID\":\"5\",\"checklistID\":\"15\",\"statusprocessoID\":\"1\",\"processocategoriaID\":\"1\"}]'),
(212, '::1', '2023-01-15 12:10:02', 1, 1, '', 'Usuário Aron Scapinello Selhorst realizou login no sistema', '', ''),
(213, '::1', '2023-01-15 12:10:36', 1, 1, '', 'Usuário Aron Scapinello Selhorst realizou login no sistema', '', ''),
(214, '::1', '2023-01-15 12:10:58', 1, 1, '', 'Usuário Aron Scapinello Selhorst realizou login no sistema', '', ''),
(215, '::1', '2023-01-15 12:11:27', 1, 1, '', 'Usuário Aron Scapinello Selhorst realizou login no sistema', '', ''),
(216, '::1', '2023-01-15 12:12:17', 1, 1, '', 'Usuário Aron Scapinello Selhorst realizou login no sistema', '', '');
INSERT INTO `log` (`logID`, `ipAcesso`, `dataHora`, `usuarioID`, `acaoLogID`, `tabelaAcao`, `mensagem`, `sqlAcao`, `dadosAntigos`) VALUES
(217, '::1', '2023-01-15 12:24:01', 1, 4, 'processopagamento', 'Usuário Aron Scapinello Selhorst editou em \"processopagamento\" #5', '{\"datapagamento\":\"2023-01-15\",\"formapagamentoID\":\"\"}', '[{\"processopagamentoID\":\"5\",\"processoID\":\"36\",\"datapagamento\":\"0001-01-01\",\"datavencimento\":\"2023-01-20\",\"preco\":\"15000\",\"formapagamentoID\":\"0\",\"moedapagamentoID\":\"1\",\"precobr\":\"15000\",\"cotacaoprecobr\":\"1\",\"datacadastro\":\"2023-01-15\"}]'),
(218, '::1', '2023-01-15 12:24:01', 1, 4, 'processo', 'Usuário Aron Scapinello Selhorst editou em \"processo\" #36', '{\"codigo\":\"123ASD\",\"processotipoID\":\"05\",\"processocategoriaID\":\"01\",\"statusprocessoID\":\"01\",\"checklistID\":\"015\"}', '[{\"processoID\":\"36\",\"clienteID\":\"19\",\"datainicio\":\"0000-00-00\",\"codigo\":\"123ASD\",\"processotipoID\":\"5\",\"checklistID\":\"15\",\"statusprocessoID\":\"1\",\"processocategoriaID\":\"1\"}]'),
(219, '::1', '2023-01-15 12:24:04', 1, 4, 'processo', 'Usuário Aron Scapinello Selhorst editou em \"processo\" #36', '{\"codigo\":\"123ASD\",\"processotipoID\":\"05\",\"processocategoriaID\":\"01\",\"statusprocessoID\":\"01\",\"checklistID\":\"015\"}', '[{\"processoID\":\"36\",\"clienteID\":\"19\",\"datainicio\":\"0000-00-00\",\"codigo\":\"123ASD\",\"processotipoID\":\"5\",\"checklistID\":\"15\",\"statusprocessoID\":\"1\",\"processocategoriaID\":\"1\"}]'),
(220, '::1', '2023-01-15 12:26:20', 1, 4, 'processopagamento', 'Usuário Aron Scapinello Selhorst editou em \"processopagamento\" #5', '{\"formapagamentoID\":\"9\"}', '[{\"processopagamentoID\":\"5\",\"processoID\":\"36\",\"datapagamento\":\"2023-01-15\",\"datavencimento\":\"2023-01-20\",\"preco\":\"15000\",\"formapagamentoID\":\"0\",\"moedapagamentoID\":\"1\",\"precobr\":\"15000\",\"cotacaoprecobr\":\"1\",\"datacadastro\":\"2023-01-15\"}]'),
(221, '::1', '2023-01-15 12:26:20', 1, 4, 'processo', 'Usuário Aron Scapinello Selhorst editou em \"processo\" #36', '{\"codigo\":\"123ASD\",\"processotipoID\":\"05\",\"processocategoriaID\":\"01\",\"statusprocessoID\":\"01\",\"checklistID\":\"015\"}', '[{\"processoID\":\"36\",\"clienteID\":\"19\",\"datainicio\":\"0000-00-00\",\"codigo\":\"123ASD\",\"processotipoID\":\"5\",\"checklistID\":\"15\",\"statusprocessoID\":\"1\",\"processocategoriaID\":\"1\"}]'),
(222, '::1', '2023-01-15 12:43:44', 1, 1, '', 'Usuário Aron Scapinello Selhorst realizou login no sistema', '', ''),
(223, '::1', '2023-01-15 12:47:01', 1, 1, '', 'Usuário Aron Scapinello Selhorst realizou login no sistema', '', ''),
(224, '::1', '2023-01-15 12:47:15', 1, 1, '', 'Usuário Aron Scapinello Selhorst realizou login no sistema', '', ''),
(225, '::1', '2023-01-15 12:47:36', 1, 1, '', 'Usuário Aron Scapinello Selhorst realizou login no sistema', '', ''),
(226, '::1', '2023-01-15 12:48:39', 1, 1, '', 'Usuário Aron Scapinello Selhorst realizou login no sistema', '', ''),
(227, '::1', '2023-01-15 12:50:07', 1, 1, '', 'Usuário Aron Scapinello Selhorst realizou login no sistema', '', ''),
(228, '::1', '2023-01-15 12:50:52', 1, 1, '', 'Usuário Aron Scapinello Selhorst realizou login no sistema', '', ''),
(229, '::1', '2023-01-15 12:51:15', 1, 4, 'processo', 'Usuário Aron Scapinello Selhorst editou em \"processo\" #37', '{\"codigo\":\"2022-123ADM\",\"processotipoID\":\"01\",\"processocategoriaID\":\"01\",\"statusprocessoID\":\"01\",\"checklistID\":\"015\"}', '[{\"processoID\":\"37\",\"clienteID\":\"19\",\"datainicio\":\"0000-00-00\",\"codigo\":\"2022-123ADM\",\"processotipoID\":\"1\",\"checklistID\":\"15\",\"statusprocessoID\":\"1\",\"processocategoriaID\":\"1\"}]'),
(230, '::1', '2023-01-15 12:51:18', 1, 4, 'processo', 'Usuário Aron Scapinello Selhorst editou em \"processo\" #37', '{\"codigo\":\"2022-123ADM\",\"processotipoID\":\"01\",\"processocategoriaID\":\"01\",\"statusprocessoID\":\"01\",\"checklistID\":\"015\"}', '[{\"processoID\":\"37\",\"clienteID\":\"19\",\"datainicio\":\"0000-00-00\",\"codigo\":\"2022-123ADM\",\"processotipoID\":\"1\",\"checklistID\":\"15\",\"statusprocessoID\":\"1\",\"processocategoriaID\":\"1\"}]'),
(231, '::1', '2023-01-15 12:53:45', 1, 1, '', 'Usuário Aron Scapinello Selhorst realizou login no sistema', '', ''),
(232, '::1', '2023-01-15 12:54:27', 1, 1, '', 'Usuário Aron Scapinello Selhorst realizou login no sistema', '', ''),
(233, '::1', '2023-01-15 12:55:06', 1, 1, '', 'Usuário Aron Scapinello Selhorst realizou login no sistema', '', ''),
(234, '::1', '2023-01-15 12:55:27', 1, 1, '', 'Usuário Aron Scapinello Selhorst realizou login no sistema', '', ''),
(235, '::1', '2023-01-15 13:05:21', 1, 1, '', 'Usuário Aron Scapinello Selhorst realizou login no sistema', '', ''),
(236, '::1', '2023-01-15 13:09:18', 1, 1, '', 'Usuário Aron Scapinello Selhorst realizou login no sistema', '', ''),
(237, '::1', '2023-01-15 13:11:39', 1, 1, '', 'Usuário Aron Scapinello Selhorst realizou login no sistema', '', ''),
(238, '::1', '2023-01-15 13:11:56', 1, 1, '', 'Usuário Aron Scapinello Selhorst realizou login no sistema', '', ''),
(239, '::1', '2023-01-15 13:14:12', 1, 1, '', 'Usuário Aron Scapinello Selhorst realizou login no sistema', '', ''),
(240, '::1', '2023-01-15 13:14:59', 1, 1, '', 'Usuário Aron Scapinello Selhorst realizou login no sistema', '', ''),
(241, '::1', '2023-01-15 13:17:27', 1, 1, '', 'Usuário Aron Scapinello Selhorst realizou login no sistema', '', ''),
(242, '::1', '2023-01-15 13:18:07', 1, 1, '', 'Usuário Aron Scapinello Selhorst realizou login no sistema', '', ''),
(243, '::1', '2023-01-15 13:18:47', 1, 1, '', 'Usuário Aron Scapinello Selhorst realizou login no sistema', '', ''),
(244, '::1', '2023-01-15 13:19:23', 1, 1, '', 'Usuário Aron Scapinello Selhorst realizou login no sistema', '', ''),
(245, '::1', '2023-01-15 13:20:39', 1, 1, '', 'Usuário Aron Scapinello Selhorst realizou login no sistema', '', ''),
(246, '::1', '2023-01-15 13:21:29', 1, 1, '', 'Usuário Aron Scapinello Selhorst realizou login no sistema', '', ''),
(247, '::1', '2023-01-15 13:22:11', 1, 4, 'processopagamento', 'Usuário Aron Scapinello Selhorst editou em \"processopagamento\" #6', '{\"formapagamentoID\":\"5\"}', '[{\"processopagamentoID\":\"6\",\"processoID\":\"36\",\"datapagamento\":\"0001-01-01\",\"datavencimento\":\"2023-03-21\",\"preco\":\"1500\",\"formapagamentoID\":\"0\",\"moedapagamentoID\":\"2\",\"precobr\":\"7644.9\",\"cotacaoprecobr\":\"5.0966\",\"datacadastro\":\"2023-01-15\"}]'),
(248, '::1', '2023-01-15 13:22:11', 1, 4, 'processo', 'Usuário Aron Scapinello Selhorst editou em \"processo\" #36', '{\"codigo\":\"123ASD\",\"processotipoID\":\"05\",\"processocategoriaID\":\"01\",\"statusprocessoID\":\"01\",\"checklistID\":\"015\"}', '[{\"processoID\":\"36\",\"clienteID\":\"19\",\"datainicio\":\"0000-00-00\",\"codigo\":\"123ASD\",\"processotipoID\":\"5\",\"checklistID\":\"15\",\"statusprocessoID\":\"1\",\"processocategoriaID\":\"1\"}]'),
(249, '::1', '2023-01-15 13:22:23', 1, 1, '', 'Usuário Aron Scapinello Selhorst realizou login no sistema', '', ''),
(250, '::1', '2023-01-15 13:23:08', 1, 1, '', 'Usuário Aron Scapinello Selhorst realizou login no sistema', '', ''),
(251, '::1', '2023-01-15 13:23:35', 1, 1, '', 'Usuário Aron Scapinello Selhorst realizou login no sistema', '', ''),
(252, '::1', '2023-01-15 13:24:49', 1, 1, '', 'Usuário Aron Scapinello Selhorst realizou login no sistema', '', ''),
(253, '::1', '2023-01-15 13:28:11', 1, 1, '', 'Usuário Aron Scapinello Selhorst realizou login no sistema', '', ''),
(254, '::1', '2023-01-15 13:36:06', 1, 1, '', 'Usuário Aron Scapinello Selhorst realizou login no sistema', '', ''),
(255, '::1', '2023-01-15 13:37:14', 1, 1, '', 'Usuário Aron Scapinello Selhorst realizou login no sistema', '', ''),
(256, '::1', '2023-01-15 13:37:33', 1, 1, '', 'Usuário Aron Scapinello Selhorst realizou login no sistema', '', ''),
(257, '::1', '2023-01-15 13:41:48', 1, 4, 'processopagamento', 'Usuário Aron Scapinello Selhorst editou em \"processopagamento\" #10', '{\"formapagamentoID\":\"13\"}', '[{\"processopagamentoID\":\"10\",\"processoID\":\"36\",\"datapagamento\":\"0001-01-01\",\"datavencimento\":\"2023-03-31\",\"preco\":\"1231.23\",\"formapagamentoID\":\"0\",\"moedapagamentoID\":\"3\",\"precobr\":\"6799.1\",\"cotacaoprecobr\":\"5.5222\",\"datacadastro\":\"2023-01-15\"}]'),
(258, '::1', '2023-01-15 13:41:49', 1, 4, 'processo', 'Usuário Aron Scapinello Selhorst editou em \"processo\" #36', '{\"codigo\":\"123ASD\",\"processotipoID\":\"05\",\"processocategoriaID\":\"01\",\"statusprocessoID\":\"01\",\"checklistID\":\"015\"}', '[{\"processoID\":\"36\",\"clienteID\":\"19\",\"datainicio\":\"0000-00-00\",\"codigo\":\"123ASD\",\"processotipoID\":\"5\",\"checklistID\":\"15\",\"statusprocessoID\":\"1\",\"processocategoriaID\":\"1\"}]'),
(259, '::1', '2023-01-15 13:41:54', 1, 4, 'processopagamento', 'Usuário Aron Scapinello Selhorst editou em \"processopagamento\" #10', '{\"datapagamento\":\"2023-01-16\"}', '[{\"processopagamentoID\":\"10\",\"processoID\":\"36\",\"datapagamento\":\"0001-01-01\",\"datavencimento\":\"2023-03-31\",\"preco\":\"1231.23\",\"formapagamentoID\":\"13\",\"moedapagamentoID\":\"3\",\"precobr\":\"6799.1\",\"cotacaoprecobr\":\"5.5222\",\"datacadastro\":\"2023-01-15\"}]'),
(260, '::1', '2023-01-15 13:41:54', 1, 4, 'processo', 'Usuário Aron Scapinello Selhorst editou em \"processo\" #36', '{\"codigo\":\"123ASD\",\"processotipoID\":\"05\",\"processocategoriaID\":\"01\",\"statusprocessoID\":\"01\",\"checklistID\":\"015\"}', '[{\"processoID\":\"36\",\"clienteID\":\"19\",\"datainicio\":\"0000-00-00\",\"codigo\":\"123ASD\",\"processotipoID\":\"5\",\"checklistID\":\"15\",\"statusprocessoID\":\"1\",\"processocategoriaID\":\"1\"}]'),
(261, '::1', '2023-01-15 13:54:07', 1, 1, '', 'Usuário Aron Scapinello Selhorst realizou login no sistema', '', ''),
(262, '::1', '2023-01-15 13:55:24', 1, 1, '', 'Usuário Aron Scapinello Selhorst realizou login no sistema', '', ''),
(263, '::1', '2023-01-21 15:56:04', 1, 1, '', 'Usuário Aron Scapinello Selhorst realizou login no sistema', '', ''),
(264, '::1', '2023-01-21 16:19:24', 1, 1, '', 'Usuário Aron Scapinello Selhorst realizou login no sistema', '', ''),
(265, '::1', '2023-01-21 16:21:46', 1, 1, '', 'Usuário Aron Scapinello Selhorst realizou login no sistema', '', ''),
(266, '::1', '2023-01-21 16:51:00', 1, 2, 'agenda', 'Usuário Aron Scapinello Selhorst cadastrou em \"agenda\" #10', '{\"titulo\":\"TESTE\",\"datacadastro\":\"2023-01-26\",\"datafinal\":\"-12-\",\"descricao\":\"\"}', '[]'),
(267, '::1', '2023-01-21 16:51:17', 1, 2, 'agenda', 'Usuário Aron Scapinello Selhorst cadastrou em \"agenda\" #11', '{\"titulo\":\"ASDASD\",\"datacadastro\":\"2023-01-14\",\"datafinal\":\"-12-\",\"descricao\":\"\"}', '[]'),
(268, '::1', '2023-01-21 16:52:28', 1, 2, 'agenda', 'Usuário Aron Scapinello Selhorst cadastrou em \"agenda\" #12', '{\"titulo\":\"SADDSA\",\"datacadastro\":\"2023-02-28\",\"datafinal\":\"-12-\",\"descricao\":\"\"}', '[]'),
(269, '::1', '2023-01-21 16:57:51', 1, 1, '', 'Usuário Aron Scapinello Selhorst realizou login no sistema', '', ''),
(270, '::1', '2023-01-24 21:40:58', 1, 1, '', 'Usuário Aron Scapinello Selhorst realizou login no sistema', '', ''),
(271, '::1', '2023-01-24 21:55:08', 1, 1, '', 'Usuário Aron Scapinello Selhorst realizou login no sistema', '', ''),
(272, '::1', '2023-01-24 22:01:39', 1, 1, '', 'Usuário Aron Scapinello Selhorst realizou login no sistema', '', ''),
(273, '::1', '2023-01-24 22:02:48', 1, 1, '', 'Usuário Aron Scapinello Selhorst realizou login no sistema', '', ''),
(274, '::1', '2023-01-24 22:04:30', 1, 1, '', 'Usuário Aron Scapinello Selhorst realizou login no sistema', '', ''),
(275, '::1', '2023-01-24 22:04:44', 1, 1, '', 'Usuário Aron Scapinello Selhorst realizou login no sistema', '', ''),
(276, '::1', '2023-01-24 22:11:46', 1, 1, '', 'Usuário Aron Scapinello Selhorst realizou login no sistema', '', ''),
(277, '::1', '2023-01-24 22:12:30', 1, 1, '', 'Usuário Aron Scapinello Selhorst realizou login no sistema', '', ''),
(278, '::1', '2023-01-24 22:14:22', 1, 1, '', 'Usuário Aron Scapinello Selhorst realizou login no sistema', '', ''),
(279, '::1', '2023-01-24 22:16:29', 1, 1, '', 'Usuário Aron Scapinello Selhorst realizou login no sistema', '', ''),
(280, '::1', '2023-01-24 22:20:48', 1, 1, '', 'Usuário Aron Scapinello Selhorst realizou login no sistema', '', ''),
(281, '::1', '2023-01-24 22:21:40', 1, 1, '', 'Usuário Aron Scapinello Selhorst realizou login no sistema', '', ''),
(282, '::1', '2023-01-24 22:21:57', 1, 2, 'checklist', 'Usuário Aron Scapinello Selhorst cadastrou em \"checklist\" #16', '{\"nome\":\"TESTE\"}', '[]'),
(283, '::1', '2023-01-24 22:22:06', 1, 4, 'checklist', 'Usuário Aron Scapinello Selhorst editou em \"checklist\" #16', '{\"nome\":\"TESTE\"}', '[{\"checklistID\":\"16\",\"nome\":\"TESTE\"}]'),
(284, '::1', '2023-01-25 09:26:20', 1, 1, '', 'Usuário Aron Scapinello Selhorst realizou login no sistema', '', ''),
(285, '::1', '2023-01-25 09:27:48', 1, 2, 'processo', 'Usuário Aron Scapinello Selhorst cadastrou em \"processo\" #49', '{\"codigo\":\"1706 TEST\",\"clienteID\":\"19\",\"processocategoriaID\":\"01\",\"processotipoID\":\"0\",\"checklistID\":\"0\",\"statusprocessoID\":\"1\"}', '[]'),
(286, '::1', '2023-01-25 09:28:00', 1, 4, 'processo', 'Usuário Aron Scapinello Selhorst editou em \"processo\" #49', '{\"codigo\":\"1706 TEST\",\"processotipoID\":\"0\",\"processocategoriaID\":\"01\",\"statusprocessoID\":\"01\",\"checklistID\":\"015\"}', '[{\"processoID\":\"49\",\"clienteID\":\"19\",\"datainicio\":\"0000-00-00\",\"codigo\":\"1706 TEST\",\"processotipoID\":\"0\",\"checklistID\":\"0\",\"statusprocessoID\":\"1\",\"processocategoriaID\":\"1\",\"linkgoogledrive\":\"\"}]'),
(287, '::1', '2023-01-25 09:28:16', 1, 4, 'processo', 'Usuário Aron Scapinello Selhorst editou em \"processo\" #49', '{\"codigo\":\"1706 TEST\",\"processotipoID\":\"0\",\"processocategoriaID\":\"01\",\"statusprocessoID\":\"01\",\"checklistID\":\"015\"}', '[{\"processoID\":\"49\",\"clienteID\":\"19\",\"datainicio\":\"0000-00-00\",\"codigo\":\"1706 TEST\",\"processotipoID\":\"0\",\"checklistID\":\"15\",\"statusprocessoID\":\"1\",\"processocategoriaID\":\"1\",\"linkgoogledrive\":\"\"}]'),
(288, '::1', '2023-01-25 09:28:30', 1, 4, 'processo', 'Usuário Aron Scapinello Selhorst editou em \"processo\" #49', '{\"codigo\":\"1706 TEST\",\"processotipoID\":\"0\",\"processocategoriaID\":\"01\",\"statusprocessoID\":\"01\",\"checklistID\":\"015\"}', '[{\"processoID\":\"49\",\"clienteID\":\"19\",\"datainicio\":\"0000-00-00\",\"codigo\":\"1706 TEST\",\"processotipoID\":\"0\",\"checklistID\":\"15\",\"statusprocessoID\":\"1\",\"processocategoriaID\":\"1\",\"linkgoogledrive\":\"\"}]'),
(289, '::1', '2023-01-25 09:28:52', 1, 4, 'processo', 'Usuário Aron Scapinello Selhorst editou em \"processo\" #49', '{\"codigo\":\"1706 TEST\",\"processotipoID\":\"0\",\"processocategoriaID\":\"01\",\"statusprocessoID\":\"01\",\"checklistID\":\"015\"}', '[{\"processoID\":\"49\",\"clienteID\":\"19\",\"datainicio\":\"0000-00-00\",\"codigo\":\"1706 TEST\",\"processotipoID\":\"0\",\"checklistID\":\"15\",\"statusprocessoID\":\"1\",\"processocategoriaID\":\"1\",\"linkgoogledrive\":\"\"}]'),
(290, '::1', '2023-01-25 09:29:04', 1, 4, 'processo', 'Usuário Aron Scapinello Selhorst editou em \"processo\" #49', '{\"codigo\":\"1706 TEST\",\"processotipoID\":\"0\",\"processocategoriaID\":\"01\",\"statusprocessoID\":\"01\",\"checklistID\":\"015\"}', '[{\"processoID\":\"49\",\"clienteID\":\"19\",\"datainicio\":\"0000-00-00\",\"codigo\":\"1706 TEST\",\"processotipoID\":\"0\",\"checklistID\":\"15\",\"statusprocessoID\":\"1\",\"processocategoriaID\":\"1\",\"linkgoogledrive\":\"\"}]'),
(291, '::1', '2023-01-25 17:14:17', 1, 1, '', 'Usuário Aron Scapinello Selhorst realizou login no sistema', '', ''),
(292, '::1', '2023-01-25 21:52:37', 1, 1, '', 'Usuário Aron Scapinello Selhorst realizou login no sistema', '', ''),
(293, '::1', '2023-01-25 21:59:41', 1, 1, '', 'Usuário Aron Scapinello Selhorst realizou login no sistema', '', ''),
(294, '::1', '2023-01-25 22:12:43', 1, 1, '', 'Usuário Aron Scapinello Selhorst realizou login no sistema', '', ''),
(295, '::1', '2023-01-25 22:13:45', 1, 2, 'agenda', 'Usuário Aron Scapinello Selhorst cadastrou em \"agenda\" #1', '{\"titulo\":\"ASDASD\",\"datacadastro\":\"2023-01-26\",\"datafinal\":\"0000-00-00\",\"horarioinicial\":\"\",\"horariofinal\":\"\",\"descricao\":\"\"}', '[]'),
(296, '::1', '2023-01-25 22:19:18', 1, 2, 'agenda', 'Usuário Aron Scapinello Selhorst cadastrou em \"agenda\" #2', '{\"titulo\":\"TESTE 11\",\"datacadastro\":\"2023-02-01\",\"datafinal\":\"2023-02-02\",\"horarioinicial\":\"11:11\",\"horariofinal\":\"12:12\",\"descricao\":\"teste 11\"}', '[]'),
(297, '::1', '2023-01-25 22:19:45', 1, 2, 'agenda', 'Usuário Aron Scapinello Selhorst cadastrou em \"agenda\" #3', '{\"titulo\":\"TESTE12\",\"datacadastro\":\"2023-02-01\",\"datafinal\":\"0000-00-00\",\"horarioinicial\":\"12:12\",\"horariofinal\":\"\",\"descricao\":\"\"}', '[]'),
(298, '::1', '2023-01-25 22:20:04', 1, 2, 'agenda', 'Usuário Aron Scapinello Selhorst cadastrou em \"agenda\" #4', '{\"titulo\":\"TESTE 10\",\"datacadastro\":\"2023-02-01\",\"datafinal\":\"0000-00-00\",\"horarioinicial\":\"10:10\",\"horariofinal\":\"\",\"descricao\":\"\"}', '[]'),
(299, '::1', '2023-01-25 22:27:40', 1, 1, '', 'Usuário Aron Scapinello Selhorst realizou login no sistema', '', ''),
(300, '::1', '2023-01-25 22:28:53', 1, 1, '', 'Usuário Aron Scapinello Selhorst realizou login no sistema', '', ''),
(301, '::1', '2023-01-25 22:29:22', 1, 1, '', 'Usuário Aron Scapinello Selhorst realizou login no sistema', '', ''),
(302, '::1', '2023-01-25 22:29:40', 1, 1, '', 'Usuário Aron Scapinello Selhorst realizou login no sistema', '', ''),
(303, '::1', '2023-01-25 22:30:08', 1, 1, '', 'Usuário Aron Scapinello Selhorst realizou login no sistema', '', ''),
(304, '::1', '2023-01-25 22:30:29', 1, 1, '', 'Usuário Aron Scapinello Selhorst realizou login no sistema', '', ''),
(305, '::1', '2023-01-28 11:05:07', 1, 1, '', 'Usuário Aron Scapinello Selhorst realizou login no sistema', '', ''),
(306, '::1', '2023-01-28 11:49:28', 1, 2, 'agenda', 'Usuário Aron Scapinello Selhorst cadastrou em \"agenda\" #5', '{\"titulo\":\"SADADS\",\"datacadastro\":\"2023-01-30\",\"datafinal\":\"0000-00-00\",\"horarioinicial\":\"14:49\",\"horariofinal\":\"15:49\",\"descricao\":\"\"}', '[]'),
(307, '::1', '2023-01-28 11:50:02', 1, 2, 'agenda', 'Usuário Aron Scapinello Selhorst cadastrou em \"agenda\" #6', '{\"titulo\":\"AWRWERR\",\"datacadastro\":\"2023-01-30\",\"datafinal\":\"0000-00-00\",\"horarioinicial\":\"16:00\",\"horariofinal\":\"17:00\",\"descricao\":\"\"}', '[]'),
(308, '::1', '2023-01-28 11:50:31', 1, 2, 'agenda', 'Usuário Aron Scapinello Selhorst cadastrou em \"agenda\" #7', '{\"titulo\":\"ASAS\",\"datacadastro\":\"2023-01-30\",\"datafinal\":\"0000-00-00\",\"horarioinicial\":\"15:40\",\"horariofinal\":\"15:56\",\"descricao\":\"\"}', '[]'),
(309, '::1', '2023-01-28 11:51:01', 1, 2, 'agenda', 'Usuário Aron Scapinello Selhorst cadastrou em \"agenda\" #8', '{\"titulo\":\"TESTE\",\"datacadastro\":\"2023-02-01\",\"datafinal\":\"0000-00-00\",\"horarioinicial\":\"10:10\",\"horariofinal\":\"11:11\",\"descricao\":\"\"}', '[]'),
(310, '::1', '2023-01-30 22:01:23', 1, 1, '', 'Usuário Aron Scapinello Selhorst realizou login no sistema', '', ''),
(311, '::1', '2023-01-30 22:01:42', 1, 2, 'agenda', 'Usuário Aron Scapinello Selhorst cadastrou em \"agenda\" #9', '{\"titulo\":\"TESTE\",\"datacadastro\":\"2023-03-02\",\"datafinal\":\"0000-00-00\",\"horarioinicial\":\"10:10\",\"horariofinal\":\"\",\"descricao\":\"\"}', '[]'),
(312, '::1', '2023-01-30 22:02:07', 1, 2, 'agenda', 'Usuário Aron Scapinello Selhorst cadastrou em \"agenda\" #10', '{\"titulo\":\"TESTE\",\"datacadastro\":\"2023-03-02\",\"datafinal\":\"0000-00-00\",\"horarioinicial\":\"11:11\",\"horariofinal\":\"\",\"descricao\":\"\"}', '[]'),
(313, '::1', '2023-01-30 22:02:25', 1, 2, 'agenda', 'Usuário Aron Scapinello Selhorst cadastrou em \"agenda\" #11', '{\"titulo\":\"TESTE\",\"datacadastro\":\"2023-03-02\",\"datafinal\":\"0000-00-00\",\"horarioinicial\":\"12:12\",\"horariofinal\":\"\",\"descricao\":\"\"}', '[]'),
(314, '::1', '2023-01-30 22:02:42', 1, 2, 'agenda', 'Usuário Aron Scapinello Selhorst cadastrou em \"agenda\" #12', '{\"titulo\":\"TESTE\",\"datacadastro\":\"2023-03-02\",\"datafinal\":\"0000-00-00\",\"horarioinicial\":\"16:16\",\"horariofinal\":\"\",\"descricao\":\"\"}', '[]'),
(315, '::1', '2023-01-30 22:02:56', 1, 2, 'agenda', 'Usuário Aron Scapinello Selhorst cadastrou em \"agenda\" #13', '{\"titulo\":\"TESTE 20\",\"datacadastro\":\"2023-03-02\",\"datafinal\":\"0000-00-00\",\"horarioinicial\":\"20:20\",\"horariofinal\":\"\",\"descricao\":\"\"}', '[]'),
(316, '::1', '2023-01-30 22:03:12', 1, 2, 'agenda', 'Usuário Aron Scapinello Selhorst cadastrou em \"agenda\" #14', '{\"titulo\":\"ASDASD\",\"datacadastro\":\"2023-03-02\",\"datafinal\":\"0000-00-00\",\"horarioinicial\":\"22:22\",\"horariofinal\":\"\",\"descricao\":\"\"}', '[]'),
(317, '::1', '2023-01-30 22:03:23', 1, 2, 'agenda', 'Usuário Aron Scapinello Selhorst cadastrou em \"agenda\" #15', '{\"titulo\":\"DSADSADSA\",\"datacadastro\":\"2023-03-02\",\"datafinal\":\"0000-00-00\",\"horarioinicial\":\"09:09\",\"horariofinal\":\"\",\"descricao\":\"\"}', '[]'),
(318, '::1', '2023-01-31 09:13:56', 1, 1, '', 'Usuário Aron Scapinello Selhorst realizou login no sistema', '', ''),
(319, '::1', '2023-01-31 10:20:48', 1, 6, '', 'Usuário Aron Scapinello Selhorst saiu do sistema', '', ''),
(320, '::1', '2023-02-01 22:42:10', 1, 1, '', 'Usuário Aron Scapinello Selhorst realizou login no sistema', '', ''),
(321, '::1', '2023-02-01 22:43:30', 1, 1, '', 'Usuário Aron Scapinello Selhorst realizou login no sistema', '', ''),
(322, '::1', '2023-02-01 22:44:19', 1, 1, '', 'Usuário Aron Scapinello Selhorst realizou login no sistema', '', ''),
(323, '::1', '2023-02-01 22:45:02', 1, 1, '', 'Usuário Aron Scapinello Selhorst realizou login no sistema', '', ''),
(324, '::1', '2023-02-01 22:51:02', 1, 1, '', 'Usuário Aron Scapinello Selhorst realizou login no sistema', '', ''),
(325, '::1', '2023-02-01 22:51:38', 1, 1, '', 'Usuário Aron Scapinello Selhorst realizou login no sistema', '', ''),
(326, '::1', '2023-02-01 22:52:04', 1, 1, '', 'Usuário Aron Scapinello Selhorst realizou login no sistema', '', ''),
(327, '::1', '2023-02-01 22:53:35', 1, 1, '', 'Usuário Aron Scapinello Selhorst realizou login no sistema', '', ''),
(328, '::1', '2023-02-01 22:56:13', 1, 1, '', 'Usuário Aron Scapinello Selhorst realizou login no sistema', '', ''),
(329, '::1', '2023-02-01 23:08:02', 1, 1, '', 'Usuário Aron Scapinello Selhorst realizou login no sistema', '', ''),
(330, '::1', '2023-02-01 23:09:24', 1, 1, '', 'Usuário Aron Scapinello Selhorst realizou login no sistema', '', ''),
(331, '::1', '2023-02-01 23:10:23', 1, 1, '', 'Usuário Aron Scapinello Selhorst realizou login no sistema', '', ''),
(332, '::1', '2023-02-01 23:11:14', 1, 1, '', 'Usuário Aron Scapinello Selhorst realizou login no sistema', '', ''),
(333, '::1', '2023-02-01 23:11:27', 1, 1, '', 'Usuário Aron Scapinello Selhorst realizou login no sistema', '', ''),
(334, '::1', '2023-02-01 23:12:49', 1, 1, '', 'Usuário Aron Scapinello Selhorst realizou login no sistema', '', ''),
(335, '::1', '2023-02-01 23:13:58', 1, 1, '', 'Usuário Aron Scapinello Selhorst realizou login no sistema', '', ''),
(336, '::1', '2023-02-01 23:14:27', 1, 1, '', 'Usuário Aron Scapinello Selhorst realizou login no sistema', '', ''),
(337, '::1', '2023-02-01 23:14:47', 1, 1, '', 'Usuário Aron Scapinello Selhorst realizou login no sistema', '', ''),
(338, '::1', '2023-02-01 23:16:12', 1, 1, '', 'Usuário Aron Scapinello Selhorst realizou login no sistema', '', ''),
(339, '::1', '2023-02-01 23:17:30', 1, 1, '', 'Usuário Aron Scapinello Selhorst realizou login no sistema', '', ''),
(340, '::1', '2023-02-01 23:18:49', 1, 1, '', 'Usuário Aron Scapinello Selhorst realizou login no sistema', '', ''),
(341, '::1', '2023-02-01 23:23:33', 1, 1, '', 'Usuário Aron Scapinello Selhorst realizou login no sistema', '', ''),
(342, '::1', '2023-02-01 23:24:28', 1, 1, '', 'Usuário Aron Scapinello Selhorst realizou login no sistema', '', ''),
(343, '::1', '2023-02-01 23:25:12', 1, 1, '', 'Usuário Aron Scapinello Selhorst realizou login no sistema', '', ''),
(344, '::1', '2023-02-02 17:01:32', 1, 1, '', 'Usuário Aron Scapinello Selhorst realizou login no sistema', '', ''),
(345, '::1', '2023-02-02 18:46:23', 1, 6, '', 'Usuário Aron Scapinello Selhorst saiu do sistema', '', ''),
(346, '::1', '2023-02-02 22:51:36', 1, 1, '', 'Usuário Aron Scapinello Selhorst realizou login no sistema', '', ''),
(347, '::1', '2023-02-02 22:55:14', 1, 1, '', 'Usuário Aron Scapinello Selhorst realizou login no sistema', '', ''),
(348, '::1', '2023-02-02 22:58:47', 1, 1, '', 'Usuário Aron Scapinello Selhorst realizou login no sistema', '', ''),
(349, '::1', '2023-02-02 23:05:13', 1, 2, 'agenda', 'Usuário Aron Scapinello Selhorst cadastrou em \"agenda\" #16', '{\"titulo\":\"TESTE ARON\",\"datacadastro\":\"2023-02-03\",\"datafinal\":\"0000-00-00\",\"horarioinicial\":\"07:30\",\"horariofinal\":\"08:30\",\"descricao\":\"\",\"usuarioID\":\"1\"}', '[]'),
(350, '::1', '2023-02-02 23:10:47', 1, 1, '', 'Usuário Aron Scapinello Selhorst realizou login no sistema', '', ''),
(351, '::1', '2023-02-02 23:11:10', 1, 1, '', 'Usuário Aron Scapinello Selhorst realizou login no sistema', '', ''),
(352, '::1', '2023-02-02 23:12:04', 1, 1, '', 'Usuário Aron Scapinello Selhorst realizou login no sistema', '', ''),
(353, '::1', '2023-02-02 23:14:20', 1, 1, '', 'Usuário Aron Scapinello Selhorst realizou login no sistema', '', ''),
(354, '::1', '2023-02-02 23:15:03', 1, 1, '', 'Usuário Aron Scapinello Selhorst realizou login no sistema', '', ''),
(355, '::1', '2023-02-02 23:15:40', 1, 1, '', 'Usuário Aron Scapinello Selhorst realizou login no sistema', '', ''),
(356, '::1', '2023-02-02 23:15:58', 1, 1, '', 'Usuário Aron Scapinello Selhorst realizou login no sistema', '', ''),
(357, '::1', '2023-02-02 23:17:03', 1, 1, '', 'Usuário Aron Scapinello Selhorst realizou login no sistema', '', ''),
(358, '::1', '2023-02-02 23:17:45', 1, 1, '', 'Usuário Aron Scapinello Selhorst realizou login no sistema', '', ''),
(359, '::1', '2023-02-02 23:18:58', 1, 1, '', 'Usuário Aron Scapinello Selhorst realizou login no sistema', '', ''),
(360, '::1', '2023-02-02 23:21:41', 1, 1, '', 'Usuário Aron Scapinello Selhorst realizou login no sistema', '', ''),
(361, '::1', '2023-02-02 23:23:12', 1, 1, '', 'Usuário Aron Scapinello Selhorst realizou login no sistema', '', ''),
(362, '::1', '2023-02-02 23:23:59', 1, 1, '', 'Usuário Aron Scapinello Selhorst realizou login no sistema', '', ''),
(363, '::1', '2023-02-02 23:24:15', 1, 1, '', 'Usuário Aron Scapinello Selhorst realizou login no sistema', '', ''),
(364, '::1', '2023-02-02 23:24:51', 1, 1, '', 'Usuário Aron Scapinello Selhorst realizou login no sistema', '', ''),
(365, '::1', '2023-02-02 23:25:14', 1, 1, '', 'Usuário Aron Scapinello Selhorst realizou login no sistema', '', ''),
(366, '::1', '2023-02-02 23:25:35', 1, 1, '', 'Usuário Aron Scapinello Selhorst realizou login no sistema', '', ''),
(367, '::1', '2023-02-02 23:28:02', 1, 1, '', 'Usuário Aron Scapinello Selhorst realizou login no sistema', '', ''),
(368, '::1', '2023-02-02 23:28:40', 1, 1, '', 'Usuário Aron Scapinello Selhorst realizou login no sistema', '', ''),
(369, '::1', '2023-02-02 23:29:06', 1, 1, '', 'Usuário Aron Scapinello Selhorst realizou login no sistema', '', ''),
(370, '::1', '2023-02-02 23:29:17', 1, 1, '', 'Usuário Aron Scapinello Selhorst realizou login no sistema', '', ''),
(371, '::1', '2023-02-02 23:29:28', 1, 1, '', 'Usuário Aron Scapinello Selhorst realizou login no sistema', '', ''),
(372, '::1', '2023-02-03 22:01:15', 1, 1, '', 'Usuário Aron Scapinello Selhorst realizou login no sistema', '', ''),
(373, '::1', '2023-02-03 22:12:09', 1, 1, '', 'Usuário Aron Scapinello Selhorst realizou login no sistema', '', ''),
(374, '::1', '2023-02-03 22:12:25', 1, 4, 'processo', 'Usuário Aron Scapinello Selhorst editou em \"processo\" #36', '{\"codigo\":\"123ASD\",\"processotipoID\":\"05\",\"processocategoriaID\":\"01\",\"statusprocessoID\":\"01\",\"checklistID\":\"015\"}', '[{\"processoID\":\"36\",\"clienteID\":\"19\",\"datainicio\":\"0000-00-00\",\"codigo\":\"123ASD\",\"processotipoID\":\"5\",\"checklistID\":\"15\",\"statusprocessoID\":\"1\",\"processocategoriaID\":\"1\",\"linkgoogledrive\":\"\"}]'),
(375, '::1', '2023-02-03 22:13:02', 1, 1, '', 'Usuário Aron Scapinello Selhorst realizou login no sistema', '', ''),
(376, '::1', '2023-02-03 22:14:10', 1, 1, '', 'Usuário Aron Scapinello Selhorst realizou login no sistema', '', ''),
(377, '::1', '2023-02-03 22:15:04', 1, 1, '', 'Usuário Aron Scapinello Selhorst realizou login no sistema', '', ''),
(378, '::1', '2023-02-03 22:16:24', 1, 1, '', 'Usuário Aron Scapinello Selhorst realizou login no sistema', '', ''),
(379, '::1', '2023-02-03 22:18:43', 1, 1, '', 'Usuário Aron Scapinello Selhorst realizou login no sistema', '', ''),
(380, '::1', '2023-02-03 22:21:53', 1, 1, '', 'Usuário Aron Scapinello Selhorst realizou login no sistema', '', ''),
(381, '::1', '2023-02-03 22:23:50', 1, 1, '', 'Usuário Aron Scapinello Selhorst realizou login no sistema', '', ''),
(382, '::1', '2023-02-04 11:16:42', 1, 1, '', 'Usuário Aron Scapinello Selhorst realizou login no sistema', '', ''),
(383, '::1', '2023-02-04 12:34:30', 1, 6, '', 'Usuário Aron Scapinello Selhorst saiu do sistema', '', ''),
(384, '::1', '2023-02-04 13:14:15', 1, 1, '', 'Usuário Aron Scapinello Selhorst realizou login no sistema', '', ''),
(385, '::1', '2023-02-04 14:24:21', 1, 6, '', 'Usuário Aron Scapinello Selhorst saiu do sistema', '', ''),
(386, '::1', '2023-02-04 14:31:20', 1, 1, '', 'Usuário Aron Scapinello Selhorst realizou login no sistema', '', ''),
(387, '::1', '2023-02-04 15:27:00', 1, 1, '', 'Usuário Aron Scapinello Selhorst realizou login no sistema', '', ''),
(388, '::1', '2023-02-04 15:50:06', 1, 1, '', 'Usuário Aron Scapinello Selhorst realizou login no sistema', '', ''),
(389, '::1', '2023-02-04 15:51:17', 1, 1, '', 'Usuário Aron Scapinello Selhorst realizou login no sistema', '', ''),
(390, '::1', '2023-02-04 15:52:27', 1, 1, '', 'Usuário Aron Scapinello Selhorst realizou login no sistema', '', ''),
(391, '::1', '2023-02-04 15:53:10', 1, 1, '', 'Usuário Aron Scapinello Selhorst realizou login no sistema', '', ''),
(392, '::1', '2023-02-04 15:55:32', 1, 1, '', 'Usuário Aron Scapinello Selhorst realizou login no sistema', '', ''),
(393, '::1', '2023-02-04 15:57:27', 1, 1, '', 'Usuário Aron Scapinello Selhorst realizou login no sistema', '', ''),
(394, '::1', '2023-02-04 16:20:26', 1, 1, '', 'Usuário Aron Scapinello Selhorst realizou login no sistema', '', ''),
(395, '::1', '2023-02-04 16:22:35', 1, 1, '', 'Usuário Aron Scapinello Selhorst realizou login no sistema', '', ''),
(396, '::1', '2023-02-04 16:27:12', 1, 1, '', 'Usuário Aron Scapinello Selhorst realizou login no sistema', '', ''),
(397, '::1', '2023-02-04 17:10:12', 1, 1, '', 'Usuário Aron Scapinello Selhorst realizou login no sistema', '', ''),
(398, '::1', '2023-02-04 17:19:26', 1, 1, '', 'Usuário Aron Scapinello Selhorst realizou login no sistema', '', ''),
(399, '::1', '2023-02-04 17:21:23', 1, 1, '', 'Usuário Aron Scapinello Selhorst realizou login no sistema', '', ''),
(400, '::1', '2023-02-04 17:23:30', 1, 1, '', 'Usuário Aron Scapinello Selhorst realizou login no sistema', '', ''),
(401, '::1', '2023-02-04 17:39:04', 1, 1, '', 'Usuário Aron Scapinello Selhorst realizou login no sistema', '', ''),
(402, '::1', '2023-02-04 17:45:29', 1, 1, '', 'Usuário Aron Scapinello Selhorst realizou login no sistema', '', ''),
(403, '::1', '2023-02-04 18:01:29', 1, 1, '', 'Usuário Aron Scapinello Selhorst realizou login no sistema', '', ''),
(404, '::1', '2023-02-04 18:03:12', 1, 1, '', 'Usuário Aron Scapinello Selhorst realizou login no sistema', '', ''),
(405, '::1', '2023-02-04 18:05:21', 1, 1, '', 'Usuário Aron Scapinello Selhorst realizou login no sistema', '', ''),
(406, '::1', '2023-02-04 18:07:25', 1, 1, '', 'Usuário Aron Scapinello Selhorst realizou login no sistema', '', ''),
(407, '::1', '2023-02-04 18:10:03', 1, 1, '', 'Usuário Aron Scapinello Selhorst realizou login no sistema', '', ''),
(408, '::1', '2023-02-04 18:11:04', 1, 1, '', 'Usuário Aron Scapinello Selhorst realizou login no sistema', '', ''),
(409, '::1', '2023-02-04 18:22:10', 1, 1, '', 'Usuário Aron Scapinello Selhorst realizou login no sistema', '', ''),
(410, '::1', '2023-02-04 18:24:38', 1, 1, '', 'Usuário Aron Scapinello Selhorst realizou login no sistema', '', ''),
(411, '::1', '2023-02-04 18:35:32', 1, 4, 'processo', 'Usuário Aron Scapinello Selhorst editou em \"processo\" #36', '{\"codigo\":\"123ASD\",\"processotipoID\":\"05\",\"processocategoriaID\":\"01\",\"statusprocessoID\":\"01\",\"checklistID\":\"015\"}', '[{\"processoID\":\"36\",\"clienteID\":\"19\",\"datainicio\":\"0000-00-00\",\"codigo\":\"123ASD\",\"processotipoID\":\"5\",\"checklistID\":\"15\",\"statusprocessoID\":\"1\",\"processocategoriaID\":\"1\",\"linkgoogledrive\":\"https://www.instagram.com/aronselhorst\"}]'),
(412, '::1', '2023-02-04 18:35:35', 1, 4, 'processo', 'Usuário Aron Scapinello Selhorst editou em \"processo\" #36', '{\"codigo\":\"123ASD\",\"processotipoID\":\"05\",\"processocategoriaID\":\"01\",\"statusprocessoID\":\"01\",\"checklistID\":\"015\"}', '[{\"processoID\":\"36\",\"clienteID\":\"19\",\"datainicio\":\"0000-00-00\",\"codigo\":\"123ASD\",\"processotipoID\":\"5\",\"checklistID\":\"15\",\"statusprocessoID\":\"1\",\"processocategoriaID\":\"1\",\"linkgoogledrive\":\"https://www.instagram.com/aronselhorst\"}]'),
(413, '::1', '2023-02-04 18:35:46', 1, 4, 'processo', 'Usuário Aron Scapinello Selhorst editou em \"processo\" #36', '{\"codigo\":\"123ASD\",\"processotipoID\":\"05\",\"processocategoriaID\":\"01\",\"statusprocessoID\":\"01\",\"checklistID\":\"015\"}', '[{\"processoID\":\"36\",\"clienteID\":\"19\",\"datainicio\":\"0000-00-00\",\"codigo\":\"123ASD\",\"processotipoID\":\"5\",\"checklistID\":\"15\",\"statusprocessoID\":\"1\",\"processocategoriaID\":\"1\",\"linkgoogledrive\":\"https://www.instagram.com/aronselhorst\"}]'),
(414, '::1', '2023-02-04 18:40:36', 1, 1, '', 'Usuário Aron Scapinello Selhorst realizou login no sistema', '', ''),
(415, '::1', '2023-02-04 18:43:45', 1, 1, '', 'Usuário Aron Scapinello Selhorst realizou login no sistema', '', ''),
(416, '::1', '2023-02-04 18:55:24', 1, 1, '', 'Usuário Aron Scapinello Selhorst realizou login no sistema', '', ''),
(417, '::1', '2023-02-04 19:11:31', 1, 1, '', 'Usuário Aron Scapinello Selhorst realizou login no sistema', '', ''),
(418, '::1', '2023-02-04 19:12:32', 1, 1, '', 'Usuário Aron Scapinello Selhorst realizou login no sistema', '', ''),
(419, '::1', '2023-02-04 19:13:29', 1, 1, '', 'Usuário Aron Scapinello Selhorst realizou login no sistema', '', ''),
(420, '::1', '2023-02-04 19:14:00', 1, 1, '', 'Usuário Aron Scapinello Selhorst realizou login no sistema', '', ''),
(421, '::1', '2023-02-04 19:14:22', 1, 1, '', 'Usuário Aron Scapinello Selhorst realizou login no sistema', '', ''),
(422, '::1', '2023-02-04 20:19:25', 1, 6, '', 'Usuário Aron Scapinello Selhorst saiu do sistema', '', ''),
(423, '::1', '2023-02-07 11:05:46', 1, 1, '', 'Usuário Aron Scapinello Selhorst realizou login no sistema', '', ''),
(424, '::1', '2023-02-07 12:10:52', 1, 6, '', 'Usuário Aron Scapinello Selhorst saiu do sistema', '', ''),
(425, '::1', '2023-02-07 13:32:35', 1, 1, '', 'Usuário Aron Scapinello Selhorst realizou login no sistema', '', ''),
(426, '::1', '2023-02-07 16:28:43', 1, 1, '', 'Usuário Aron Scapinello Selhorst realizou login no sistema', '', ''),
(427, '::1', '2023-02-07 17:58:27', 1, 6, '', 'Usuário Aron Scapinello Selhorst saiu do sistema', '', ''),
(428, '::1', '2023-02-07 22:03:18', 1, 1, '', 'Usuário Aron Scapinello Selhorst realizou login no sistema', '', ''),
(429, '::1', '2023-02-07 22:15:40', 1, 1, '', 'Usuário Aron Scapinello Selhorst realizou login no sistema', '', ''),
(430, '::1', '2023-02-07 22:17:37', 1, 1, '', 'Usuário Aron Scapinello Selhorst realizou login no sistema', '', ''),
(431, '::1', '2023-02-07 22:32:45', 1, 1, '', 'Usuário Aron Scapinello Selhorst realizou login no sistema', '', ''),
(432, '::1', '2023-02-07 22:34:18', 1, 1, '', 'Usuário Aron Scapinello Selhorst realizou login no sistema', '', ''),
(433, '::1', '2023-02-07 22:34:44', 1, 2, 'financeirotipo', 'Usuário Aron Scapinello Selhorst cadastrou em \"financeirotipo\" #5', '{\"nome\":\"TESTE\"}', '[]'),
(434, '::1', '2023-02-07 22:34:48', 1, 4, 'financeirotipo', 'Usuário Aron Scapinello Selhorst editou em \"financeirotipo\" #5', '{\"nome\":\"TESTE AS\"}', '[{\"financeirotipoID\":\"5\",\"nome\":\"TESTE\"}]'),
(435, '::1', '2023-02-07 22:34:52', 1, 3, 'financeirotipo', 'Usuário Aron Scapinello Selhorst excluiu em \"financeirotipo\" #5', '{\"financeirotipoID\":\"5\"}', '[{\"financeirotipoID\":\"5\",\"nome\":\"TESTE AS\"}]'),
(436, '::1', '2023-02-07 22:37:08', 1, 1, '', 'Usuário Aron Scapinello Selhorst realizou login no sistema', '', ''),
(437, '::1', '2023-02-07 22:52:04', 1, 2, 'financeiro', 'Usuário Aron Scapinello Selhorst cadastrou em \"financeiro\" #1', '{\"financeirotipoID\":\"3\",\"cotacaoprecobr\":\"1\",\"preco\":\"150.00\",\"precobr\":\"150\",\"datapagamento\":\"2023-02-07\",\"formapagamentoID\":\"1\",\"moedapagamentoID\":\"1\",\"descricao\":\"Luz\",\"datacadastro\":\"2023-02-07\"}', '[]'),
(438, '::1', '2023-02-07 22:53:39', 1, 1, '', 'Usuário Aron Scapinello Selhorst realizou login no sistema', '', ''),
(439, '::1', '2023-02-07 22:56:47', 1, 1, '', 'Usuário Aron Scapinello Selhorst realizou login no sistema', '', ''),
(440, '::1', '2023-02-07 22:58:14', 1, 1, '', 'Usuário Aron Scapinello Selhorst realizou login no sistema', '', ''),
(441, '::1', '2023-02-07 22:58:33', 1, 2, 'financeiro', 'Usuário Aron Scapinello Selhorst cadastrou em \"financeiro\" #2', '{\"financeirotipoID\":\"1\",\"cotacaoprecobr\":\"5.2111\",\"preco\":\"100.00\",\"precobr\":\"521.11\",\"datapagamento\":\"2023-02-07\",\"formapagamentoID\":\"12\",\"moedapagamentoID\":\"2\",\"descricao\":\"teste $\",\"datacadastro\":\"2023-02-07\"}', '[]'),
(442, '::1', '2023-02-07 22:58:50', 1, 2, 'financeiro', 'Usuário Aron Scapinello Selhorst cadastrou em \"financeiro\" #3', '{\"financeirotipoID\":\"4\",\"cotacaoprecobr\":\"5.5889\",\"preco\":\"1231.23\",\"precobr\":\"6881.22\",\"datapagamento\":\"2023-02-09\",\"formapagamentoID\":\"4\",\"moedapagamentoID\":\"3\",\"descricao\":\"adsdsa\",\"datacadastro\":\"2023-02-07\"}', '[]'),
(443, '::1', '2023-02-07 23:06:32', 1, 1, '', 'Usuário Aron Scapinello Selhorst realizou login no sistema', '', ''),
(444, '::1', '2023-02-07 23:06:40', 1, 4, 'financeirotipo', 'Usuário Aron Scapinello Selhorst editou em \"financeirotipo\" #3', '{\"nome\":\"GASTOS GERAIS\",\"tipo\":\"Sau00edda\"}', '[{\"financeirotipoID\":\"3\",\"nome\":\"Gastos gerais\",\"tipo\":\"\"}]'),
(445, '::1', '2023-02-07 23:06:59', 1, 4, 'financeirotipo', 'Usuário Aron Scapinello Selhorst editou em \"financeirotipo\" #1', '{\"nome\":\"PROLABORE\",\"tipo\":\"Sau00edda\"}', '[{\"financeirotipoID\":\"1\",\"nome\":\"ProLabore\",\"tipo\":\"\"}]'),
(446, '::1', '2023-02-07 23:07:18', 1, 4, 'financeirotipo', 'Usuário Aron Scapinello Selhorst editou em \"financeirotipo\" #3', '{\"nome\":\"GASTOS GERAIS\",\"tipo\":\"SAu00cdDA\"}', '[{\"financeirotipoID\":\"3\",\"nome\":\"GASTOS GERAIS\",\"tipo\":\"Sau00edda\"}]'),
(447, '::1', '2023-02-07 23:07:24', 1, 4, 'financeirotipo', 'Usuário Aron Scapinello Selhorst editou em \"financeirotipo\" #1', '{\"nome\":\"PROLABORE\",\"tipo\":\"SAu00cdDA\"}', '[{\"financeirotipoID\":\"1\",\"nome\":\"PROLABORE\",\"tipo\":\"Sau00edda\"}]'),
(448, '::1', '2023-02-07 23:07:28', 1, 4, 'financeirotipo', 'Usuário Aron Scapinello Selhorst editou em \"financeirotipo\" #4', '{\"nome\":\"RECEITAS GERAIS\",\"tipo\":\"ENTRADA\"}', '[{\"financeirotipoID\":\"4\",\"nome\":\"Receitas gerais\",\"tipo\":\"\"}]'),
(449, '::1', '2023-02-07 23:07:33', 1, 4, 'financeirotipo', 'Usuário Aron Scapinello Selhorst editou em \"financeirotipo\" #2', '{\"nome\":\"SALu00c1RIO(S)\",\"tipo\":\"SAu00cdDA\"}', '[{\"financeirotipoID\":\"2\",\"nome\":\"Salu00e1rio(s)\",\"tipo\":\"\"}]'),
(450, '::1', '2023-02-07 23:09:21', 1, 1, '', 'Usuário Aron Scapinello Selhorst realizou login no sistema', '', ''),
(451, '::1', '2023-02-07 23:09:48', 1, 1, '', 'Usuário Aron Scapinello Selhorst realizou login no sistema', '', ''),
(452, '::1', '2023-02-07 23:12:17', 1, 1, '', 'Usuário Aron Scapinello Selhorst realizou login no sistema', '', ''),
(453, '::1', '2023-02-09 20:28:45', 1, 1, '', 'Usuário Aron Scapinello Selhorst realizou login no sistema', '', ''),
(454, '::1', '2023-02-09 20:31:37', 60, 1, '', 'Usuário ARON SELHORST realizou login no sistema', '', ''),
(455, '::1', '2023-02-09 20:35:58', 60, 1, '', 'Usuário ARON SELHORST realizou login no sistema', '', ''),
(456, '::1', '2023-02-09 20:38:31', 60, 1, '', 'Usuário ARON SELHORST realizou login no sistema', '', ''),
(457, '::1', '2023-02-09 20:39:08', 60, 1, '', 'Usuário ARON SELHORST realizou login no sistema', '', ''),
(458, '::1', '2023-02-09 20:39:44', 60, 1, '', 'Usuário ARON SELHORST realizou login no sistema', '', ''),
(459, '::1', '2023-02-09 20:42:47', 1, 1, '', 'Usuário Aron Scapinello Selhorst realizou login no sistema', '', ''),
(460, '::1', '2023-02-09 20:44:14', 60, 1, '', 'Usuário ARON SELHORST realizou login no sistema', '', ''),
(461, '::1', '2023-02-21 13:14:36', 1, 1, '', 'Usuário Aron Scapinello Selhorst realizou login no sistema', '', ''),
(462, '::1', '2023-02-21 13:20:31', 1, 1, '', 'Usuário Aron Scapinello Selhorst realizou login no sistema', '', ''),
(463, '::1', '2023-02-21 13:21:15', 1, 1, '', 'Usuário Aron Scapinello Selhorst realizou login no sistema', '', ''),
(464, '::1', '2023-02-21 13:27:26', 1, 1, '', 'Usuário Aron Scapinello Selhorst realizou login no sistema', '', ''),
(465, '::1', '2023-02-21 13:29:51', 1, 1, '', 'Usuário Aron Scapinello Selhorst realizou login no sistema', '', ''),
(466, '::1', '2023-02-21 13:41:37', 1, 1, '', 'Usuário Aron Scapinello Selhorst realizou login no sistema', '', ''),
(467, '::1', '2023-02-21 13:52:08', 1, 1, '', 'Usuário Aron Scapinello Selhorst realizou login no sistema', '', ''),
(468, '::1', '2023-02-21 13:54:25', 1, 1, '', 'Usuário Aron Scapinello Selhorst realizou login no sistema', '', ''),
(469, '::1', '2023-02-21 13:57:07', 1, 1, '', 'Usuário Aron Scapinello Selhorst realizou login no sistema', '', ''),
(470, '::1', '2023-02-21 14:03:10', 1, 1, '', 'Usuário Aron Scapinello Selhorst realizou login no sistema', '', ''),
(471, '::1', '2023-02-21 14:03:31', 1, 1, '', 'Usuário Aron Scapinello Selhorst realizou login no sistema', '', ''),
(472, '::1', '2023-02-21 14:03:49', 1, 1, '', 'Usuário Aron Scapinello Selhorst realizou login no sistema', '', ''),
(473, '::1', '2023-02-21 14:19:24', 1, 1, '', 'Usuário Aron Scapinello Selhorst realizou login no sistema', '', ''),
(474, '::1', '2023-02-21 15:34:08', 1, 6, '', 'Usuário Aron Scapinello Selhorst saiu do sistema', '', ''),
(475, '::1', '2023-02-21 16:10:50', 1, 1, '', 'Usuário Aron Scapinello Selhorst realizou login no sistema', '', ''),
(476, '::1', '2023-02-21 16:46:32', 1, 1, '', 'Usuário Aron Scapinello Selhorst realizou login no sistema', '', ''),
(477, '::1', '2023-02-21 16:47:31', 1, 1, '', 'Usuário Aron Scapinello Selhorst realizou login no sistema', '', ''),
(478, '::1', '2023-02-21 17:02:52', 1, 1, '', 'Usuário Aron Scapinello Selhorst realizou login no sistema', '', ''),
(479, '::1', '2023-02-21 17:03:16', 1, 1, '', 'Usuário Aron Scapinello Selhorst realizou login no sistema', '', ''),
(480, '::1', '2023-02-21 17:04:25', 1, 1, '', 'Usuário Aron Scapinello Selhorst realizou login no sistema', '', ''),
(481, '::1', '2023-02-21 17:04:48', 1, 1, '', 'Usuário Aron Scapinello Selhorst realizou login no sistema', '', ''),
(482, '::1', '2023-02-21 17:07:11', 1, 1, '', 'Usuário Aron Scapinello Selhorst realizou login no sistema', '', ''),
(483, '::1', '2023-02-21 17:07:58', 1, 1, '', 'Usuário Aron Scapinello Selhorst realizou login no sistema', '', ''),
(484, '::1', '2023-02-21 17:25:24', 1, 1, '', 'Usuário Aron Scapinello Selhorst realizou login no sistema', '', ''),
(485, '::1', '2023-02-21 18:27:00', 1, 1, '', 'Usuário Aron Scapinello Selhorst realizou login no sistema', '', ''),
(486, '::1', '2023-02-21 18:49:45', 1, 1, '', 'Usuário Aron Scapinello Selhorst realizou login no sistema', '', ''),
(487, '::1', '2023-02-21 18:51:28', 1, 1, '', 'Usuário Aron Scapinello Selhorst realizou login no sistema', '', ''),
(488, '::1', '2023-02-21 18:57:35', 1, 1, '', 'Usuário Aron Scapinello Selhorst realizou login no sistema', '', ''),
(489, '::1', '2023-02-21 18:58:10', 1, 4, 'financeiro', 'Usuário Aron Scapinello Selhorst editou em \"financeiro\" #2', '{\"financeirotipoID\":\"3\",\"cotacaoprecobr\":\"1\",\"preco\":\"0.05\",\"precobr\":\"0.05\",\"datapagamento\":\"2023-02-08\",\"formapagamentoID\":\"10\",\"moedapagamentoID\":\"1\",\"descricao\":\"teste $ prolabore edit\",\"datacadastro\":\"2023-02-21\"}', '[{\"financeiroID\":\"2\",\"financeirotipoID\":\"1\",\"datapagamento\":\"2023-02-07\",\"datavencimento\":\"0000-00-00\",\"preco\":\"100\",\"descricao\":\"teste $\",\"processopagamentoID\":\"0\",\"formapagamentoID\":\"12\",\"moedapagamentoID\":\"2\",\"precobr\":\"521.11\",\"cotacaoprecobr\":\"5.2111\",\"datacadastro\":\"2023-02-07\"}]'),
(490, '::1', '2023-02-21 18:58:26', 1, 4, 'financeiro', 'Usuário Aron Scapinello Selhorst editou em \"financeiro\" #2', '{\"financeirotipoID\":\"3\",\"cotacaoprecobr\":\"1\",\"preco\":\"0.05\",\"precobr\":\"0.05\",\"datapagamento\":\"2023-02-08\",\"formapagamentoID\":\"10\",\"moedapagamentoID\":\"1\",\"descricao\":\"teste $ prolabore edit\",\"datacadastro\":\"2023-02-21\"}', '[{\"financeiroID\":\"2\",\"financeirotipoID\":\"3\",\"datapagamento\":\"2023-02-08\",\"datavencimento\":\"0000-00-00\",\"preco\":\"0.05\",\"descricao\":\"teste $ prolabore edit\",\"processopagamentoID\":\"0\",\"formapagamentoID\":\"10\",\"moedapagamentoID\":\"1\",\"precobr\":\"0.05\",\"cotacaoprecobr\":\"1\",\"datacadastro\":\"2023-02-21\"}]'),
(491, '::1', '2023-02-21 18:58:29', 1, 4, 'financeiro', 'Usuário Aron Scapinello Selhorst editou em \"financeiro\" #2', '{\"financeirotipoID\":\"3\",\"cotacaoprecobr\":\"1\",\"preco\":\"0.05\",\"precobr\":\"0.05\",\"datapagamento\":\"2023-02-08\",\"formapagamentoID\":\"10\",\"moedapagamentoID\":\"1\",\"descricao\":\"teste $ prolabore edit\",\"datacadastro\":\"2023-02-21\"}', '[{\"financeiroID\":\"2\",\"financeirotipoID\":\"3\",\"datapagamento\":\"2023-02-08\",\"datavencimento\":\"0000-00-00\",\"preco\":\"0.05\",\"descricao\":\"teste $ prolabore edit\",\"processopagamentoID\":\"0\",\"formapagamentoID\":\"10\",\"moedapagamentoID\":\"1\",\"precobr\":\"0.05\",\"cotacaoprecobr\":\"1\",\"datacadastro\":\"2023-02-21\"}]'),
(492, '::1', '2023-02-21 19:04:11', 1, 1, '', 'Usuário Aron Scapinello Selhorst realizou login no sistema', '', ''),
(493, '::1', '2023-02-21 19:32:44', 1, 1, '', 'Usuário Aron Scapinello Selhorst realizou login no sistema', '', ''),
(494, '::1', '2023-02-21 19:33:25', 1, 1, '', 'Usuário Aron Scapinello Selhorst realizou login no sistema', '', ''),
(495, '::1', '2023-02-21 19:36:34', 1, 1, '', 'Usuário Aron Scapinello Selhorst realizou login no sistema', '', ''),
(496, '::1', '2023-02-21 19:42:25', 1, 1, '', 'Usuário Aron Scapinello Selhorst realizou login no sistema', '', ''),
(497, '::1', '2023-02-21 19:48:24', 1, 1, '', 'Usuário Aron Scapinello Selhorst realizou login no sistema', '', ''),
(498, '::1', '2023-02-21 19:49:16', 1, 1, '', 'Usuário Aron Scapinello Selhorst realizou login no sistema', '', ''),
(499, '::1', '2023-02-21 19:50:54', 1, 1, '', 'Usuário Aron Scapinello Selhorst realizou login no sistema', '', ''),
(500, '::1', '2023-02-21 19:53:24', 1, 1, '', 'Usuário Aron Scapinello Selhorst realizou login no sistema', '', ''),
(501, '::1', '2023-02-21 19:55:53', 1, 1, '', 'Usuário Aron Scapinello Selhorst realizou login no sistema', '', ''),
(502, '::1', '2023-02-21 20:23:18', 1, 1, '', 'Usuário Aron Scapinello Selhorst realizou login no sistema', '', ''),
(503, '::1', '2023-02-21 20:23:43', 1, 1, '', 'Usuário Aron Scapinello Selhorst realizou login no sistema', '', ''),
(504, '::1', '2023-02-21 20:24:26', 1, 1, '', 'Usuário Aron Scapinello Selhorst realizou login no sistema', '', ''),
(505, '::1', '2023-02-26 12:08:13', 1, 1, '', 'Usuário Aron Scapinello Selhorst realizou login no sistema', '', ''),
(506, '::1', '2023-02-26 12:15:42', 1, 1, '', 'Usuário Aron Scapinello Selhorst realizou login no sistema', '', ''),
(507, '::1', '2023-02-26 12:29:39', 1, 1, '', 'Usuário Aron Scapinello Selhorst realizou login no sistema', '', ''),
(508, '::1', '2023-02-26 12:30:28', 1, 1, '', 'Usuário Aron Scapinello Selhorst realizou login no sistema', '', ''),
(509, '::1', '2023-02-26 13:22:39', 1, 1, '', 'Usuário Aron Scapinello Selhorst realizou login no sistema', '', ''),
(510, '::1', '2023-02-26 13:23:18', 1, 1, '', 'Usuário Aron Scapinello Selhorst realizou login no sistema', '', ''),
(511, '::1', '2023-02-26 13:23:39', 1, 1, '', 'Usuário Aron Scapinello Selhorst realizou login no sistema', '', ''),
(512, '::1', '2023-02-26 13:24:48', 1, 1, '', 'Usuário Aron Scapinello Selhorst realizou login no sistema', '', ''),
(513, '::1', '2023-02-26 13:25:19', 1, 1, '', 'Usuário Aron Scapinello Selhorst realizou login no sistema', '', ''),
(514, '::1', '2023-02-26 13:29:19', 1, 1, '', 'Usuário Aron Scapinello Selhorst realizou login no sistema', '', ''),
(515, '::1', '2023-02-26 13:47:21', 1, 1, '', 'Usuário Aron Scapinello Selhorst realizou login no sistema', '', ''),
(516, '::1', '2023-02-26 13:47:30', 1, 3, 'financeiro', 'Usuário Aron Scapinello Selhorst excluiu em \"financeiro\" #12', '{\"financeiroID\":\"12\"}', '[{\"financeiroID\":\"12\",\"financeirotipoID\":\"1\",\"datapagamento\":\"0001-01-01\",\"datavencimento\":\"2023-02-16\",\"preco\":\"1500\",\"descricao\":\"\",\"flagprocesso\":\"1\",\"formapagamentoID\":\"0\",\"moedapagamentoID\":\"1\",\"precobr\":\"1500\",\"cotacaoprecobr\":\"1\",\"datacadastro\":\"2023-02-02\",\"processoID\":\"36\"}]'),
(517, '::1', '2023-02-26 14:01:48', 1, 1, '', 'Usuário Aron Scapinello Selhorst realizou login no sistema', '', '');
INSERT INTO `log` (`logID`, `ipAcesso`, `dataHora`, `usuarioID`, `acaoLogID`, `tabelaAcao`, `mensagem`, `sqlAcao`, `dadosAntigos`) VALUES
(518, '::1', '2023-02-26 14:03:04', 1, 1, '', 'Usuário Aron Scapinello Selhorst realizou login no sistema', '', ''),
(519, '::1', '2023-02-26 14:08:59', 1, 4, 'financeiro', 'Usuário Aron Scapinello Selhorst editou em \"financeiro\" #8', '{\"financeirotipoID\":\"1\",\"cotacaoprecobr\":\"5.496\",\"preco\":\"1.23\",\"precobr\":\"6.76\",\"datavencimento\":\"2023-01-15\",\"datapagamento\":\"2023-01-15\",\"formapagamentoID\":\"1\",\"moedapagamentoID\":\"3\",\"descricao\":\"\",\"datacadastro\":\"2023-02-26\"}', '[{\"financeiroID\":\"8\",\"financeirotipoID\":\"1\",\"datapagamento\":\"2023-01-15\",\"datavencimento\":\"2023-01-26\",\"preco\":\"1.23\",\"descricao\":\"\",\"flagprocesso\":\"1\",\"formapagamentoID\":\"1\",\"moedapagamentoID\":\"3\",\"precobr\":\"6.79\",\"cotacaoprecobr\":\"5.5222\",\"datacadastro\":\"2023-01-15\",\"processoID\":\"36\"}]'),
(520, '::1', '2023-02-26 14:09:30', 1, 4, 'financeiro', 'Usuário Aron Scapinello Selhorst editou em \"financeiro\" #13', '{\"financeirotipoID\":\"1\",\"cotacaoprecobr\":\"1\",\"preco\":\"123.31\",\"precobr\":\"123.31\",\"datavencimento\":\"2023-02-16\",\"datapagamento\":\"2023-02-16\",\"formapagamentoID\":\"12\",\"moedapagamentoID\":\"1\",\"descricao\":\"Agenciamento de publicidades e propaganda, inclusive o agenciamento de veiculau00e7u00e3o por quaisquer meios\",\"datacadastro\":\"2023-02-26\"}', '[{\"financeiroID\":\"13\",\"financeirotipoID\":\"1\",\"datapagamento\":\"2023-02-16\",\"datavencimento\":\"2023-02-04\",\"preco\":\"123.31\",\"descricao\":\"Agenciamento de publicidades e propaganda, inclusive o agenciamento de veiculau00e7u00e3o por quaisquer meios\",\"flagprocesso\":\"1\",\"formapagamentoID\":\"12\",\"moedapagamentoID\":\"1\",\"precobr\":\"123.31\",\"cotacaoprecobr\":\"1\",\"datacadastro\":\"2023-02-02\",\"processoID\":\"36\"}]'),
(521, '::1', '2023-02-26 14:09:38', 1, 1, '', 'Usuário Aron Scapinello Selhorst realizou login no sistema', '', ''),
(522, '::1', '2023-02-26 14:13:04', 1, 1, '', 'Usuário Aron Scapinello Selhorst realizou login no sistema', '', ''),
(523, '::1', '2023-02-26 14:14:56', 1, 1, '', 'Usuário Aron Scapinello Selhorst realizou login no sistema', '', ''),
(524, '::1', '2023-02-28 23:41:31', 1, 1, '', 'Usuário Aron Scapinello Selhorst realizou login no sistema', '', ''),
(525, '::1', '2023-02-28 23:42:29', 1, 1, '', 'Usuário Aron Scapinello Selhorst realizou login no sistema', '', ''),
(526, '::1', '2023-03-05 13:07:49', 1, 1, '', 'Usuário Aron Scapinello Selhorst realizou login no sistema', '', ''),
(527, '::1', '2023-03-05 14:50:02', 1, 6, '', 'Usuário Aron Scapinello Selhorst saiu do sistema', '', ''),
(528, '::1', '2023-03-05 14:50:05', 1, 1, '', 'Usuário Aron Scapinello Selhorst realizou login no sistema', '', ''),
(529, '::1', '2023-03-05 16:12:27', 1, 6, '', 'Usuário Aron Scapinello Selhorst saiu do sistema', '', ''),
(530, '::1', '2023-03-05 17:00:53', 1, 1, '', 'Usuário Aron Scapinello Selhorst realizou login no sistema', '', ''),
(531, '::1', '2023-03-05 18:02:22', 1, 1, '', 'Usuário Aron Scapinello Selhorst realizou login no sistema', '', ''),
(532, '::1', '2023-03-06 14:28:57', 1, 1, '', 'Usuário Aron Scapinello Selhorst realizou login no sistema', '', ''),
(533, '::1', '2023-03-06 15:02:10', 1, 1, '', 'Usuário Aron Scapinello Selhorst realizou login no sistema', '', ''),
(534, '::1', '2023-03-06 15:29:49', 1, 2, 'agenda', 'Usuário Aron Scapinello Selhorst cadastrou em \"agenda\" #17', '{\"titulo\":\"GARANTIA SCAPDE EXCELu00caNCIA\",\"datacadastro\":\"2023-03-07\",\"datafinal\":\"2023-03-07\",\"horarioinicial\":\"10:15\",\"horariofinal\":\"11:15\",\"descricao\":\"TSTE GARANTIA\",\"usuarioID\":\"60\",\"flagprivada\":\"1\"}', '[]'),
(535, '::1', '2023-03-06 15:44:07', 1, 2, 'agenda', 'Usuário Aron Scapinello Selhorst cadastrou em \"agenda\" #18', '{\"titulo\":\"GARANTIA WEBER DE EXCELu00caNCIA\",\"datacadastro\":\"2023-03-08\",\"datafinal\":\"2023-03-08\",\"horarioinicial\":\"10:00\",\"horariofinal\":\"11:00\",\"descricao\":\"asdasd asd asd asd\",\"usuarioID\":\"1\",\"usuarioID_restrito\":\"60\",\"flagprivada\":\"1\"}', '[]'),
(536, '::1', '2023-03-06 15:54:44', 60, 1, '', 'Usuário ARON SELHORST realizou login no sistema', '', ''),
(537, '::1', '2023-03-06 16:01:03', 60, 1, '', 'Usuário ARON SELHORST realizou login no sistema', '', ''),
(538, '::1', '2023-03-06 17:04:24', 1, 6, '', 'Usuário Aron Scapinello Selhorst saiu do sistema', '', ''),
(539, '::1', '2023-03-06 17:04:26', 60, 6, '', 'Usuário ARON SELHORST saiu do sistema', '', ''),
(540, '::1', '2023-03-06 17:22:40', 60, 1, '', 'Usuário ARON SELHORST realizou login no sistema', '', ''),
(541, '::1', '2023-03-06 17:22:43', 1, 1, '', 'Usuário Aron Scapinello Selhorst realizou login no sistema', '', ''),
(542, '::1', '2023-03-06 17:35:11', 1, 1, '', 'Usuário Aron Scapinello Selhorst realizou login no sistema', '', ''),
(543, '::1', '2023-03-06 17:51:11', 1, 1, '', 'Usuário Aron Scapinello Selhorst realizou login no sistema', '', ''),
(544, '::1', '2023-03-06 17:52:04', 1, 6, '', 'Usuário Aron Scapinello Selhorst saiu do sistema', '', ''),
(545, '::1', '2023-03-06 17:52:07', 60, 1, '', 'Usuário ARON SELHORST realizou login no sistema', '', ''),
(546, '::1', '2023-03-06 17:53:41', 60, 1, '', 'Usuário ARON SELHORST realizou login no sistema', '', ''),
(547, '::1', '2023-03-06 18:32:12', 1, 4, 'processo', 'Usuário Aron Scapinello Selhorst editou em \"processo\" #46', '{\"codigo\":\"2112\",\"processotipoID\":\"0\",\"processocategoriaID\":\"02\",\"statusprocessoID\":\"01\",\"checklistID\":\"015\"}', '[{\"processoID\":\"46\",\"clienteID\":\"21\",\"datainicio\":\"0000-00-00\",\"codigo\":\"2112\",\"processotipoID\":\"0\",\"checklistID\":\"15\",\"statusprocessoID\":\"1\",\"processocategoriaID\":\"2\",\"linkgoogledrive\":\"\"}]'),
(548, '::1', '2023-03-06 18:57:09', 1, 4, 'usuario', 'Usuário Aron Scapinello Selhorst editou em \"usuario\" #1', '{\"email\":\"aron@insource.com.br\",\"nomeCompleto\":\"ARON SELHORST\",\"papelDeUsuarioID\":\"2\",\"login\":\"aron@insource.com.br\",\"cpf\":\"\",\"statusMotivo\":\"\",\"datanascimento\":\"1992-12-26\",\"admin\":\"0\",\"status\":\"1\"}', '[{\"usuarioID\":\"60\",\"nomeCompleto\":\"ARON SELHORST\",\"login\":\"aron@insource.com.br\",\"senha\":\"81dc9bdb52d04dc20036dbd8313ed055\",\"admin\":\"0\",\"status\":\"1\",\"statusMotivo\":\"\",\"papelDeUsuarioID\":\"1\",\"email\":\"aron@insource.com.br\",\"cpf\":\"\",\"senhaRessetada\":\"0\",\"datanascimento\":\"1992-12-26\",\"primeiroacesso\":\"1\"}]'),
(549, '::1', '2023-03-06 18:57:22', 1, 4, 'usuario', 'Usuário Aron Scapinello Selhorst editou em \"usuario\" #1', '{\"email\":\"aron@insource.com.br\",\"nomeCompleto\":\"ARON SELHORST\",\"papelDeUsuarioID\":\"1\",\"login\":\"aron@insource.com.br\",\"cpf\":\"\",\"statusMotivo\":\"\",\"datanascimento\":\"1992-12-26\",\"admin\":\"0\",\"status\":\"1\"}', '[{\"usuarioID\":\"60\",\"nomeCompleto\":\"ARON SELHORST\",\"login\":\"aron@insource.com.br\",\"senha\":\"81dc9bdb52d04dc20036dbd8313ed055\",\"admin\":\"0\",\"status\":\"1\",\"statusMotivo\":\"\",\"papelDeUsuarioID\":\"2\",\"email\":\"aron@insource.com.br\",\"cpf\":\"\",\"senhaRessetada\":\"0\",\"datanascimento\":\"1992-12-26\",\"primeiroacesso\":\"1\"}]'),
(550, '::1', '2023-03-06 19:01:17', 1, 2, 'agenda', 'Usuário Aron Scapinello Selhorst cadastrou em \"agenda\" #19', '{\"titulo\":\"ADSADS ARON\",\"datacadastro\":\"2023-03-07\",\"datafinal\":\"0000-00-00\",\"horarioinicial\":\"\",\"horariofinal\":\"\",\"descricao\":\"\",\"usuarioID\":\"1\",\"usuarioID_restrito\":\"60\",\"flagprivada\":\"1\"}', '[]'),
(551, '::1', '2023-03-06 22:00:57', 60, 1, '', 'Usuário ARON SELHORST realizou login no sistema', '', ''),
(552, '::1', '2023-03-06 22:01:00', 1, 1, '', 'Usuário Aron Scapinello Selhorst realizou login no sistema', '', ''),
(553, '::1', '2023-03-06 22:01:22', 1, 4, 'usuario', 'Usuário Aron Scapinello Selhorst editou em \"usuario\" #1', '{\"email\":\"aron@insource.com.br\",\"nomeCompleto\":\"ARON SELHORST\",\"papelDeUsuarioID\":\"2\",\"login\":\"aron@insource.com.br\",\"cpf\":\"\",\"statusMotivo\":\"\",\"datanascimento\":\"1992-12-26\",\"admin\":\"0\",\"status\":\"1\"}', '[{\"usuarioID\":\"60\",\"nomeCompleto\":\"ARON SELHORST\",\"login\":\"aron@insource.com.br\",\"senha\":\"81dc9bdb52d04dc20036dbd8313ed055\",\"admin\":\"0\",\"status\":\"1\",\"statusMotivo\":\"\",\"papelDeUsuarioID\":\"1\",\"email\":\"aron@insource.com.br\",\"cpf\":\"\",\"senhaRessetada\":\"0\",\"datanascimento\":\"1992-12-26\",\"primeiroacesso\":\"1\"}]'),
(554, '::1', '2023-03-06 22:01:29', 1, 4, 'usuario', 'Usuário Aron Scapinello Selhorst editou em \"usuario\" #1', '{\"email\":\"aron@insource.com.br\",\"nomeCompleto\":\"ARON SELHORST\",\"papelDeUsuarioID\":\"1\",\"login\":\"aron@insource.com.br\",\"cpf\":\"\",\"statusMotivo\":\"\",\"datanascimento\":\"1992-12-26\",\"admin\":\"0\",\"status\":\"1\"}', '[{\"usuarioID\":\"60\",\"nomeCompleto\":\"ARON SELHORST\",\"login\":\"aron@insource.com.br\",\"senha\":\"81dc9bdb52d04dc20036dbd8313ed055\",\"admin\":\"0\",\"status\":\"1\",\"statusMotivo\":\"\",\"papelDeUsuarioID\":\"2\",\"email\":\"aron@insource.com.br\",\"cpf\":\"\",\"senhaRessetada\":\"0\",\"datanascimento\":\"1992-12-26\",\"primeiroacesso\":\"1\"}]'),
(555, '::1', '2023-03-06 22:07:35', 1, 1, '', 'Usuário Aron Scapinello Selhorst realizou login no sistema', '', ''),
(556, '::1', '2023-03-06 22:18:24', 1, 1, '', 'Usuário Aron Scapinello Selhorst realizou login no sistema', '', ''),
(557, '::1', '2023-03-06 22:20:01', 1, 1, '', 'Usuário Aron Scapinello Selhorst realizou login no sistema', '', ''),
(558, '::1', '2023-03-06 22:28:58', 1, 1, '', 'Usuário Aron Scapinello Selhorst realizou login no sistema', '', ''),
(559, '::1', '2023-03-06 22:29:53', 1, 1, '', 'Usuário Aron Scapinello Selhorst realizou login no sistema', '', ''),
(560, '::1', '2023-03-06 22:31:48', 1, 1, '', 'Usuário Aron Scapinello Selhorst realizou login no sistema', '', ''),
(561, '::1', '2023-03-06 22:35:56', 1, 1, '', 'Usuário Aron Scapinello Selhorst realizou login no sistema', '', ''),
(562, '::1', '2023-03-06 22:38:26', 1, 1, '', 'Usuário Aron Scapinello Selhorst realizou login no sistema', '', ''),
(563, '::1', '2023-03-06 22:40:30', 1, 1, '', 'Usuário Aron Scapinello Selhorst realizou login no sistema', '', ''),
(564, '::1', '2023-03-09 12:12:36', 1, 1, '', 'Usuário Aron Scapinello Selhorst realizou login no sistema', '', ''),
(565, '::1', '2023-03-09 12:12:45', 60, 1, '', 'Usuário ARON SELHORST realizou login no sistema', '', ''),
(566, '::1', '2023-03-09 13:39:24', 60, 6, '', 'Usuário ARON SELHORST saiu do sistema', '', ''),
(567, '::1', '2023-03-09 14:33:54', 60, 1, '', 'Usuário ARON SELHORST realizou login no sistema', '', ''),
(568, '::1', '2023-03-09 14:34:00', 1, 1, '', 'Usuário Aron Scapinello Selhorst realizou login no sistema', '', ''),
(569, '::1', '2023-03-09 15:43:10', 1, 6, '', 'Usuário Aron Scapinello Selhorst saiu do sistema', '', ''),
(570, '::1', '2023-03-09 21:50:10', 1, 1, '', 'Usuário Aron Scapinello Selhorst realizou login no sistema', '', ''),
(571, '::1', '2023-03-09 21:52:59', 1, 1, '', 'Usuário Aron Scapinello Selhorst realizou login no sistema', '', ''),
(572, '::1', '2023-03-09 21:54:35', 1, 1, '', 'Usuário Aron Scapinello Selhorst realizou login no sistema', '', ''),
(573, '::1', '2023-03-09 21:57:29', 1, 1, '', 'Usuário Aron Scapinello Selhorst realizou login no sistema', '', ''),
(574, '::1', '2023-03-09 21:59:43', 1, 1, '', 'Usuário Aron Scapinello Selhorst realizou login no sistema', '', ''),
(575, '::1', '2023-03-09 22:02:23', 1, 1, '', 'Usuário Aron Scapinello Selhorst realizou login no sistema', '', ''),
(576, '::1', '2023-03-09 22:04:49', 1, 1, '', 'Usuário Aron Scapinello Selhorst realizou login no sistema', '', ''),
(577, '::1', '2023-03-09 22:11:46', 1, 1, '', 'Usuário Aron Scapinello Selhorst realizou login no sistema', '', ''),
(578, '::1', '2023-03-09 22:22:01', 1, 1, '', 'Usuário Aron Scapinello Selhorst realizou login no sistema', '', ''),
(579, '::1', '2023-03-09 22:22:46', 1, 1, '', 'Usuário Aron Scapinello Selhorst realizou login no sistema', '', ''),
(581, '::1', '2023-03-09 22:45:39', 1, 2, 'agenda', 'Usuário Aron Scapinello Selhorst cadastrou em \"agenda\" #21', '{\"titulo\":\"ASD ASD ASD ASD ARRRRR\",\"datacadastro\":\"2023-03-25\",\"datafinal\":\"0000-00-00\",\"horarioinicial\":\"\",\"horariofinal\":\"\",\"descricao\":\"\",\"usuarioID\":\"1\",\"usuarioID_restrito\":\"\",\"flagprivada\":\"1\"}', '[]'),
(582, '::1', '2023-03-09 22:49:53', 60, 1, '', 'Usuário ARON SELHORST realizou login no sistema', '', ''),
(583, '::1', '2023-03-09 22:57:03', 1, 4, 'usuario', 'Usuário Aron Scapinello Selhorst editou em \"usuario\" #1', '{\"email\":\"francieli.rosa@gmail.com\",\"nomeCompleto\":\"GRA\",\"papelDeUsuarioID\":\"1\",\"login\":\"francieli.rosa@gmail.com\",\"cpf\":\"\",\"statusMotivo\":\"\",\"senha\":\"81dc9bdb52d04dc20036dbd8313ed055\",\"datanascimento\":\"1992-05-21\",\"admin\":\"0\",\"status\":\"1\"}', '[{\"usuarioID\":\"62\",\"nomeCompleto\":\"GRA\",\"login\":\"francieli.rosa@gmail.com\",\"senha\":\"81dc9bdb52d04dc20036dbd8313ed055\",\"admin\":\"0\",\"status\":\"1\",\"statusMotivo\":\"\",\"papelDeUsuarioID\":\"1\",\"email\":\"francieli.rosa@gmail.com\",\"cpf\":\"\",\"senhaRessetada\":\"0\",\"datanascimento\":\"1992-05-21\",\"primeiroacesso\":\"1\"}]'),
(584, '::1', '2023-03-09 22:57:14', 62, 1, '', 'Usuário GRA realizou login no sistema', '', ''),
(585, '::1', '2023-03-09 22:57:53', 1, 4, 'usuario', 'Usuário Aron Scapinello Selhorst editou em \"usuario\" #1', '{\"email\":\"franrosafran92@gmail.com\",\"nomeCompleto\":\"FRANCIELI DENISE DA ROSA SCAPINELLO SELHORST\",\"papelDeUsuarioID\":\"1\",\"login\":\"franrosafran92@gmail.com\",\"cpf\":\"08855292943\",\"statusMotivo\":\"\",\"senha\":\"81dc9bdb52d04dc20036dbd8313ed055\",\"datanascimento\":\"1992-06-23\",\"admin\":\"0\",\"status\":\"1\"}', '[{\"usuarioID\":\"2\",\"nomeCompleto\":\"FRANCIELI DENISE DA ROSA SCAPINELLO SELHORST\",\"login\":\"franrosafran92@gmail.com\",\"senha\":\"81dc9bdb52d04dc20036dbd8313ed055\",\"admin\":\"0\",\"status\":\"1\",\"statusMotivo\":\"\",\"papelDeUsuarioID\":\"1\",\"email\":\"franrosafran92@gmail.com\",\"cpf\":\"08855292943\",\"senhaRessetada\":\"0\",\"datanascimento\":\"1992-06-23\",\"primeiroacesso\":\"0\"}]'),
(586, '::1', '2023-03-09 22:57:59', 2, 1, '', 'Usuário FRANCIELI DENISE DA ROSA SCAPINELLO SELHORST realizou login no sistema', '', ''),
(587, '::1', '2023-03-09 23:07:48', 60, 1, '', 'Usuário ARON SELHORST realizou login no sistema', '', ''),
(588, '::1', '2023-03-09 23:07:59', 1, 1, '', 'Usuário Aron Scapinello Selhorst realizou login no sistema', '', ''),
(589, '::1', '2023-03-09 23:09:44', 1, 1, '', 'Usuário Aron Scapinello Selhorst realizou login no sistema', '', ''),
(590, '::1', '2023-03-09 23:18:53', 1, 1, '', 'Usuário Aron Scapinello Selhorst realizou login no sistema', '', ''),
(591, '::1', '2023-03-09 23:19:19', 1, 2, 'agenda', 'Usuário Aron Scapinello Selhorst cadastrou em \"agenda\" #22', '{\"titulo\":\"TESTE\",\"datacadastro\":\"2023-03-17\",\"datafinal\":\"0000-00-00\",\"horarioinicial\":\"\",\"horariofinal\":\"\",\"descricao\":\"\",\"usuarioID\":\"1\",\"flagprivada\":\"0\",\"local\":\"jardim italia\"}', '[]'),
(592, '::1', '2023-03-09 23:20:28', 1, 1, '', 'Usuário Aron Scapinello Selhorst realizou login no sistema', '', ''),
(593, '::1', '2023-03-09 23:21:39', 1, 1, '', 'Usuário Aron Scapinello Selhorst realizou login no sistema', '', ''),
(594, '::1', '2023-03-09 23:23:23', 1, 1, '', 'Usuário Aron Scapinello Selhorst realizou login no sistema', '', ''),
(595, '::1', '2023-03-09 23:24:03', 1, 1, '', 'Usuário Aron Scapinello Selhorst realizou login no sistema', '', ''),
(596, '::1', '2023-03-11 20:40:34', 1, 1, '', 'Usuário Aron Scapinello Selhorst realizou login no sistema', '', ''),
(597, '::1', '2023-03-11 21:56:16', 1, 6, '', 'Usuário Aron Scapinello Selhorst saiu do sistema', '', ''),
(598, '::1', '2023-03-12 20:07:09', 1, 1, '', 'Usuário Aron Scapinello Selhorst realizou login no sistema', '', ''),
(599, '::1', '2023-03-12 20:09:35', 1, 1, '', 'Usuário Aron Scapinello Selhorst realizou login no sistema', '', ''),
(600, '::1', '2023-03-12 20:12:40', 1, 1, '', 'Usuário Aron Scapinello Selhorst realizou login no sistema', '', ''),
(601, '::1', '2023-03-12 20:17:37', 1, 1, '', 'Usuário Aron Scapinello Selhorst realizou login no sistema', '', ''),
(602, '::1', '2023-03-12 20:18:28', 1, 1, '', 'Usuário Aron Scapinello Selhorst realizou login no sistema', '', ''),
(603, '::1', '2023-03-12 20:20:38', 1, 1, '', 'Usuário Aron Scapinello Selhorst realizou login no sistema', '', ''),
(604, '::1', '2023-03-12 20:24:49', 1, 1, '', 'Usuário Aron Scapinello Selhorst realizou login no sistema', '', ''),
(605, '::1', '2023-03-12 20:30:17', 1, 1, '', 'Usuário Aron Scapinello Selhorst realizou login no sistema', '', ''),
(606, '::1', '2023-03-12 20:50:58', 1, 1, '', 'Usuário Aron Scapinello Selhorst realizou login no sistema', '', ''),
(607, '::1', '2023-03-12 20:54:52', 1, 1, '', 'Usuário Aron Scapinello Selhorst realizou login no sistema', '', ''),
(608, '::1', '2023-03-12 21:00:39', 1, 1, '', 'Usuário Aron Scapinello Selhorst realizou login no sistema', '', ''),
(609, '::1', '2023-03-12 21:00:53', 1, 1, '', 'Usuário Aron Scapinello Selhorst realizou login no sistema', '', ''),
(610, '::1', '2023-03-12 21:05:08', 1, 1, '', 'Usuário Aron Scapinello Selhorst realizou login no sistema', '', ''),
(611, '::1', '2023-03-12 21:06:58', 1, 1, '', 'Usuário Aron Scapinello Selhorst realizou login no sistema', '', ''),
(612, '::1', '2023-03-12 21:08:02', 1, 1, '', 'Usuário Aron Scapinello Selhorst realizou login no sistema', '', ''),
(613, '::1', '2023-03-12 21:11:40', 1, 1, '', 'Usuário Aron Scapinello Selhorst realizou login no sistema', '', ''),
(614, '::1', '2023-03-12 21:15:06', 1, 1, '', 'Usuário Aron Scapinello Selhorst realizou login no sistema', '', ''),
(615, '::1', '2023-03-12 21:15:53', 1, 1, '', 'Usuário Aron Scapinello Selhorst realizou login no sistema', '', ''),
(616, '::1', '2023-03-12 21:25:27', 1, 1, '', 'Usuário Aron Scapinello Selhorst realizou login no sistema', '', ''),
(617, '127.0.0.1', '2023-03-13 09:06:07', 1, 1, '', 'Usuário Aron Scapinello Selhorst realizou login no sistema', '', ''),
(618, '::1', '2023-03-13 11:15:26', 1, 6, '', 'Usuário Aron Scapinello Selhorst saiu do sistema', '', ''),
(619, '::1', '2023-03-13 21:07:04', 1, 1, '', 'Usuário Aron Scapinello Selhorst realizou login no sistema', '', ''),
(620, '::1', '2023-03-13 22:01:53', 1, 1, '', 'Usuário Aron Scapinello Selhorst realizou login no sistema', '', ''),
(621, '::1', '2023-03-13 22:03:41', 1, 1, '', 'Usuário Aron Scapinello Selhorst realizou login no sistema', '', ''),
(622, '::1', '2023-03-13 22:04:25', 1, 1, '', 'Usuário Aron Scapinello Selhorst realizou login no sistema', '', ''),
(623, '::1', '2023-03-13 22:04:54', 1, 1, '', 'Usuário Aron Scapinello Selhorst realizou login no sistema', '', ''),
(624, '::1', '2023-03-13 22:05:23', 1, 1, '', 'Usuário Aron Scapinello Selhorst realizou login no sistema', '', ''),
(625, '::1', '2023-03-13 22:06:08', 1, 1, '', 'Usuário Aron Scapinello Selhorst realizou login no sistema', '', ''),
(626, '::1', '2023-03-13 22:06:49', 1, 1, '', 'Usuário Aron Scapinello Selhorst realizou login no sistema', '', ''),
(627, '::1', '2023-03-13 22:09:57', 1, 1, '', 'Usuário Aron Scapinello Selhorst realizou login no sistema', '', ''),
(628, '::1', '2023-03-13 22:10:26', 1, 1, '', 'Usuário Aron Scapinello Selhorst realizou login no sistema', '', ''),
(629, '::1', '2023-03-13 22:10:56', 1, 1, '', 'Usuário Aron Scapinello Selhorst realizou login no sistema', '', ''),
(630, '::1', '2023-03-13 22:11:09', 1, 1, '', 'Usuário Aron Scapinello Selhorst realizou login no sistema', '', ''),
(631, '::1', '2023-03-13 22:11:37', 1, 1, '', 'Usuário Aron Scapinello Selhorst realizou login no sistema', '', ''),
(632, '::1', '2023-03-13 22:12:58', 1, 1, '', 'Usuário Aron Scapinello Selhorst realizou login no sistema', '', ''),
(633, '::1', '2023-03-13 22:13:23', 1, 1, '', 'Usuário Aron Scapinello Selhorst realizou login no sistema', '', ''),
(634, '::1', '2023-03-13 22:18:37', 1, 1, '', 'Usuário Aron Scapinello Selhorst realizou login no sistema', '', ''),
(635, '::1', '2023-03-13 22:22:57', 1, 1, '', 'Usuário Aron Scapinello Selhorst realizou login no sistema', '', ''),
(636, '::1', '2023-03-13 22:23:49', 1, 1, '', 'Usuário Aron Scapinello Selhorst realizou login no sistema', '', ''),
(637, '::1', '2023-03-13 22:25:10', 1, 1, '', 'Usuário Aron Scapinello Selhorst realizou login no sistema', '', ''),
(638, '::1', '2023-03-13 22:34:42', 1, 4, 'agenda', 'Usuário Aron Scapinello Selhorst editou em \"agenda\" #12', '{\"titulo\":\"TESTE 02 TO 23\",\"datacadastro\":\"2023-03-23\",\"datafinal\":\"2023-03-23\",\"horarioinicial\":\"02:02\",\"horariofinal\":\"23:23\",\"descricao\":\"TESTE 02 TO 23\",\"usuarioID\":\"1\",\"flagprivada\":\"1\",\"local\":\"asd TESTE 02 TO 23 local\"}', '[{\"agendaID\":\"12\",\"datacadastro\":\"2023-03-02\",\"datafinal\":\"0000-00-00\",\"titulo\":\"TESTE\",\"concluido\":\"0\",\"assunto\":\"\",\"descricao\":\"\",\"recorrente\":\"0\",\"horarioinicial\":\"16:16\",\"horariofinal\":\"\",\"usuarioID\":\"0\",\"flagprivada\":\"0\",\"usuarioID_restrito\":\"0\",\"local\":\"\"}]'),
(639, '::1', '2023-03-13 22:36:10', 1, 4, 'agenda', 'Usuário Aron Scapinello Selhorst editou em \"agenda\" #21', '{\"titulo\":\"ASD ASD ASD ASD ARRRRR\",\"datacadastro\":\"2023-03-25\",\"datafinal\":\"0000-00-00\",\"horarioinicial\":\":\",\"horariofinal\":\":\",\"descricao\":\"\",\"usuarioID\":\"1\",\"flagprivada\":\"1\",\"local\":\"teste\"}', '[{\"agendaID\":\"21\",\"datacadastro\":\"2023-03-25\",\"datafinal\":\"0000-00-00\",\"titulo\":\"ASD ASD ASD ASD ARRRRR\",\"concluido\":\"0\",\"assunto\":\"\",\"descricao\":\"\",\"recorrente\":\"0\",\"horarioinicial\":\"\",\"horariofinal\":\"\",\"usuarioID\":\"1\",\"flagprivada\":\"1\",\"usuarioID_restrito\":\"0\",\"local\":\"\"}]'),
(640, '::1', '2023-03-13 22:37:26', 1, 1, '', 'Usuário Aron Scapinello Selhorst realizou login no sistema', '', ''),
(641, '::1', '2023-03-13 22:37:34', 1, 4, 'agenda', 'Usuário Aron Scapinello Selhorst editou em \"agenda\" #22', '{\"titulo\":\"TESTE\",\"datacadastro\":\"2023-03-17\",\"datafinal\":\"0000-00-00\",\"horarioinicial\":\":\",\"horariofinal\":\":\",\"descricao\":\"tes\",\"usuarioID\":\"1\",\"flagprivada\":\"0\",\"local\":\"jardim italia\"}', '[{\"agendaID\":\"22\",\"datacadastro\":\"2023-03-17\",\"datafinal\":\"0000-00-00\",\"titulo\":\"TESTE\",\"concluido\":\"0\",\"assunto\":\"\",\"descricao\":\"\",\"recorrente\":\"0\",\"horarioinicial\":\"\",\"horariofinal\":\"\",\"usuarioID\":\"1\",\"flagprivada\":\"0\",\"usuarioID_restrito\":\"0\",\"local\":\"jardim italia\"}]'),
(642, '::1', '2023-03-13 22:38:11', 1, 4, 'agenda', 'Usuário Aron Scapinello Selhorst editou em \"agenda\" #22', '{\"titulo\":\"TESTE 1\",\"datacadastro\":\"2023-03-17\",\"datafinal\":\"2023-03-17\",\"horarioinicial\":\"21:00\",\"horariofinal\":\"21:00\",\"descricao\":\"tes\",\"usuarioID\":\"1\",\"flagprivada\":\"1\",\"local\":\"jardim italia\"}', '[{\"agendaID\":\"22\",\"datacadastro\":\"2023-03-17\",\"datafinal\":\"0000-00-00\",\"titulo\":\"TESTE\",\"concluido\":\"0\",\"assunto\":\"\",\"descricao\":\"tes\",\"recorrente\":\"0\",\"horarioinicial\":\":\",\"horariofinal\":\":\",\"usuarioID\":\"1\",\"flagprivada\":\"0\",\"usuarioID_restrito\":\"0\",\"local\":\"jardim italia\"}]'),
(643, '::1', '2023-03-13 22:40:10', 1, 1, '', 'Usuário Aron Scapinello Selhorst realizou login no sistema', '', ''),
(644, '::1', '2023-03-13 22:40:18', 1, 4, 'agenda', 'Usuário Aron Scapinello Selhorst editou em \"agenda\" #9', '{\"titulo\":\"TESTE\",\"datacadastro\":\"2023-03-02\",\"datafinal\":\"0000-00-00\",\"horarioinicial\":\"10:10\",\"horariofinal\":\":\",\"descricao\":\"\",\"usuarioID\":\"1\",\"flagprivada\":\"0\",\"local\":\"\"}', '[{\"agendaID\":\"9\",\"datacadastro\":\"2023-03-02\",\"datafinal\":\"0000-00-00\",\"titulo\":\"TESTE\",\"concluido\":\"0\",\"assunto\":\"\",\"descricao\":\"\",\"recorrente\":\"0\",\"horarioinicial\":\"10:10\",\"horariofinal\":\"\",\"usuarioID\":\"0\",\"flagprivada\":\"0\",\"usuarioID_restrito\":\"0\",\"local\":\"\"}]'),
(645, '::1', '2023-03-13 22:40:35', 1, 4, 'agenda', 'Usuário Aron Scapinello Selhorst editou em \"agenda\" #9', '{\"titulo\":\"TESTE\",\"datacadastro\":\"2023-03-02\",\"datafinal\":\"0000-00-00\",\"horarioinicial\":\"10:10\",\"horariofinal\":\"21:00\",\"descricao\":\"\",\"usuarioID\":\"1\",\"flagprivada\":\"1\",\"local\":\"\"}', '[{\"agendaID\":\"9\",\"datacadastro\":\"2023-03-02\",\"datafinal\":\"0000-00-00\",\"titulo\":\"TESTE\",\"concluido\":\"0\",\"assunto\":\"\",\"descricao\":\"\",\"recorrente\":\"0\",\"horarioinicial\":\"10:10\",\"horariofinal\":\":\",\"usuarioID\":\"1\",\"flagprivada\":\"0\",\"usuarioID_restrito\":\"0\",\"local\":\"\"}]'),
(646, '::1', '2023-03-13 22:40:40', 1, 4, 'agenda', 'Usuário Aron Scapinello Selhorst editou em \"agenda\" #9', '{\"titulo\":\"TESTE GRA\",\"datacadastro\":\"2023-03-02\",\"datafinal\":\"0000-00-00\",\"horarioinicial\":\"10:10\",\"horariofinal\":\"21:00\",\"descricao\":\"\",\"usuarioID\":\"1\",\"flagprivada\":\"1\",\"local\":\"\"}', '[{\"agendaID\":\"9\",\"datacadastro\":\"2023-03-02\",\"datafinal\":\"0000-00-00\",\"titulo\":\"TESTE\",\"concluido\":\"0\",\"assunto\":\"\",\"descricao\":\"\",\"recorrente\":\"0\",\"horarioinicial\":\"10:10\",\"horariofinal\":\"21:00\",\"usuarioID\":\"1\",\"flagprivada\":\"1\",\"usuarioID_restrito\":\"0\",\"local\":\"\"}]'),
(647, '::1', '2023-03-13 22:40:44', 1, 4, 'agenda', 'Usuário Aron Scapinello Selhorst editou em \"agenda\" #9', '{\"titulo\":\"TESTE GRA\",\"datacadastro\":\"2023-03-02\",\"datafinal\":\"0000-00-00\",\"horarioinicial\":\"10:10\",\"horariofinal\":\"21:00\",\"descricao\":\"\",\"usuarioID\":\"1\",\"flagprivada\":\"1\",\"local\":\"\"}', '[{\"agendaID\":\"9\",\"datacadastro\":\"2023-03-02\",\"datafinal\":\"0000-00-00\",\"titulo\":\"TESTE GRA\",\"concluido\":\"0\",\"assunto\":\"\",\"descricao\":\"\",\"recorrente\":\"0\",\"horarioinicial\":\"10:10\",\"horariofinal\":\"21:00\",\"usuarioID\":\"1\",\"flagprivada\":\"1\",\"usuarioID_restrito\":\"0\",\"local\":\"\"}]'),
(648, '::1', '2023-03-13 22:42:18', 1, 1, '', 'Usuário Aron Scapinello Selhorst realizou login no sistema', '', ''),
(649, '::1', '2023-03-13 22:42:33', 1, 4, 'agenda', 'Usuário Aron Scapinello Selhorst editou em \"agenda\" #9', '{\"titulo\":\"TESTE GRA\",\"datacadastro\":\"2023-03-02\",\"datafinal\":\"0000-00-00\",\"horarioinicial\":\"10:10\",\"horariofinal\":\"21:00\",\"descricao\":\"\",\"usuarioID\":\"1\",\"flagprivada\":\"1\",\"local\":\"\"}', '[{\"agendaID\":\"9\",\"datacadastro\":\"2023-03-02\",\"datafinal\":\"0000-00-00\",\"titulo\":\"TESTE GRA\",\"concluido\":\"0\",\"assunto\":\"\",\"descricao\":\"\",\"recorrente\":\"0\",\"horarioinicial\":\"10:10\",\"horariofinal\":\"21:00\",\"usuarioID\":\"1\",\"flagprivada\":\"1\",\"usuarioID_restrito\":\"0\",\"local\":\"\"}]'),
(650, '::1', '2023-03-13 22:42:56', 1, 4, 'agenda', 'Usuário Aron Scapinello Selhorst editou em \"agenda\" #9', '{\"titulo\":\"TESTE GRA\",\"datacadastro\":\"2023-03-02\",\"datafinal\":\"0000-00-00\",\"horarioinicial\":\"10:10\",\"horariofinal\":\"21:00\",\"descricao\":\"\",\"usuarioID\":\"1\",\"flagprivada\":\"1\",\"local\":\"\"}', '[{\"agendaID\":\"9\",\"datacadastro\":\"2023-03-02\",\"datafinal\":\"0000-00-00\",\"titulo\":\"TESTE GRA\",\"concluido\":\"0\",\"assunto\":\"\",\"descricao\":\"\",\"recorrente\":\"0\",\"horarioinicial\":\"10:10\",\"horariofinal\":\"21:00\",\"usuarioID\":\"1\",\"flagprivada\":\"1\",\"usuarioID_restrito\":\"0\",\"local\":\"\"}]'),
(651, '::1', '2023-03-13 22:42:56', 1, 3, 'agendausuario', 'Usuário Aron Scapinello Selhorst excluiu em \"agendausuario\" #9', '{\"agendaID\":\"9\"}', '[{\"agendausuarioID\":\"9\",\"agendaID\":\"9\",\"usuarioID\":\"62\"}]'),
(652, '::1', '2023-03-13 22:43:32', 1, 4, 'agenda', 'Usuário Aron Scapinello Selhorst editou em \"agenda\" #9', '{\"titulo\":\"TESTE GRA\",\"datacadastro\":\"2023-03-02\",\"datafinal\":\"0000-00-00\",\"horarioinicial\":\"10:10\",\"horariofinal\":\"21:00\",\"descricao\":\"\",\"usuarioID\":\"1\",\"flagprivada\":\"1\",\"local\":\"\"}', '[{\"agendaID\":\"9\",\"datacadastro\":\"2023-03-02\",\"datafinal\":\"0000-00-00\",\"titulo\":\"TESTE GRA\",\"concluido\":\"0\",\"assunto\":\"\",\"descricao\":\"\",\"recorrente\":\"0\",\"horarioinicial\":\"10:10\",\"horariofinal\":\"21:00\",\"usuarioID\":\"1\",\"flagprivada\":\"1\",\"usuarioID_restrito\":\"0\",\"local\":\"\"}]'),
(653, '::1', '2023-03-13 22:43:32', 1, 3, 'agendausuario', 'Usuário Aron Scapinello Selhorst excluiu em \"agendausuario\" #9', '{\"agendaID\":\"9\"}', '[{\"agendausuarioID\":\"16\",\"agendaID\":\"9\",\"usuarioID\":\"62\"}]'),
(654, '::1', '2023-03-13 22:46:25', 1, 1, '', 'Usuário Aron Scapinello Selhorst realizou login no sistema', '', ''),
(655, '::1', '2023-03-13 22:51:11', 1, 1, '', 'Usuário Aron Scapinello Selhorst realizou login no sistema', '', ''),
(656, '::1', '2023-03-13 23:11:38', 1, 1, '', 'Usuário Aron Scapinello Selhorst realizou login no sistema', '', ''),
(657, '::1', '2023-03-13 23:12:26', 1, 1, '', 'Usuário Aron Scapinello Selhorst realizou login no sistema', '', ''),
(658, '::1', '2023-03-13 23:14:32', 60, 1, '', 'Usuário ARON SELHORST realizou login no sistema', '', ''),
(659, '::1', '2023-03-13 23:14:40', 1, 1, '', 'Usuário Aron Scapinello Selhorst realizou login no sistema', '', ''),
(660, '::1', '2023-03-13 23:19:02', 1, 1, '', 'Usuário Aron Scapinello Selhorst realizou login no sistema', '', ''),
(661, '::1', '2023-03-13 23:20:39', 1, 1, '', 'Usuário Aron Scapinello Selhorst realizou login no sistema', '', ''),
(662, '::1', '2023-03-13 23:21:39', 1, 1, '', 'Usuário Aron Scapinello Selhorst realizou login no sistema', '', ''),
(663, '::1', '2023-03-13 23:32:19', 1, 1, '', 'Usuário Aron Scapinello Selhorst realizou login no sistema', '', ''),
(664, '::1', '2023-03-13 23:37:00', 1, 1, '', 'Usuário Aron Scapinello Selhorst realizou login no sistema', '', ''),
(665, '177.131.124.229', '2023-03-14 16:04:40', 1, 1, '', 'Usuário Aron Scapinello Selhorst realizou login no sistema', '', ''),
(666, '177.131.124.229', '2023-03-14 20:49:47', 1, 6, '', 'Usuário Aron Scapinello Selhorst saiu do sistema', '', ''),
(667, '177.131.124.229', '2023-03-14 21:46:30', 1, 1, '', 'Usuário Aron Scapinello Selhorst realizou login no sistema', '', ''),
(668, '177.131.124.229', '2023-03-14 21:50:42', 1, 1, '', 'Usuário Aron Scapinello Selhorst realizou login no sistema', '', ''),
(669, '177.131.124.229', '2023-03-14 22:07:55', 1, 1, '', 'Usuário Aron Scapinello Selhorst realizou login no sistema', '', ''),
(670, '177.131.124.229', '2023-03-14 22:12:28', 1, 1, '', 'Usuário Aron Scapinello Selhorst realizou login no sistema', '', ''),
(671, '177.131.124.229', '2023-03-14 22:13:29', 1, 1, '', 'Usuário Aron Scapinello Selhorst realizou login no sistema', '', ''),
(672, '177.131.124.229', '2023-03-14 23:40:09', 1, 1, '', 'Usuário Aron Scapinello Selhorst realizou login no sistema', '', ''),
(673, '177.131.124.229', '2023-03-14 23:43:46', 1, 1, '', 'Usuário Aron Scapinello Selhorst realizou login no sistema', '', ''),
(674, '177.131.124.125', '2023-03-15 21:45:27', 1, 1, '', 'Usuário Aron Scapinello Selhorst realizou login no sistema', '', ''),
(675, '177.131.124.125', '2023-03-15 21:48:30', 1, 2, 'propostaemail', 'Usuário Aron Scapinello Selhorst cadastrou em \"propostaemail\" #2', '{\"datacadastro\":\"2023-03-15 21:48:30\",\"propostaID\":\"1\",\"email\":\"aronscapinello@gmail.com\",\"statusemail\":\"ENVIADO\",\"corpoemail\":\"<p>Ol&aacute;,<br />Estamos lhe enviando a proposta comercial. <br /><br />Para acessar clique no bot&atilde;o abaixo:<br /><strong><a title=\\\\\\\"ACESSAR PROPOSTA COMERCIAL\\\\\\\" href=\\\\\\\"https://salvadormaifrede.com.br/sistema/drive/banner_08cc50cce4a119e6ec4e1f9157f5f1371672269014.pdf\\\\\\\" target=\\\\\\\"_blank\\\\\\\" rel=\\\\\\\"noopener\\\\\\\">Acessar Proposta Comercial</a></strong><br /><br /><br />Para quaisquer d&uacute;vidas, fique a vontade para responder este e-mail.<br /><br />Atenciosamente,<br />Salvador Maifrede</p>\",\"statusmotivo\":\"\"}', '[]'),
(676, '177.131.124.125', '2023-03-15 21:49:11', 1, 2, 'propostaemail', 'Usuário Aron Scapinello Selhorst cadastrou em \"propostaemail\" #3', '{\"datacadastro\":\"2023-03-15 21:49:11\",\"propostaID\":\"1\",\"email\":\"aronscapinello@gmail.com\",\"statusemail\":\"Nu00c3O ENVIADO\",\"corpoemail\":\"<p>Ol&aacute;,<br />Estamos lhe enviando a proposta comercial. <br /><br />Para acessar clique no bot&atilde;o abaixo:<br /><strong><a title=\\\\\\\"ACESSAR PROPOSTA COMERCIAL\\\\\\\" href=\\\\\\\"https://salvadormaifrede.com.br/sistema/drive/banner_08cc50cce4a119e6ec4e1f9157f5f1371672269014.pdf\\\\\\\" target=\\\\\\\"_blank\\\\\\\" rel=\\\\\\\"noopener\\\\\\\">Acessar Proposta Comercial</a></strong><br /><br /><br />Para quaisquer d&uacute;vidas, fique a vontade para responder este e-mail.<br /><br />Atenciosamente,<br />Salvador Maifrede</p>\",\"statusmotivo\":\"\"}', '[]'),
(677, '177.131.124.125', '2023-03-15 21:50:31', 1, 2, 'propostaemail', 'Usuário Aron Scapinello Selhorst cadastrou em \"propostaemail\" #4', '{\"datacadastro\":\"2023-03-15 21:50:31\",\"propostaID\":\"1\",\"email\":\"aronscapinello@gmail.com\",\"statusemail\":\"ENVIADO\",\"corpoemail\":\"<p>Ol&aacute;,<br />Estamos lhe enviando a proposta comercial. <br /><br />Para acessar clique no bot&atilde;o abaixo:<br /><strong><a title=\\\\\\\"ACESSAR PROPOSTA COMERCIAL\\\\\\\" href=\\\\\\\"https://salvadormaifrede.com.br/sistema/drive/banner_08cc50cce4a119e6ec4e1f9157f5f1371672269014.pdf\\\\\\\" target=\\\\\\\"_blank\\\\\\\" rel=\\\\\\\"noopener\\\\\\\">Acessar Proposta Comercial</a></strong><br /><br /><br />Para quaisquer d&uacute;vidas, fique a vontade para responder este e-mail.<br /><br />Atenciosamente,<br />Salvador Maifrede</p>\",\"statusmotivo\":\"\"}', '[]'),
(678, '177.131.124.125', '2023-03-15 21:52:11', 1, 2, 'propostaemail', 'Usuário Aron Scapinello Selhorst cadastrou em \"propostaemail\" #5', '{\"datacadastro\":\"2023-03-15 21:52:11\",\"propostaID\":\"1\",\"email\":\"aronscapinello@gmail.com\",\"statusemail\":\"ENVIADO\",\"corpoemail\":\"<p>Ol&aacute;,<br />Estamos lhe enviando a proposta comercial. <br /><br />Para acessar clique no bot&atilde;o abaixo:<br /><strong><a title=\\\\\\\"ACESSAR PROPOSTA COMERCIAL\\\\\\\" href=\\\\\\\"https://salvadormaifrede.com.br/sistema/drive/banner_08cc50cce4a119e6ec4e1f9157f5f1371672269014.pdf\\\\\\\" target=\\\\\\\"_blank\\\\\\\" rel=\\\\\\\"noopener\\\\\\\">Acessar Proposta Comercial</a></strong><br /><br /><br />Para quaisquer d&uacute;vidas, fique a vontade para responder este e-mail.<br /><br />Atenciosamente,<br />Salvador Maifrede</p>\",\"statusmotivo\":\"\"}', '[]'),
(679, '177.131.124.125', '2023-03-15 21:52:54', 1, 2, 'propostaemail', 'Usuário Aron Scapinello Selhorst cadastrou em \"propostaemail\" #6', '{\"datacadastro\":\"2023-03-15 21:52:54\",\"propostaID\":\"1\",\"email\":\"aronscapinello@gmail.com\",\"statusemail\":\"Nu00c3O ENVIADO\",\"corpoemail\":\"<p>Ol&aacute;,<br />Estamos lhe enviando a proposta comercial. <br /><br />Para acessar clique no bot&atilde;o abaixo:<br /><strong><a title=\\\\\\\"ACESSAR PROPOSTA COMERCIAL\\\\\\\" href=\\\\\\\"https://salvadormaifrede.com.br/sistema/drive/banner_08cc50cce4a119e6ec4e1f9157f5f1371672269014.pdf\\\\\\\" target=\\\\\\\"_blank\\\\\\\" rel=\\\\\\\"noopener\\\\\\\">Acessar Proposta Comercial</a></strong><br /><br /><br />Para quaisquer d&uacute;vidas, fique a vontade para responder este e-mail.<br /><br />Atenciosamente,<br />Salvador Maifrede</p>\",\"statusmotivo\":\"\"}', '[]'),
(680, '177.131.124.125', '2023-03-15 22:00:39', 1, 2, 'propostaemail', 'Usuário Aron Scapinello Selhorst cadastrou em \"propostaemail\" #7', '{\"datacadastro\":\"2023-03-15 22:00:39\",\"propostaID\":\"1\",\"email\":\"aronscapinello@gmail.com\",\"statusemail\":\"ENVIADO\",\"corpoemail\":\"<p>Ol&aacute;,<br />Estamos lhe enviando a proposta comercial. <br /><br />Para acessar clique no bot&atilde;o abaixo:<br /><strong><a title=\\\\\\\"ACESSAR PROPOSTA COMERCIAL\\\\\\\" href=\\\\\\\"https://salvadormaifrede.com.br/sistema/drive/banner_08cc50cce4a119e6ec4e1f9157f5f1371672269014.pdf\\\\\\\" target=\\\\\\\"_blank\\\\\\\" rel=\\\\\\\"noopener\\\\\\\">Acessar Proposta Comercial</a></strong><br /><br /><br />Para quaisquer d&uacute;vidas, fique a vontade para responder este e-mail.<br /><br />Atenciosamente,<br />Salvador Maifrede</p>\",\"statusmotivo\":\"\"}', '[]'),
(681, '177.131.124.125', '2023-03-15 22:06:32', 1, 2, 'propostaemail', 'Usuário Aron Scapinello Selhorst cadastrou em \"propostaemail\" #10', '{\"datacadastro\":\"2023-03-15 22:06:32\",\"propostaID\":\"1\",\"email\":\"aronscapinello@gmail.com\",\"statusemail\":\"ENVIADO\",\"corpoemail\":\"<p>Ol&aacute;,<br />Estamos lhe enviando a proposta comercial. <br /><br />Para acessar clique no bot&atilde;o abaixo:<br /><a href=\\\"https://salvadormaifrede.com.br/sistema/drive/banner_08cc50cce4a119e6ec4e1f9157f5f1371672269014.pdf\\\" target=\\\"_blank\\\" rel=\\\"noopener\\\">Acessar Proposta Comercial</a><br /><br /><br />Para quaisquer d&uacute;vidas, fique a vontade para responder este e-mail.<br /><br />Atenciosamente,<br />Salvador Maifrede</p>\",\"statusmotivo\":\"\"}', '[]'),
(682, '177.131.124.125', '2023-03-15 22:09:30', 1, 2, 'propostaemail', 'Usuário Aron Scapinello Selhorst cadastrou em \"propostaemail\" #11', '{\"datacadastro\":\"2023-03-15 22:09:30\",\"propostaID\":\"1\",\"email\":\"aronscapinello@gmail.com\",\"statusemail\":\"ENVIADO\",\"corpoemail\":\"&lt;p&gt;Ol&aacute;,&lt;br /&gt;Estamos lhe enviando a proposta comercial. &lt;br /&gt;&lt;br /&gt;Para acessar clique no bot&atilde;o abaixo:&lt;br /&gt;&lt;a href=\\\\&quot;https://salvadormaifrede.com.br/sistema/drive/banner_08cc50cce4a119e6ec4e1f9157f5f1371672269014.pdf\\\\&quot; target=\\\\&quot;_blank\\\\&quot; rel=\\\\&quot;noopener\\\\&quot;&gt;Acessar Proposta Comercial&lt;/a&gt;&lt;br /&gt;&lt;br /&gt;&lt;br /&gt;Para quaisquer d&uacute;vidas, fique a vontade para responder este e-mail.&lt;br /&gt;&lt;br /&gt;Atenciosamente,&lt;br /&gt;Salvador Maifrede&lt;/p&gt;\",\"statusmotivo\":\"\"}', '[]'),
(683, '177.131.124.125', '2023-03-15 22:16:26', 1, 2, 'propostaemail', 'Usuário Aron Scapinello Selhorst cadastrou em \"propostaemail\" #12', '{\"datacadastro\":\"2023-03-15 22:16:26\",\"propostaID\":\"1\",\"email\":\"aronscapinello@gmail.com\",\"statusemail\":\"ENVIADO\",\"corpoemail\":\"<p>Ol&aacute;,<br />Estamos lhe enviando a proposta comercial. <br /><br />Para acessar clique no bot&atilde;o abaixo:<br /><a href=\\\"https://salvadormaifrede.com.br/sistema/drive/banner_08cc50cce4a119e6ec4e1f9157f5f1371672269014.pdf\\\" target=\\\"_blank\\\" rel=\\\"noopener\\\">Acessar Proposta Comercial</a><br /><br /><br />Para quaisquer d&uacute;vidas, fique a vontade para responder este e-mail.<br /><br />Atenciosamente,<br />Salvador Maifrede</p>\",\"statusmotivo\":\"\"}', '[]'),
(684, '177.131.124.125', '2023-03-15 22:18:30', 1, 2, 'propostaemail', 'Usuário Aron Scapinello Selhorst cadastrou em \"propostaemail\" #13', '{\"datacadastro\":\"2023-03-15 22:18:30\",\"propostaID\":\"1\",\"email\":\"aronscapinello@gmail.com\",\"statusemail\":\"ENVIADO\",\"corpoemail\":\"<p>Ol&aacute;,<br />Estamos lhe enviando a proposta comercial. <br /><br />Para acessar clique no bot&atilde;o abaixo:<br /><a href=\\\"https://salvadormaifrede.com.br/sistema/drive/banner_08cc50cce4a119e6ec4e1f9157f5f1371672269014.pdf\\\" target=\\\"_blank\\\" rel=\\\"noopener\\\">Acessar Proposta Comercial</a><br /><br /><br />Para quaisquer d&uacute;vidas, fique a vontade para responder este e-mail.<br /><br />Atenciosamente,<br />Salvador Maifrede</p>\",\"statusmotivo\":\"\"}', '[]'),
(685, '177.131.124.125', '2023-03-15 22:20:06', 1, 2, 'propostaemail', 'Usuário Aron Scapinello Selhorst cadastrou em \"propostaemail\" #14', '{\"datacadastro\":\"2023-03-15 22:20:06\",\"propostaID\":\"1\",\"email\":\"aronscapinello@gmail.com\",\"statusemail\":\"ENVIADO\",\"corpoemail\":\"<p>Ol&aacute;,<br />Estamos lhe enviando a proposta comercial. <br /><br />Para acessar clique no bot&atilde;o abaixo:<br /><a href=\\\"https://salvadormaifrede.com.br/sistema/drive/banner_08cc50cce4a119e6ec4e1f9157f5f1371672269014.pdf\\\" target=\\\"_blank\\\" rel=\\\"noopener\\\">Acessar Proposta Comercial</a><br /><br /><br />Para quaisquer d&uacute;vidas, fique a vontade para responder este e-mail.<br /><br />Atenciosamente,<br />Salvador Maifrede</p>\",\"statusmotivo\":\"\"}', '[]'),
(686, '177.131.124.125', '2023-03-15 22:20:54', 1, 2, 'propostaemail', 'Usuário Aron Scapinello Selhorst cadastrou em \"propostaemail\" #15', '{\"datacadastro\":\"2023-03-15 22:20:54\",\"propostaID\":\"1\",\"email\":\"aronscapinello@gmail.com\",\"statusemail\":\"ENVIADO\",\"corpoemail\":\"<p>Ol&aacute;,<br />Estamos lhe enviando a proposta comercial. <br /><br />Para acessar clique no bot&atilde;o abaixo:<br /><a href=\\\"https://salvadormaifrede.com.br/sistema/drive/banner_08cc50cce4a119e6ec4e1f9157f5f1371672269014.pdf\\\" target=\\\"_blank\\\" rel=\\\"noopener\\\">Acessar Proposta Comercial</a><br /><br /><br />Para quaisquer d&uacute;vidas, fique a vontade para responder este e-mail.<br /><br />Atenciosamente,<br />Salvador Maifrede</p>\",\"statusmotivo\":\"\"}', '[]'),
(687, '177.131.124.125', '2023-03-15 22:21:37', 1, 2, 'propostaemail', 'Usuário Aron Scapinello Selhorst cadastrou em \"propostaemail\" #16', '{\"datacadastro\":\"2023-03-15 22:21:37\",\"propostaID\":\"1\",\"email\":\"aronscapinello@gmail.com\",\"statusemail\":\"ENVIADO\",\"corpoemail\":\"<p>Ol&aacute;,<br />Estamos lhe enviando a proposta comercial. <br /><br />Para acessar clique no bot&atilde;o abaixo:<br /><a href=\\\"https://salvadormaifrede.com.br/sistema/drive/banner_08cc50cce4a119e6ec4e1f9157f5f1371672269014.pdf\\\" target=\\\"_blank\\\" rel=\\\"noopener\\\">Acessar Proposta Comercial</a><br /><br /><br />Para quaisquer d&uacute;vidas, fique a vontade para responder este e-mail.<br /><br />Atenciosamente,<br />Salvador Maifrede</p>\",\"statusmotivo\":\"\"}', '[]'),
(688, '177.131.124.125', '2023-03-15 22:24:46', 1, 2, 'propostaemail', 'Usuário Aron Scapinello Selhorst cadastrou em \"propostaemail\" #17', '{\"datacadastro\":\"2023-03-15 22:24:46\",\"propostaID\":\"1\",\"email\":\"aronscapinello@gmail.com\",\"statusemail\":\"ENVIADO\",\"corpoemail\":\"<p>Ol&aacute;,<br />Estamos lhe enviando a proposta comercial. <br /><br />Para acessar clique no bot&atilde;o abaixo:<br /><a href=\\\"https://salvadormaifrede.com.br/sistema/drive/banner_08cc50cce4a119e6ec4e1f9157f5f1371672269014.pdf\\\" target=\\\"_blank\\\" rel=\\\"noopener\\\">Acessar Proposta Comercial</a><br /><br /><br />Para quaisquer d&uacute;vidas, fique a vontade para responder este e-mail.<br /><br />Atenciosamente,<br />Salvador Maifrede</p>\",\"statusmotivo\":\"\"}', '[]'),
(689, '177.131.124.125', '2023-03-15 22:25:34', 1, 2, 'propostaemail', 'Usuário Aron Scapinello Selhorst cadastrou em \"propostaemail\" #18', '{\"datacadastro\":\"2023-03-15 22:25:34\",\"propostaID\":\"1\",\"email\":\"aronscapinello@gmail.com\",\"statusemail\":\"ENVIADO\",\"corpoemail\":\"<p>Ol&aacute;,<br />Estamos lhe enviando a proposta comercial. <br /><br />Para acessar clique no bot&atilde;o abaixo:<br /><a href=\\\"https://salvadormaifrede.com.br/sistema/drive/banner_08cc50cce4a119e6ec4e1f9157f5f1371672269014.pdf\\\" target=\\\"_blank\\\" rel=\\\"noopener\\\">Acessar Proposta Comercial</a><br /><br /><br />Para quaisquer d&uacute;vidas, fique a vontade para responder este e-mail.<br /><br />Atenciosamente,<br />Salvador Maifrede</p>\",\"statusmotivo\":\"\"}', '[]'),
(690, '177.131.124.125', '2023-03-15 22:47:58', 1, 1, '', 'Usuário Aron Scapinello Selhorst realizou login no sistema', '', ''),
(691, '177.131.124.125', '2023-03-15 22:49:29', 1, 1, '', 'Usuário Aron Scapinello Selhorst realizou login no sistema', '', '');

-- --------------------------------------------------------

--
-- Estrutura da tabela `menu`
--

CREATE TABLE `menu` (
  `menuID` int(11) NOT NULL,
  `titulo` varchar(255) NOT NULL,
  `icone` varchar(255) NOT NULL,
  `ativo` tinyint(1) NOT NULL COMMENT '1 caso queira iniciar aberto',
  `link` varchar(255) NOT NULL,
  `ordem` int(11) NOT NULL,
  `atalho` varchar(1) NOT NULL,
  `flagnovo` tinyint(4) NOT NULL DEFAULT '0'
) ENGINE=InnoDB DEFAULT CHARSET=latin1;

--
-- Extraindo dados da tabela `menu`
--

INSERT INTO `menu` (`menuID`, `titulo`, `icone`, `ativo`, `link`, `ordem`, `atalho`, `flagnovo`) VALUES
(1, 'Cadastros', 'fa fa-pencil-square', 0, '', 1000, 'm', 1),
(3, 'Configurações', 'fa fa-cog', 0, '', 3001, 's', 0),
(8, 'Ajuda', 'fa fa-support', 0, '', 99999, 'h', 0),
(14, 'Painel Inicial', 'fa fa-home', 0, 'home', 0, '', 0),
(18, 'Processos', 'fa fa-book', 0, 'processos', 5, 'p', 0),
(19, 'Clientes', 'fa fa-users', 0, 'clientes', 3, '', 0),
(22, 'Agenda', 'fa fa-calendar', 0, 'agenda', 543, '', 0),
(23, 'Propostas', 'fa fa-send', 0, 'proposta', 1500, '', 0),
(25, 'Financeiro', 'fa fa-money', 0, 'financeiro', 1400, '', 0);

-- --------------------------------------------------------

--
-- Estrutura da tabela `menumaisopcao`
--

CREATE TABLE `menumaisopcao` (
  `menumaisopcaoID` int(11) NOT NULL,
  `menuID` int(11) NOT NULL,
  `titulo` varchar(255) NOT NULL,
  `link` varchar(255) NOT NULL,
  `icon` varchar(25) NOT NULL
) ENGINE=InnoDB DEFAULT CHARSET=latin1;

-- --------------------------------------------------------

--
-- Estrutura da tabela `moedapagamento`
--

CREATE TABLE `moedapagamento` (
  `moedapagamentoID` int(11) NOT NULL,
  `nome` varchar(255) NOT NULL,
  `sigla` varchar(12) NOT NULL,
  `cifrao` varchar(5) NOT NULL
) ENGINE=InnoDB DEFAULT CHARSET=utf8mb4;

--
-- Extraindo dados da tabela `moedapagamento`
--

INSERT INTO `moedapagamento` (`moedapagamentoID`, `nome`, `sigla`, `cifrao`) VALUES
(1, 'REAL BRASILEIRO', 'BRL', 'R$'),
(2, 'DOLAR AMERICANO', 'USD', '$'),
(3, 'EURO', 'EUR', '€');

-- --------------------------------------------------------

--
-- Estrutura da tabela `pais`
--

CREATE TABLE `pais` (
  `paisID` int(11) NOT NULL,
  `nome` varchar(255) NOT NULL,
  `sigla` varchar(25) NOT NULL
) ENGINE=InnoDB DEFAULT CHARSET=utf8mb4;

--
-- Extraindo dados da tabela `pais`
--

INSERT INTO `pais` (`paisID`, `nome`, `sigla`) VALUES
(1, 'BRASIL', 'BR'),
(2, 'ITÁLIA', 'ITA');

-- --------------------------------------------------------

--
-- Estrutura da tabela `papeldeusuario`
--

CREATE TABLE `papeldeusuario` (
  `papeldeusuarioID` int(11) NOT NULL,
  `papel` varchar(255) NOT NULL
) ENGINE=InnoDB DEFAULT CHARSET=latin1;

--
-- Extraindo dados da tabela `papeldeusuario`
--

INSERT INTO `papeldeusuario` (`papeldeusuarioID`, `papel`) VALUES
(1, 'USUÁRIO PADRÃO'),
(2, 'ADMINISTRATIVO');

-- --------------------------------------------------------

--
-- Estrutura da tabela `papelrelatorio`
--

CREATE TABLE `papelrelatorio` (
  `papelrelatorioID` int(11) NOT NULL,
  `relatorioID` int(11) NOT NULL,
  `papeldeusuarioID` int(11) NOT NULL
) ENGINE=InnoDB DEFAULT CHARSET=latin1;

-- --------------------------------------------------------

--
-- Estrutura da tabela `parametrorelatorio`
--

CREATE TABLE `parametrorelatorio` (
  `parametrorelatorioID` int(11) NOT NULL COMMENT 'Identificador',
  `nome` varchar(255) NOT NULL COMMENT 'Nome do parâmetro',
  `tipo` varchar(25) NOT NULL COMMENT 'Tipo do parâmetro',
  `nomeCampo` varchar(255) NOT NULL COMMENT 'Nome do campo, sem utilizar espaço',
  `relatorioID` int(11) NOT NULL,
  `tamanhoCampo` varchar(2) NOT NULL COMMENT 'Tamanho que aparecerá na tela do sistema',
  `descricao` varchar(255) NOT NULL COMMENT 'Descrição do campo',
  `valorPadrao` varchar(255) NOT NULL,
  `required` tinyint(1) NOT NULL DEFAULT '1'
) ENGINE=InnoDB DEFAULT CHARSET=latin1;

-- --------------------------------------------------------

--
-- Estrutura da tabela `permissao`
--

CREATE TABLE `permissao` (
  `permissaoID` int(11) NOT NULL,
  `papelDeUsuarioID` int(11) NOT NULL,
  `link` varchar(255) NOT NULL,
  `ver` tinyint(1) NOT NULL DEFAULT '0',
  `editar` tinyint(1) NOT NULL DEFAULT '0',
  `adicionar` tinyint(1) NOT NULL DEFAULT '0',
  `excluir` tinyint(1) NOT NULL DEFAULT '0',
  `outrasPermissoes` tinyint(4) DEFAULT '0' COMMENT '0-Não 1-Sim'
) ENGINE=InnoDB DEFAULT CHARSET=latin1;

--
-- Extraindo dados da tabela `permissao`
--

INSERT INTO `permissao` (`permissaoID`, `papelDeUsuarioID`, `link`, `ver`, `editar`, `adicionar`, `excluir`, `outrasPermissoes`) VALUES
(1219, 2, 'home', 1, 1, 1, 1, 0),
(1220, 2, 'clientes', 1, 1, 1, 1, 0),
(1221, 2, 'processos', 1, 1, 1, 1, 0),
(1222, 2, 'agenda', 1, 1, 1, 1, 0),
(1223, 2, 'checklists', 1, 1, 1, 1, 0),
(1224, 2, 'estadocivil', 1, 1, 1, 1, 0),
(1225, 2, 'estados', 1, 1, 1, 1, 0),
(1226, 2, 'statusdeprocessos', 1, 1, 1, 1, 0),
(1227, 2, 'tipodeprocesso', 1, 1, 1, 1, 0),
(1228, 2, 'usuarios', 1, 0, 0, 0, 0),
(1229, 2, 'papeis', 1, 1, 1, 1, 0),
(1230, 2, 'parametros', 1, 1, 1, 1, 0),
(1231, 2, 'https://www.casanuova.com.br/blog', 1, 1, 1, 1, 0),
(1232, 2, 'https://www.casanuova.com.br/contato', 1, 1, 1, 1, 0),
(1233, 2, 'https://www.insource.com.br/#contato', 1, 1, 1, 1, 0),
(1234, 2, 'formadepagamento', 1, 1, 1, 1, 0),
(1235, 2, 'alterarsenha', 1, 1, 1, 1, 1),
(1236, 2, 'meuperfil', 1, 1, 1, 1, 1),
(1237, 2, 'messages', 1, 1, 1, 1, 1),
(1253, 1, 'home', 1, 1, 1, 1, 0),
(1254, 1, 'clientes', 1, 0, 0, 0, 0),
(1255, 1, 'processos', 1, 0, 0, 0, 0),
(1256, 1, 'https://www.insource.com.br/blog', 1, 0, 0, 0, 0),
(1257, 1, 'https://www.insource.com.br/#contato', 1, 0, 0, 0, 0),
(1258, 1, 'agenda', 1, 0, 0, 0, 0),
(1259, 1, 'alterarsenha', 1, 1, 1, 1, 1),
(1260, 1, 'meuperfil', 1, 1, 1, 1, 1);

-- --------------------------------------------------------

--
-- Estrutura da tabela `processo`
--

CREATE TABLE `processo` (
  `processoID` int(11) NOT NULL,
  `clienteID` int(11) NOT NULL,
  `datainicio` date NOT NULL,
  `codigo` varchar(255) NOT NULL,
  `processotipoID` int(11) NOT NULL,
  `checklistID` int(11) NOT NULL,
  `statusprocessoID` int(11) NOT NULL,
  `processocategoriaID` int(11) NOT NULL,
  `linkgoogledrive` varchar(255) NOT NULL
) ENGINE=InnoDB DEFAULT CHARSET=utf8mb4;

--
-- Extraindo dados da tabela `processo`
--

INSERT INTO `processo` (`processoID`, `clienteID`, `datainicio`, `codigo`, `processotipoID`, `checklistID`, `statusprocessoID`, `processocategoriaID`, `linkgoogledrive`) VALUES
(36, 19, '0000-00-00', '123ASD', 5, 15, 1, 1, 'https://www.instagram.com/aronselhorst'),
(37, 19, '0000-00-00', '2022-123ADM', 1, 15, 1, 1, ''),
(46, 21, '0000-00-00', '2112', 0, 15, 1, 2, ''),
(47, 21, '0000-00-00', 'SADDSA', 0, 15, 1, 3, ''),
(48, 21, '0000-00-00', 'DSAADS1223', 0, 15, 1, 1, ''),
(49, 19, '0000-00-00', '1706 TEST', 0, 15, 1, 1, '');

-- --------------------------------------------------------

--
-- Estrutura da tabela `processoanexo`
--

CREATE TABLE `processoanexo` (
  `processoanexoID` int(11) NOT NULL,
  `processoID` int(11) NOT NULL,
  `titulo` varchar(255) NOT NULL,
  `link` varchar(2555) NOT NULL,
  `arquivo` varchar(255) NOT NULL,
  `formatoArquivo` varchar(255) NOT NULL,
  `extensaoArquivo` varchar(25) NOT NULL,
  `tamanhoArquivo` varchar(255) NOT NULL,
  `datacadastro` date NOT NULL
) ENGINE=InnoDB DEFAULT CHARSET=utf8mb4;

--
-- Extraindo dados da tabela `processoanexo`
--

INSERT INTO `processoanexo` (`processoanexoID`, `processoID`, `titulo`, `link`, `arquivo`, `formatoArquivo`, `extensaoArquivo`, `tamanhoArquivo`, `datacadastro`) VALUES
(2, 36, 'teste', 'https://www.instagram.com/aronselhorst', 'asdasdasd.pdf', 'pdf', 'pdf', '12312', '2023-02-13');

-- --------------------------------------------------------

--
-- Estrutura da tabela `processocategoria`
--

CREATE TABLE `processocategoria` (
  `processocategoriaID` int(11) NOT NULL,
  `nome` varchar(255) NOT NULL
) ENGINE=InnoDB DEFAULT CHARSET=utf8mb4;

--
-- Extraindo dados da tabela `processocategoria`
--

INSERT INTO `processocategoria` (`processocategoriaID`, `nome`) VALUES
(1, 'Cidadania Italiana'),
(2, 'Cidadania Portuguesa'),
(3, 'Cidadania Alemã'),
(4, 'Outra Categoria');

-- --------------------------------------------------------

--
-- Estrutura da tabela `processochecklist`
--

CREATE TABLE `processochecklist` (
  `processochecklistID` int(11) NOT NULL,
  `checklistarvoreID` int(11) NOT NULL,
  `datalimite` date NOT NULL,
  `concluido` tinyint(4) NOT NULL,
  `processoID` int(11) NOT NULL,
  `mostrarcliente` tinyint(4) NOT NULL
) ENGINE=InnoDB DEFAULT CHARSET=utf8mb4;

--
-- Extraindo dados da tabela `processochecklist`
--

INSERT INTO `processochecklist` (`processochecklistID`, `checklistarvoreID`, `datalimite`, `concluido`, `processoID`, `mostrarcliente`) VALUES
(76, 128, '0000-00-00', 1, 48, 1),
(78, 141, '0000-00-00', 0, 48, 0),
(121, 125, '2023-03-10', 1, 49, 1),
(123, 129, '0000-00-00', 0, 49, 1),
(124, 130, '0000-00-00', 0, 49, 0),
(125, 133, '0000-00-00', 0, 49, 1),
(126, 139, '0000-00-00', 0, 49, 1),
(136, 126, '2023-02-11', 1, 36, 1),
(137, 127, '0000-00-00', 1, 36, 0),
(138, 124, '2023-03-11', 0, 46, 1),
(139, 131, '2023-03-01', 0, 46, 1);

-- --------------------------------------------------------

--
-- Estrutura da tabela `processopagamento`
--

CREATE TABLE `processopagamento` (
  `processopagamentoID` int(11) NOT NULL,
  `processoID` int(11) NOT NULL,
  `datapagamento` date NOT NULL DEFAULT '0001-01-01',
  `datavencimento` date NOT NULL DEFAULT '0001-01-01',
  `preco` double NOT NULL,
  `formapagamentoID` int(11) NOT NULL,
  `moedapagamentoID` int(11) NOT NULL,
  `precobr` double NOT NULL,
  `cotacaoprecobr` double NOT NULL,
  `datacadastro` date NOT NULL,
  `descricao` varchar(1234) NOT NULL
) ENGINE=InnoDB DEFAULT CHARSET=utf8mb4;

--
-- Extraindo dados da tabela `processopagamento`
--

INSERT INTO `processopagamento` (`processopagamentoID`, `processoID`, `datapagamento`, `datavencimento`, `preco`, `formapagamentoID`, `moedapagamentoID`, `precobr`, `cotacaoprecobr`, `datacadastro`, `descricao`) VALUES
(1, 36, '2022-11-10', '2022-11-10', 10000, 2, 1, 10000, 1, '2022-10-13', ''),
(2, 36, '2022-10-09', '2022-10-10', 10000, 1, 1, 10000, 1, '2022-10-13', ''),
(3, 37, '0001-01-01', '2023-03-19', 100, 0, 2, 520.16, 5.2016, '2022-12-21', ''),
(19, 36, '2023-01-15', '2023-01-26', 1.23, 1, 3, 6.79, 5.5222, '2023-01-15', ''),
(20, 36, '2023-01-15', '2023-02-08', 1231.23, 5, 1, 1231.23, 1, '2023-01-15', ''),
(21, 36, '2023-01-23', '2023-01-18', 5.55, 1, 2, 28.29, 5.0966, '2023-01-15', ''),
(22, 36, '2023-01-17', '2023-01-18', 3.33, 5, 2, 16.97, 5.0966, '2023-01-15', ''),
(23, 36, '0001-01-01', '2023-02-16', 1500, 0, 1, 1500, 1, '2023-02-02', ''),
(24, 36, '2023-02-16', '2023-02-04', 123.31, 12, 1, 123.31, 1, '2023-02-02', 'Agenciamento de publicidades e propaganda, inclusive o agenciamento de veiculação por quaisquer meios');

-- --------------------------------------------------------

--
-- Estrutura da tabela `processotipo`
--

CREATE TABLE `processotipo` (
  `processotipoID` int(11) NOT NULL,
  `nome` varchar(255) NOT NULL
) ENGINE=InnoDB DEFAULT CHARSET=utf8mb4;

--
-- Extraindo dados da tabela `processotipo`
--

INSERT INTO `processotipo` (`processotipoID`, `nome`) VALUES
(1, 'OUTROS PROCESSOS'),
(2, 'ADMINISTRATIVO\r\n'),
(3, 'PROCESSO ITÁLIA'),
(4, 'JUDICIAL MATERNA'),
(5, 'JUDICIAL PATERNO'),
(6, 'PESQUISA DE DOCUMENTOS'),
(7, 'TRADUÇÃO E APOSTILAMENTO'),
(8, 'PREPARAÇÃO DOS DOCUMENTOS NO BRASIL'),
(9, 'CADASTRO A.I.R.E');

-- --------------------------------------------------------

--
-- Estrutura da tabela `profissao`
--

CREATE TABLE `profissao` (
  `profissaoID` int(11) NOT NULL,
  `nome` varchar(255) NOT NULL
) ENGINE=InnoDB DEFAULT CHARSET=utf8mb4;

--
-- Extraindo dados da tabela `profissao`
--

INSERT INTO `profissao` (`profissaoID`, `nome`) VALUES
(1, 'AGRICULTOR(A)'),
(3, 'TÉCNICO EM INFORMÁTICA'),
(4, 'PROFESSOR(A)');

-- --------------------------------------------------------

--
-- Estrutura da tabela `proposta`
--

CREATE TABLE `proposta` (
  `propostaID` int(11) NOT NULL,
  `nome` varchar(255) NOT NULL,
  `datacadastro` date NOT NULL,
  `obs` text NOT NULL,
  `email` varchar(255) NOT NULL,
  `arquivo` varchar(255) NOT NULL,
  `formatoArquivo` varchar(255) NOT NULL,
  `extensaoArquivo` varchar(25) NOT NULL,
  `tamanhoArquivo` varchar(255) NOT NULL,
  `propostastatusID` int(11) NOT NULL
) ENGINE=InnoDB DEFAULT CHARSET=utf8mb4;

--
-- Extraindo dados da tabela `proposta`
--

INSERT INTO `proposta` (`propostaID`, `nome`, `datacadastro`, `obs`, `email`, `arquivo`, `formatoArquivo`, `extensaoArquivo`, `tamanhoArquivo`, `propostastatusID`) VALUES
(1, 'TESTE', '2022-12-28', 'teste', 'aronscapinello@gmail.com', 'banner_08cc50cce4a119e6ec4e1f9157f5f1371672269014.pdf', 'application/pdf', 'pdf', '179213', 1);

-- --------------------------------------------------------

--
-- Estrutura da tabela `propostaemail`
--

CREATE TABLE `propostaemail` (
  `propostaemailID` int(11) NOT NULL,
  `propostaID` int(11) NOT NULL,
  `datacadastro` datetime NOT NULL,
  `email` varchar(255) NOT NULL,
  `statusemail` varchar(255) NOT NULL,
  `corpoemail` text NOT NULL,
  `statusmotivo` text NOT NULL
) ENGINE=InnoDB DEFAULT CHARSET=utf8mb4;

--
-- Extraindo dados da tabela `propostaemail`
--

INSERT INTO `propostaemail` (`propostaemailID`, `propostaID`, `datacadastro`, `email`, `statusemail`, `corpoemail`, `statusmotivo`) VALUES
(1, 1, '2023-03-15 21:46:58', 'aronscapinello@gmail.com', 'ENVIADO', 'Olá,<br> Estamos lhe enviando a proposta comercial. <br><br>Para acessar clique no botão abaixo:<br><a target=\'_blank\' href=\'https://salvadormaifrede.com.br/sistema/drive/banner_08cc50cce4a119e6ec4e1f9157f5f1371672269014.pdf\'>Acessar Proposta Comercial</a><br><br><br>Para quaisquer dúvidas, fique a vontade para responder este e-mail.<br><br> Atenciosamente,<br>Salvador Maifrede', ''),
(2, 1, '2023-03-15 21:48:30', 'aronscapinello@gmail.com', 'ENVIADO', '<p>Ol&aacute;,<br />Estamos lhe enviando a proposta comercial. <br /><br />Para acessar clique no bot&atilde;o abaixo:<br /><strong><a title=\"ACESSAR PROPOSTA COMERCIAL\" href=\"https://salvadormaifrede.com.br/sistema/drive/banner_08cc50cce4a119e6ec4e1f9157f5f1371672269014.pdf\" target=\"_blank\" rel=\"noopener\">Acessar Proposta Comercial</a></strong><br /><br /><br />Para quaisquer d&uacute;vidas, fique a vontade para responder este e-mail.<br /><br />Atenciosamente,<br />Salvador Maifrede</p>', ''),
(3, 1, '2023-03-15 21:49:11', 'aronscapinello@gmail.com', 'NÃO ENVIADO', '<p>Ol&aacute;,<br />Estamos lhe enviando a proposta comercial. <br /><br />Para acessar clique no bot&atilde;o abaixo:<br /><strong><a title=\"ACESSAR PROPOSTA COMERCIAL\" href=\"https://salvadormaifrede.com.br/sistema/drive/banner_08cc50cce4a119e6ec4e1f9157f5f1371672269014.pdf\" target=\"_blank\" rel=\"noopener\">Acessar Proposta Comercial</a></strong><br /><br /><br />Para quaisquer d&uacute;vidas, fique a vontade para responder este e-mail.<br /><br />Atenciosamente,<br />Salvador Maifrede</p>', ''),
(4, 1, '2023-03-15 21:50:31', 'aronscapinello@gmail.com', 'ENVIADO', '<p>Ol&aacute;,<br />Estamos lhe enviando a proposta comercial. <br /><br />Para acessar clique no bot&atilde;o abaixo:<br /><strong><a title=\"ACESSAR PROPOSTA COMERCIAL\" href=\"https://salvadormaifrede.com.br/sistema/drive/banner_08cc50cce4a119e6ec4e1f9157f5f1371672269014.pdf\" target=\"_blank\" rel=\"noopener\">Acessar Proposta Comercial</a></strong><br /><br /><br />Para quaisquer d&uacute;vidas, fique a vontade para responder este e-mail.<br /><br />Atenciosamente,<br />Salvador Maifrede</p>', ''),
(5, 1, '2023-03-15 21:52:11', 'aronscapinello@gmail.com', 'ENVIADO', '<p>Ol&aacute;,<br />Estamos lhe enviando a proposta comercial. <br /><br />Para acessar clique no bot&atilde;o abaixo:<br /><strong><a title=\"ACESSAR PROPOSTA COMERCIAL\" href=\"https://salvadormaifrede.com.br/sistema/drive/banner_08cc50cce4a119e6ec4e1f9157f5f1371672269014.pdf\" target=\"_blank\" rel=\"noopener\">Acessar Proposta Comercial</a></strong><br /><br /><br />Para quaisquer d&uacute;vidas, fique a vontade para responder este e-mail.<br /><br />Atenciosamente,<br />Salvador Maifrede</p>', ''),
(6, 1, '2023-03-15 21:52:54', 'aronscapinello@gmail.com', 'NÃO ENVIADO', '<p>Ol&aacute;,<br />Estamos lhe enviando a proposta comercial. <br /><br />Para acessar clique no bot&atilde;o abaixo:<br /><strong><a title=\"ACESSAR PROPOSTA COMERCIAL\" href=\"https://salvadormaifrede.com.br/sistema/drive/banner_08cc50cce4a119e6ec4e1f9157f5f1371672269014.pdf\" target=\"_blank\" rel=\"noopener\">Acessar Proposta Comercial</a></strong><br /><br /><br />Para quaisquer d&uacute;vidas, fique a vontade para responder este e-mail.<br /><br />Atenciosamente,<br />Salvador Maifrede</p>', ''),
(7, 1, '2023-03-15 22:00:39', 'aronscapinello@gmail.com', 'ENVIADO', '<p>Ol&aacute;,<br />Estamos lhe enviando a proposta comercial. <br /><br />Para acessar clique no bot&atilde;o abaixo:<br /><strong><a title=\"ACESSAR PROPOSTA COMERCIAL\" href=\"https://salvadormaifrede.com.br/sistema/drive/banner_08cc50cce4a119e6ec4e1f9157f5f1371672269014.pdf\" target=\"_blank\" rel=\"noopener\">Acessar Proposta Comercial</a></strong><br /><br /><br />Para quaisquer d&uacute;vidas, fique a vontade para responder este e-mail.<br /><br />Atenciosamente,<br />Salvador Maifrede</p>', ''),
(8, 1, '2023-03-15 22:03:45', 'aronscapinello@gmail.com', 'ENVIADO', 'Olá,<br> Estamos lhe enviando a proposta comercial. <br><br>Para acessar clique no botão abaixo:<br><a target=\'_blank\' href=\'https://salvadormaifrede.com.br/sistema/drive/banner_08cc50cce4a119e6ec4e1f9157f5f1371672269014.pdf\'>Acessar Proposta Comercial</a><br><br><br>Para quaisquer dúvidas, fique a vontade para responder este e-mail.<br><br> Atenciosamente,<br>Salvador Maifrede', ''),
(9, 1, '2023-03-15 22:05:37', 'aronscapinello@gmail.com', 'ENVIADO', 'Olá,<br> Estamos lhe enviando a proposta comercial. <br><br>Para acessar clique no botão abaixo:<br><a target=\'_blank\' href=\'https://salvadormaifrede.com.br/sistema/drive/banner_08cc50cce4a119e6ec4e1f9157f5f1371672269014.pdf\'>Acessar Proposta Comercial</a><br><br><br>Para quaisquer dúvidas, fique a vontade para responder este e-mail.<br><br> Atenciosamente,<br>Salvador Maifrede', ''),
(10, 1, '2023-03-15 22:06:32', 'aronscapinello@gmail.com', 'ENVIADO', '<p>Ol&aacute;,<br />Estamos lhe enviando a proposta comercial. <br /><br />Para acessar clique no bot&atilde;o abaixo:<br /><a href=\"https://salvadormaifrede.com.br/sistema/drive/banner_08cc50cce4a119e6ec4e1f9157f5f1371672269014.pdf\" target=\"_blank\" rel=\"noopener\">Acessar Proposta Comercial</a><br /><br /><br />Para quaisquer d&uacute;vidas, fique a vontade para responder este e-mail.<br /><br />Atenciosamente,<br />Salvador Maifrede</p>', ''),
(11, 1, '2023-03-15 22:09:30', 'aronscapinello@gmail.com', 'ENVIADO', '&lt;p&gt;Ol&aacute;,&lt;br /&gt;Estamos lhe enviando a proposta comercial. &lt;br /&gt;&lt;br /&gt;Para acessar clique no bot&atilde;o abaixo:&lt;br /&gt;&lt;a href=&quot;https://salvadormaifrede.com.br/sistema/drive/banner_08cc50cce4a119e6ec4e1f9157f5f1371672269014.pdf&quot; target=&quot;_blank&quot; rel=&quot;noopener&quot;&gt;Acessar Proposta Comercial&lt;/a&gt;&lt;br /&gt;&lt;br /&gt;&lt;br /&gt;Para quaisquer d&uacute;vidas, fique a vontade para responder este e-mail.&lt;br /&gt;&lt;br /&gt;Atenciosamente,&lt;br /&gt;Salvador Maifrede&lt;/p&gt;', ''),
(12, 1, '2023-03-15 22:16:26', 'aronscapinello@gmail.com', 'ENVIADO', '<p>Ol&aacute;,<br />Estamos lhe enviando a proposta comercial. <br /><br />Para acessar clique no bot&atilde;o abaixo:<br /><a href=\"https://salvadormaifrede.com.br/sistema/drive/banner_08cc50cce4a119e6ec4e1f9157f5f1371672269014.pdf\" target=\"_blank\" rel=\"noopener\">Acessar Proposta Comercial</a><br /><br /><br />Para quaisquer d&uacute;vidas, fique a vontade para responder este e-mail.<br /><br />Atenciosamente,<br />Salvador Maifrede</p>', ''),
(13, 1, '2023-03-15 22:18:30', 'aronscapinello@gmail.com', 'ENVIADO', '<p>Ol&aacute;,<br />Estamos lhe enviando a proposta comercial. <br /><br />Para acessar clique no bot&atilde;o abaixo:<br /><a href=\"https://salvadormaifrede.com.br/sistema/drive/banner_08cc50cce4a119e6ec4e1f9157f5f1371672269014.pdf\" target=\"_blank\" rel=\"noopener\">Acessar Proposta Comercial</a><br /><br /><br />Para quaisquer d&uacute;vidas, fique a vontade para responder este e-mail.<br /><br />Atenciosamente,<br />Salvador Maifrede</p>', ''),
(14, 1, '2023-03-15 22:20:06', 'aronscapinello@gmail.com', 'ENVIADO', '<p>Ol&aacute;,<br />Estamos lhe enviando a proposta comercial. <br /><br />Para acessar clique no bot&atilde;o abaixo:<br /><a href=\"https://salvadormaifrede.com.br/sistema/drive/banner_08cc50cce4a119e6ec4e1f9157f5f1371672269014.pdf\" target=\"_blank\" rel=\"noopener\">Acessar Proposta Comercial</a><br /><br /><br />Para quaisquer d&uacute;vidas, fique a vontade para responder este e-mail.<br /><br />Atenciosamente,<br />Salvador Maifrede</p>', ''),
(15, 1, '2023-03-15 22:20:54', 'aronscapinello@gmail.com', 'ENVIADO', '<p>Ol&aacute;,<br />Estamos lhe enviando a proposta comercial. <br /><br />Para acessar clique no bot&atilde;o abaixo:<br /><a href=\"https://salvadormaifrede.com.br/sistema/drive/banner_08cc50cce4a119e6ec4e1f9157f5f1371672269014.pdf\" target=\"_blank\" rel=\"noopener\">Acessar Proposta Comercial</a><br /><br /><br />Para quaisquer d&uacute;vidas, fique a vontade para responder este e-mail.<br /><br />Atenciosamente,<br />Salvador Maifrede</p>', ''),
(16, 1, '2023-03-15 22:21:37', 'aronscapinello@gmail.com', 'ENVIADO', '<p>Ol&aacute;,<br />Estamos lhe enviando a proposta comercial. <br /><br />Para acessar clique no bot&atilde;o abaixo:<br /><a href=\"https://salvadormaifrede.com.br/sistema/drive/banner_08cc50cce4a119e6ec4e1f9157f5f1371672269014.pdf\" target=\"_blank\" rel=\"noopener\">Acessar Proposta Comercial</a><br /><br /><br />Para quaisquer d&uacute;vidas, fique a vontade para responder este e-mail.<br /><br />Atenciosamente,<br />Salvador Maifrede</p>', ''),
(17, 1, '2023-03-15 22:24:46', 'aronscapinello@gmail.com', 'ENVIADO', '<p>Ol&aacute;,<br />Estamos lhe enviando a proposta comercial. <br /><br />Para acessar clique no bot&atilde;o abaixo:<br /><a href=\"https://salvadormaifrede.com.br/sistema/drive/banner_08cc50cce4a119e6ec4e1f9157f5f1371672269014.pdf\" target=\"_blank\" rel=\"noopener\">Acessar Proposta Comercial</a><br /><br /><br />Para quaisquer d&uacute;vidas, fique a vontade para responder este e-mail.<br /><br />Atenciosamente,<br />Salvador Maifrede</p>', ''),
(18, 1, '2023-03-15 22:25:34', 'aronscapinello@gmail.com', 'ENVIADO', '<p>Ol&aacute;,<br />Estamos lhe enviando a proposta comercial. <br /><br />Para acessar clique no bot&atilde;o abaixo:<br /><a href=\"https://salvadormaifrede.com.br/sistema/drive/banner_08cc50cce4a119e6ec4e1f9157f5f1371672269014.pdf\" target=\"_blank\" rel=\"noopener\">Acessar Proposta Comercial</a><br /><br /><br />Para quaisquer d&uacute;vidas, fique a vontade para responder este e-mail.<br /><br />Atenciosamente,<br />Salvador Maifrede</p>', '');

-- --------------------------------------------------------

--
-- Estrutura da tabela `propostastatus`
--

CREATE TABLE `propostastatus` (
  `propostastatusID` int(11) NOT NULL,
  `nome` varchar(255) NOT NULL
) ENGINE=InnoDB DEFAULT CHARSET=utf8mb4;

--
-- Extraindo dados da tabela `propostastatus`
--

INSERT INTO `propostastatus` (`propostastatusID`, `nome`) VALUES
(1, 'Não enviada'),
(2, 'Enviada'),
(3, 'Aceite'),
(4, 'Recusada'),
(5, 'EXCLUÍDA');

-- --------------------------------------------------------

--
-- Estrutura da tabela `relatorio`
--

CREATE TABLE `relatorio` (
  `relatorioID` int(11) NOT NULL COMMENT 'Identificador',
  `nome` varchar(255) NOT NULL COMMENT 'Nome do relatório',
  `tipoRelatorioID` int(11) NOT NULL COMMENT 'Tipo de relatório. Referencia a tabela tipoRelatorio',
  `numeroRelatorio` int(11) NOT NULL,
  `nomeArquivo` varchar(255) NOT NULL COMMENT 'Nome do arquivo do relatório',
  `ireport` tinytext NOT NULL COMMENT '0-n 1-s'
) ENGINE=InnoDB DEFAULT CHARSET=latin1;

-- --------------------------------------------------------

--
-- Estrutura da tabela `statusprocesso`
--

CREATE TABLE `statusprocesso` (
  `statusprocessoID` int(11) NOT NULL,
  `nome` varchar(255) NOT NULL
) ENGINE=InnoDB DEFAULT CHARSET=utf8mb4;

--
-- Extraindo dados da tabela `statusprocesso`
--

INSERT INTO `statusprocesso` (`statusprocessoID`, `nome`) VALUES
(1, 'ABERTO'),
(2, 'PAUSADO'),
(3, 'FINALIZADO');

-- --------------------------------------------------------

--
-- Estrutura da tabela `submenu`
--

CREATE TABLE `submenu` (
  `submenuID` int(11) NOT NULL,
  `titulo` varchar(255) NOT NULL,
  `ordem` int(11) NOT NULL,
  `link` varchar(255) NOT NULL,
  `icone` varchar(255) NOT NULL,
  `menuID` int(11) NOT NULL,
  `target` varchar(25) NOT NULL,
  `flagnovo` tinyint(4) NOT NULL DEFAULT '0'
) ENGINE=InnoDB DEFAULT CHARSET=latin1;

--
-- Extraindo dados da tabela `submenu`
--

INSERT INTO `submenu` (`submenuID`, `titulo`, `ordem`, `link`, `icone`, `menuID`, `target`, `flagnovo`) VALUES
(3, 'Usuários', 2, 'usuarios', 'fa fa-users', 3, '', 0),
(4, 'Papéis de usuários', 10, 'papeis', 'fa fa-address-card-o', 3, '', 0),
(5, 'Parâmetros', 20, 'parametros', 'fa fa-cogs', 3, '', 0),
(15, 'Suporte INSOURCE', 5, 'https://www.insource.com.br/#contato', 'fa fa-comments-o', 8, '_blank', 0),
(16, 'Log', 1, 'log', 'fa fa-archive', 3, '', 0),
(45, 'Checklists', 0, 'checklists', 'fa fa-list-ul', 1, '', 0),
(49, 'Blog INSOURCE', 0, 'https://www.insource.com.br/blog', 'fa fa-book', 8, '_blank', 0),
(50, 'Status de Processos', 0, 'statusdeprocessos', 'fa fa-cubes', 1, '', 0),
(52, 'Estados', 0, 'estados', 'fa fa-cubes', 1, '', 0),
(53, 'Estado Civil', 0, 'estadocivil', 'fa fa-cubes', 1, '', 0),
(54, 'Formas de Pagamento', 0, 'formadepagamento', 'fa fa-cubes', 1, '', 0),
(55, 'Tipos de Processos', 0, 'tipodeprocesso', 'fa fa-cubes', 1, '', 0),
(56, 'Escolaridade', 0, 'escolaridade', 'fa fa-cubes', 1, '', 0),
(57, 'Profissão', 0, 'profissao', 'fa fa-cubes', 1, '', 0),
(58, 'Status de Propostas', 0, 'statusdepropostas', 'fa fa-cubes', 1, '', 0),
(59, 'Categoria de Processos', 0, 'processocategoria', 'fa fa-cubes', 1, '', 1),
(60, 'Tipos de Lanç. Financeiros', 0, 'financeirotipo', 'fa fa-cubes', 1, '', 1);

-- --------------------------------------------------------

--
-- Estrutura da tabela `submenumaisopcao`
--

CREATE TABLE `submenumaisopcao` (
  `submenumaisopcaoID` int(11) NOT NULL,
  `submenuID` int(11) NOT NULL,
  `titulo` varchar(255) NOT NULL,
  `link` varchar(255) NOT NULL,
  `icon` varchar(25) NOT NULL
) ENGINE=InnoDB DEFAULT CHARSET=latin1;

--
-- Indexes for dumped tables
--

--
-- Indexes for table `acaolog`
--
ALTER TABLE `acaolog`
  ADD PRIMARY KEY (`acaoLogID`);

--
-- Indexes for table `agenda`
--
ALTER TABLE `agenda`
  ADD PRIMARY KEY (`agendaID`);

--
-- Indexes for table `agendausuario`
--
ALTER TABLE `agendausuario`
  ADD PRIMARY KEY (`agendausuarioID`);

--
-- Indexes for table `categoria`
--
ALTER TABLE `categoria`
  ADD PRIMARY KEY (`categoriaID`);

--
-- Indexes for table `checklist`
--
ALTER TABLE `checklist`
  ADD PRIMARY KEY (`checklistID`);

--
-- Indexes for table `checklistarvore`
--
ALTER TABLE `checklistarvore`
  ADD PRIMARY KEY (`checklistarvoreID`),
  ADD KEY `arvore_checklist` (`checklistID`);

--
-- Indexes for table `cliente`
--
ALTER TABLE `cliente`
  ADD PRIMARY KEY (`clienteID`);

--
-- Indexes for table `clienteanexo`
--
ALTER TABLE `clienteanexo`
  ADD PRIMARY KEY (`clienteanexoID`);

--
-- Indexes for table `clienteaviso`
--
ALTER TABLE `clienteaviso`
  ADD PRIMARY KEY (`clienteavisoID`),
  ADD KEY `aviso_cliente` (`clienteID`);

--
-- Indexes for table `clienteendereco`
--
ALTER TABLE `clienteendereco`
  ADD PRIMARY KEY (`clienteenderecoID`),
  ADD KEY `clienteendereco_cliente` (`clienteID`);

--
-- Indexes for table `contato`
--
ALTER TABLE `contato`
  ADD PRIMARY KEY (`contatoID`);

--
-- Indexes for table `contatomensagem`
--
ALTER TABLE `contatomensagem`
  ADD PRIMARY KEY (`contatomensagemID`);

--
-- Indexes for table `escolaridade`
--
ALTER TABLE `escolaridade`
  ADD PRIMARY KEY (`escolaridadeID`);

--
-- Indexes for table `estado`
--
ALTER TABLE `estado`
  ADD PRIMARY KEY (`estadoID`);

--
-- Indexes for table `estadocivil`
--
ALTER TABLE `estadocivil`
  ADD PRIMARY KEY (`estadocivilID`);

--
-- Indexes for table `favorito`
--
ALTER TABLE `favorito`
  ADD PRIMARY KEY (`favoritoID`);

--
-- Indexes for table `financeiro`
--
ALTER TABLE `financeiro`
  ADD PRIMARY KEY (`financeiroID`);

--
-- Indexes for table `financeiroanexo`
--
ALTER TABLE `financeiroanexo`
  ADD PRIMARY KEY (`financeiroanexoID`);

--
-- Indexes for table `financeirotipo`
--
ALTER TABLE `financeirotipo`
  ADD PRIMARY KEY (`financeirotipoID`);

--
-- Indexes for table `formapagamento`
--
ALTER TABLE `formapagamento`
  ADD PRIMARY KEY (`formapagamentoID`);

--
-- Indexes for table `log`
--
ALTER TABLE `log`
  ADD PRIMARY KEY (`logID`);

--
-- Indexes for table `menu`
--
ALTER TABLE `menu`
  ADD PRIMARY KEY (`menuID`);

--
-- Indexes for table `menumaisopcao`
--
ALTER TABLE `menumaisopcao`
  ADD PRIMARY KEY (`menumaisopcaoID`),
  ADD KEY `menumaisopcao_menu` (`menuID`);

--
-- Indexes for table `moedapagamento`
--
ALTER TABLE `moedapagamento`
  ADD PRIMARY KEY (`moedapagamentoID`);

--
-- Indexes for table `pais`
--
ALTER TABLE `pais`
  ADD PRIMARY KEY (`paisID`);

--
-- Indexes for table `papeldeusuario`
--
ALTER TABLE `papeldeusuario`
  ADD PRIMARY KEY (`papeldeusuarioID`);

--
-- Indexes for table `papelrelatorio`
--
ALTER TABLE `papelrelatorio`
  ADD PRIMARY KEY (`papelrelatorioID`),
  ADD KEY `papelrelatorio_papeldeusuario` (`papeldeusuarioID`),
  ADD KEY `papelrelatorio_relatorio` (`relatorioID`);

--
-- Indexes for table `parametrorelatorio`
--
ALTER TABLE `parametrorelatorio`
  ADD PRIMARY KEY (`parametrorelatorioID`),
  ADD KEY `parametrorelatorio_relatorio` (`relatorioID`);

--
-- Indexes for table `permissao`
--
ALTER TABLE `permissao`
  ADD PRIMARY KEY (`permissaoID`),
  ADD KEY `permissao_papel` (`papelDeUsuarioID`);

--
-- Indexes for table `processo`
--
ALTER TABLE `processo`
  ADD PRIMARY KEY (`processoID`),
  ADD KEY `processo_cliente` (`clienteID`),
  ADD KEY `processo_statusprocesso` (`statusprocessoID`),
  ADD KEY `processo_processotipo` (`processotipoID`),
  ADD KEY `processo_processocategoria` (`processocategoriaID`);

--
-- Indexes for table `processoanexo`
--
ALTER TABLE `processoanexo`
  ADD PRIMARY KEY (`processoanexoID`),
  ADD KEY `processoanexo_processo` (`processoID`);

--
-- Indexes for table `processocategoria`
--
ALTER TABLE `processocategoria`
  ADD PRIMARY KEY (`processocategoriaID`);

--
-- Indexes for table `processochecklist`
--
ALTER TABLE `processochecklist`
  ADD PRIMARY KEY (`processochecklistID`),
  ADD KEY `processochecklist_processo` (`processoID`),
  ADD KEY `processochecklist_checklistarvore` (`checklistarvoreID`);

--
-- Indexes for table `processopagamento`
--
ALTER TABLE `processopagamento`
  ADD PRIMARY KEY (`processopagamentoID`),
  ADD KEY `processopagamento_processo` (`processoID`),
  ADD KEY `processopagamento_formapagamento` (`formapagamentoID`),
  ADD KEY `processopagamento_moedapagamento` (`moedapagamentoID`);

--
-- Indexes for table `processotipo`
--
ALTER TABLE `processotipo`
  ADD PRIMARY KEY (`processotipoID`);

--
-- Indexes for table `profissao`
--
ALTER TABLE `profissao`
  ADD PRIMARY KEY (`profissaoID`);

--
-- Indexes for table `proposta`
--
ALTER TABLE `proposta`
  ADD PRIMARY KEY (`propostaID`);

--
-- Indexes for table `propostaemail`
--
ALTER TABLE `propostaemail`
  ADD PRIMARY KEY (`propostaemailID`);

--
-- Indexes for table `propostastatus`
--
ALTER TABLE `propostastatus`
  ADD PRIMARY KEY (`propostastatusID`);

--
-- Indexes for table `relatorio`
--
ALTER TABLE `relatorio`
  ADD PRIMARY KEY (`relatorioID`),
  ADD KEY `relatorio_tipo` (`tipoRelatorioID`);

--
-- Indexes for table `statusprocesso`
--
ALTER TABLE `statusprocesso`
  ADD PRIMARY KEY (`statusprocessoID`);

--
-- Indexes for table `submenu`
--
ALTER TABLE `submenu`
  ADD PRIMARY KEY (`submenuID`),
  ADD KEY `menu_submenumenu` (`menuID`);

--
-- Indexes for table `submenumaisopcao`
--
ALTER TABLE `submenumaisopcao`
  ADD PRIMARY KEY (`submenumaisopcaoID`),
  ADD KEY `submenumaisopcao_submenu` (`submenuID`);

--
-- AUTO_INCREMENT for dumped tables
--

--
-- AUTO_INCREMENT for table `acaolog`
--
ALTER TABLE `acaolog`
  MODIFY `acaoLogID` int(11) NOT NULL AUTO_INCREMENT, AUTO_INCREMENT=7;

--
-- AUTO_INCREMENT for table `agenda`
--
ALTER TABLE `agenda`
  MODIFY `agendaID` int(11) NOT NULL AUTO_INCREMENT, AUTO_INCREMENT=22;

--
-- AUTO_INCREMENT for table `agendausuario`
--
ALTER TABLE `agendausuario`
  MODIFY `agendausuarioID` int(11) NOT NULL AUTO_INCREMENT, AUTO_INCREMENT=22;

--
-- AUTO_INCREMENT for table `categoria`
--
ALTER TABLE `categoria`
  MODIFY `categoriaID` int(11) NOT NULL AUTO_INCREMENT, AUTO_INCREMENT=5;

--
-- AUTO_INCREMENT for table `checklist`
--
ALTER TABLE `checklist`
  MODIFY `checklistID` int(11) NOT NULL AUTO_INCREMENT, AUTO_INCREMENT=17;

--
-- AUTO_INCREMENT for table `checklistarvore`
--
ALTER TABLE `checklistarvore`
  MODIFY `checklistarvoreID` int(11) NOT NULL AUTO_INCREMENT, AUTO_INCREMENT=204;

--
-- AUTO_INCREMENT for table `cliente`
--
ALTER TABLE `cliente`
  MODIFY `clienteID` int(11) NOT NULL AUTO_INCREMENT, AUTO_INCREMENT=24;

--
-- AUTO_INCREMENT for table `clienteanexo`
--
ALTER TABLE `clienteanexo`
  MODIFY `clienteanexoID` int(11) NOT NULL AUTO_INCREMENT, AUTO_INCREMENT=5;

--
-- AUTO_INCREMENT for table `clienteaviso`
--
ALTER TABLE `clienteaviso`
  MODIFY `clienteavisoID` int(11) NOT NULL AUTO_INCREMENT;

--
-- AUTO_INCREMENT for table `clienteendereco`
--
ALTER TABLE `clienteendereco`
  MODIFY `clienteenderecoID` int(11) NOT NULL AUTO_INCREMENT, AUTO_INCREMENT=8;

--
-- AUTO_INCREMENT for table `contato`
--
ALTER TABLE `contato`
  MODIFY `contatoID` int(11) NOT NULL AUTO_INCREMENT;

--
-- AUTO_INCREMENT for table `contatomensagem`
--
ALTER TABLE `contatomensagem`
  MODIFY `contatomensagemID` int(11) NOT NULL AUTO_INCREMENT;

--
-- AUTO_INCREMENT for table `escolaridade`
--
ALTER TABLE `escolaridade`
  MODIFY `escolaridadeID` int(11) NOT NULL AUTO_INCREMENT, AUTO_INCREMENT=4;

--
-- AUTO_INCREMENT for table `estado`
--
ALTER TABLE `estado`
  MODIFY `estadoID` int(11) NOT NULL AUTO_INCREMENT, AUTO_INCREMENT=55;

--
-- AUTO_INCREMENT for table `estadocivil`
--
ALTER TABLE `estadocivil`
  MODIFY `estadocivilID` int(11) NOT NULL AUTO_INCREMENT, AUTO_INCREMENT=5;

--
-- AUTO_INCREMENT for table `favorito`
--
ALTER TABLE `favorito`
  MODIFY `favoritoID` int(11) NOT NULL AUTO_INCREMENT, AUTO_INCREMENT=12;

--
-- AUTO_INCREMENT for table `financeiro`
--
ALTER TABLE `financeiro`
  MODIFY `financeiroID` int(11) NOT NULL AUTO_INCREMENT, AUTO_INCREMENT=16;

--
-- AUTO_INCREMENT for table `financeiroanexo`
--
ALTER TABLE `financeiroanexo`
  MODIFY `financeiroanexoID` int(11) NOT NULL AUTO_INCREMENT, AUTO_INCREMENT=4;

--
-- AUTO_INCREMENT for table `financeirotipo`
--
ALTER TABLE `financeirotipo`
  MODIFY `financeirotipoID` int(11) NOT NULL AUTO_INCREMENT, AUTO_INCREMENT=5;

--
-- AUTO_INCREMENT for table `formapagamento`
--
ALTER TABLE `formapagamento`
  MODIFY `formapagamentoID` int(11) NOT NULL AUTO_INCREMENT, AUTO_INCREMENT=14;

--
-- AUTO_INCREMENT for table `log`
--
ALTER TABLE `log`
  MODIFY `logID` int(11) NOT NULL AUTO_INCREMENT, AUTO_INCREMENT=692;

--
-- AUTO_INCREMENT for table `menu`
--
ALTER TABLE `menu`
  MODIFY `menuID` int(11) NOT NULL AUTO_INCREMENT, AUTO_INCREMENT=26;

--
-- AUTO_INCREMENT for table `menumaisopcao`
--
ALTER TABLE `menumaisopcao`
  MODIFY `menumaisopcaoID` int(11) NOT NULL AUTO_INCREMENT;

--
-- AUTO_INCREMENT for table `moedapagamento`
--
ALTER TABLE `moedapagamento`
  MODIFY `moedapagamentoID` int(11) NOT NULL AUTO_INCREMENT, AUTO_INCREMENT=4;

--
-- AUTO_INCREMENT for table `pais`
--
ALTER TABLE `pais`
  MODIFY `paisID` int(11) NOT NULL AUTO_INCREMENT, AUTO_INCREMENT=3;

--
-- AUTO_INCREMENT for table `papeldeusuario`
--
ALTER TABLE `papeldeusuario`
  MODIFY `papeldeusuarioID` int(11) NOT NULL AUTO_INCREMENT, AUTO_INCREMENT=3;

--
-- AUTO_INCREMENT for table `papelrelatorio`
--
ALTER TABLE `papelrelatorio`
  MODIFY `papelrelatorioID` int(11) NOT NULL AUTO_INCREMENT;

--
-- AUTO_INCREMENT for table `parametrorelatorio`
--
ALTER TABLE `parametrorelatorio`
  MODIFY `parametrorelatorioID` int(11) NOT NULL AUTO_INCREMENT COMMENT 'Identificador';

--
-- AUTO_INCREMENT for table `permissao`
--
ALTER TABLE `permissao`
  MODIFY `permissaoID` int(11) NOT NULL AUTO_INCREMENT, AUTO_INCREMENT=1261;

--
-- AUTO_INCREMENT for table `processo`
--
ALTER TABLE `processo`
  MODIFY `processoID` int(11) NOT NULL AUTO_INCREMENT, AUTO_INCREMENT=50;

--
-- AUTO_INCREMENT for table `processoanexo`
--
ALTER TABLE `processoanexo`
  MODIFY `processoanexoID` int(11) NOT NULL AUTO_INCREMENT, AUTO_INCREMENT=3;

--
-- AUTO_INCREMENT for table `processocategoria`
--
ALTER TABLE `processocategoria`
  MODIFY `processocategoriaID` int(11) NOT NULL AUTO_INCREMENT, AUTO_INCREMENT=5;

--
-- AUTO_INCREMENT for table `processochecklist`
--
ALTER TABLE `processochecklist`
  MODIFY `processochecklistID` int(11) NOT NULL AUTO_INCREMENT, AUTO_INCREMENT=140;

--
-- AUTO_INCREMENT for table `processopagamento`
--
ALTER TABLE `processopagamento`
  MODIFY `processopagamentoID` int(11) NOT NULL AUTO_INCREMENT, AUTO_INCREMENT=25;

--
-- AUTO_INCREMENT for table `processotipo`
--
ALTER TABLE `processotipo`
  MODIFY `processotipoID` int(11) NOT NULL AUTO_INCREMENT, AUTO_INCREMENT=10;

--
-- AUTO_INCREMENT for table `profissao`
--
ALTER TABLE `profissao`
  MODIFY `profissaoID` int(11) NOT NULL AUTO_INCREMENT, AUTO_INCREMENT=5;

--
-- AUTO_INCREMENT for table `proposta`
--
ALTER TABLE `proposta`
  MODIFY `propostaID` int(11) NOT NULL AUTO_INCREMENT, AUTO_INCREMENT=2;

--
-- AUTO_INCREMENT for table `propostaemail`
--
ALTER TABLE `propostaemail`
  MODIFY `propostaemailID` int(11) NOT NULL AUTO_INCREMENT, AUTO_INCREMENT=19;

--
-- AUTO_INCREMENT for table `propostastatus`
--
ALTER TABLE `propostastatus`
  MODIFY `propostastatusID` int(11) NOT NULL AUTO_INCREMENT, AUTO_INCREMENT=6;

--
-- AUTO_INCREMENT for table `relatorio`
--
ALTER TABLE `relatorio`
  MODIFY `relatorioID` int(11) NOT NULL AUTO_INCREMENT COMMENT 'Identificador';

--
-- AUTO_INCREMENT for table `statusprocesso`
--
ALTER TABLE `statusprocesso`
  MODIFY `statusprocessoID` int(11) NOT NULL AUTO_INCREMENT, AUTO_INCREMENT=4;

--
-- AUTO_INCREMENT for table `submenu`
--
ALTER TABLE `submenu`
  MODIFY `submenuID` int(11) NOT NULL AUTO_INCREMENT, AUTO_INCREMENT=61;

--
-- AUTO_INCREMENT for table `submenumaisopcao`
--
ALTER TABLE `submenumaisopcao`
  MODIFY `submenumaisopcaoID` int(11) NOT NULL AUTO_INCREMENT;

--
-- Constraints for dumped tables
--

--
-- Limitadores para a tabela `checklistarvore`
--
ALTER TABLE `checklistarvore`
  ADD CONSTRAINT `arvore_checklist` FOREIGN KEY (`checklistID`) REFERENCES `checklist` (`checklistID`) ON DELETE CASCADE ON UPDATE CASCADE;

--
-- Limitadores para a tabela `clienteaviso`
--
ALTER TABLE `clienteaviso`
  ADD CONSTRAINT `aviso_cliente` FOREIGN KEY (`clienteID`) REFERENCES `cliente` (`clienteID`) ON DELETE CASCADE ON UPDATE CASCADE;

--
-- Limitadores para a tabela `clienteendereco`
--
ALTER TABLE `clienteendereco`
  ADD CONSTRAINT `clienteendereco_cliente` FOREIGN KEY (`clienteID`) REFERENCES `cliente` (`clienteID`) ON DELETE CASCADE ON UPDATE CASCADE;

--
-- Limitadores para a tabela `menumaisopcao`
--
ALTER TABLE `menumaisopcao`
  ADD CONSTRAINT `menumaisopcao_menu` FOREIGN KEY (`menuID`) REFERENCES `menu` (`menuID`) ON DELETE CASCADE ON UPDATE CASCADE;

--
-- Limitadores para a tabela `papelrelatorio`
--
ALTER TABLE `papelrelatorio`
  ADD CONSTRAINT `papelrelatorio_papeldeusuario` FOREIGN KEY (`papeldeusuarioID`) REFERENCES `papeldeusuario` (`papeldeusuarioID`) ON DELETE CASCADE ON UPDATE CASCADE,
  ADD CONSTRAINT `papelrelatorio_relatorio` FOREIGN KEY (`relatorioID`) REFERENCES `relatorio` (`relatorioID`) ON DELETE CASCADE ON UPDATE CASCADE;

--
-- Limitadores para a tabela `parametrorelatorio`
--
ALTER TABLE `parametrorelatorio`
  ADD CONSTRAINT `parametrorelatorio_relatorio` FOREIGN KEY (`relatorioID`) REFERENCES `relatorio` (`relatorioID`) ON DELETE CASCADE ON UPDATE CASCADE;

--
-- Limitadores para a tabela `permissao`
--
ALTER TABLE `permissao`
  ADD CONSTRAINT `permissao_papel` FOREIGN KEY (`papelDeUsuarioID`) REFERENCES `papeldeusuario` (`papeldeusuarioID`) ON DELETE CASCADE ON UPDATE CASCADE;

--
-- Limitadores para a tabela `processo`
--
ALTER TABLE `processo`
  ADD CONSTRAINT `processo_cliente` FOREIGN KEY (`clienteID`) REFERENCES `cliente` (`clienteID`) ON DELETE CASCADE ON UPDATE CASCADE,
  ADD CONSTRAINT `processo_processocategoria` FOREIGN KEY (`processocategoriaID`) REFERENCES `processocategoria` (`processocategoriaID`) ON DELETE CASCADE ON UPDATE CASCADE,
  ADD CONSTRAINT `processo_statusprocesso` FOREIGN KEY (`statusprocessoID`) REFERENCES `statusprocesso` (`statusprocessoID`) ON DELETE CASCADE ON UPDATE CASCADE;

--
-- Limitadores para a tabela `processoanexo`
--
ALTER TABLE `processoanexo`
  ADD CONSTRAINT `processoanexo_processo` FOREIGN KEY (`processoID`) REFERENCES `processo` (`processoID`) ON DELETE CASCADE ON UPDATE CASCADE;

--
-- Limitadores para a tabela `processochecklist`
--
ALTER TABLE `processochecklist`
  ADD CONSTRAINT `processochecklist_checklistarvore` FOREIGN KEY (`checklistarvoreID`) REFERENCES `checklistarvore` (`checklistarvoreID`) ON DELETE CASCADE ON UPDATE CASCADE,
  ADD CONSTRAINT `processochecklist_processo` FOREIGN KEY (`processoID`) REFERENCES `processo` (`processoID`) ON DELETE CASCADE ON UPDATE CASCADE;

--
-- Limitadores para a tabela `processopagamento`
--
ALTER TABLE `processopagamento`
  ADD CONSTRAINT `processopagamento_moedapagamento` FOREIGN KEY (`moedapagamentoID`) REFERENCES `moedapagamento` (`moedapagamentoID`) ON DELETE CASCADE ON UPDATE CASCADE,
  ADD CONSTRAINT `processopagamento_processo` FOREIGN KEY (`processoID`) REFERENCES `processo` (`processoID`) ON DELETE CASCADE ON UPDATE CASCADE;

--
-- Limitadores para a tabela `submenu`
--
ALTER TABLE `submenu`
  ADD CONSTRAINT `menu_submenumenu` FOREIGN KEY (`menuID`) REFERENCES `menu` (`menuID`) ON DELETE CASCADE;
COMMIT;

