-- https://www.phpmyadmin.net/
--
-- Versão do servidor: 5.7.32-35-log

START TRANSACTION;



--
-- Database: `insource_visil`
--

-- --------------------------------------------------------

--
-- Estrutura da tabela `sp_agendamento`
--

CREATE TABLE `sp_agendamento` (
  `id` int(11) NOT NULL,
  `clienteID` int(11) NOT NULL,
  `dataagendamento` date NOT NULL,
  `horarioinicial` varchar(5) NOT NULL,
  `horariofinal` varchar(5) NOT NULL
) ENGINE=InnoDB DEFAULT CHARSET=utf8mb4;

--
-- Extraindo dados da tabela `sp_agendamento`
--

INSERT INTO `sp_agendamento` (`id`, `clienteID`, `dataagendamento`, `horarioinicial`, `horariofinal`) VALUES
(8, 9, '2021-12-18', '07:00', '07:15');

-- --------------------------------------------------------

--
-- Estrutura da tabela `sp_apoiadores`
--

CREATE TABLE `sp_apoiadores` (
  `id` int(11) NOT NULL,
  `titulo` varchar(255) NOT NULL,
  `foto` varchar(255) NOT NULL,
  `link` varchar(255) NOT NULL,
  `descricao` text NOT NULL
) ENGINE=InnoDB DEFAULT CHARSET=utf8mb4;

--
-- Extraindo dados da tabela `sp_apoiadores`
--

INSERT INTO `sp_apoiadores` (`id`, `titulo`, `foto`, `link`, `descricao`) VALUES
(1, 'INSOURCE TECNOLOGIA', 'servico_1633388862615b893ea3515.png', 'https://insource.com.br/', '<p>Lorem ipsum dolor sit amet, consectetur adipisicing elit, sed do eiusmod tempor incididunt ut labore et dolore&nbsp;</p>'),
(3, 'ihgo', 'servico_1633389215615b8a9f39f0d.png', 'https://ihgo.org.br/', '<p>Lorem ipsum dolor sit amet, consectetur adipisicing elit, sed do eiusmod tempor incididunt ut labore et dolore&nbsp;</p>');

-- --------------------------------------------------------

--
-- Estrutura da tabela `sp_areasconhecimento`
--

CREATE TABLE `sp_areasconhecimento` (
  `id` int(11) NOT NULL,
  `titulo` varchar(255) NOT NULL,
  `descricao` text NOT NULL,
  `categoriaID` int(11) NOT NULL
) ENGINE=InnoDB DEFAULT CHARSET=utf8mb4;

--
-- Extraindo dados da tabela `sp_areasconhecimento`
--

INSERT INTO `sp_areasconhecimento` (`id`, `titulo`, `descricao`, `categoriaID`) VALUES
(29, 'Identidade Organizacional', '<p>Cria&ccedil;&atilde;o e desenvolvimento da identidade da empresa, internamente e externamente, percebendo os valores internos e como isso &eacute; aplicado, demonstrado e vivenciado pela empresa.</p>', 10),
(30, 'Endomarketing', '<p>Planejamento e Estrutura&ccedil;&atilde;o do Endomarketing, percebendo a cultura da empresa, seus canais de comunica&ccedil;&atilde;o e tamb&eacute;m a forma como se relaciona internamente.</p>', 10),
(31, 'Employer Branding', '<p>Cria&ccedil;&atilde;o da marca empregadora refer&ecirc;ncia de mercado, estruturando a sua forma de comunica&ccedil;&atilde;o interna e externa no mercado e com seu p&uacute;blico.</p>', 10);

-- --------------------------------------------------------

--
-- Estrutura da tabela `sp_banners`
--

CREATE TABLE `sp_banners` (
  `id` int(11) NOT NULL,
  `data_cadastro` datetime NOT NULL,
  `link` varchar(255) NOT NULL,
  `foto` varchar(255) NOT NULL,
  `descricao` varchar(255) NOT NULL,
  `titulo` varchar(255) NOT NULL,
  `fotowebp` varchar(255) NOT NULL,
  `subtitulo` varchar(255) NOT NULL
) ENGINE=InnoDB DEFAULT CHARSET=latin1;

--
-- Extraindo dados da tabela `sp_banners`
--

INSERT INTO `sp_banners` (`id`, `data_cadastro`, `link`, `foto`, `descricao`, `titulo`, `fotowebp`, `subtitulo`) VALUES
(12, '0000-00-00 00:00:00', '', 'banners12_1669124379637cd11bef2c0.png', '', 'Os melhores motores', '', 'é com a KTG'),
(13, '0000-00-00 00:00:00', '', 'banners_16678734146369ba86cfadc.png', '', 'Os melhores geradores', '', 'é com a VISILVA'),
(14, '0000-00-00 00:00:00', '', 'banners_1669122501637cc9c5dceb3.jpg', '', 'ljfdjgdf', '', 'dfgdfg ');

-- --------------------------------------------------------

--
-- Estrutura da tabela `sp_beneficios`
--

CREATE TABLE `sp_beneficios` (
  `id` int(11) NOT NULL,
  `titulo` varchar(255) NOT NULL,
  `descricao` varchar(255) NOT NULL,
  `foto` varchar(255) NOT NULL
) ENGINE=InnoDB DEFAULT CHARSET=latin1;

--
-- Extraindo dados da tabela `sp_beneficios`
--

INSERT INTO `sp_beneficios` (`id`, `titulo`, `descricao`, `foto`) VALUES
(4, 'Exclusividade', 'O San Simone é um privilégio criado para um número limitado de famílias\r\n\r\n', 'beneficios__1567128809_.webp'),
(5, 'Segurança', 'Vigilância e monitoramento 24 horas, para que sua família tenha privacidade e tranquilidade, Sempre.\r\n\r\n', 'beneficios__1567128822_.webp'),
(6, 'Localização', 'Ir e vir para casa nunca foi tão fácil. Almoce com a família todos os dias, sem precisar sair 10 minutos mais cedo ou se atrasar\r\n', 'beneficios__1567128838_.webp');

-- --------------------------------------------------------

--
-- Estrutura da tabela `sp_blog`
--

CREATE TABLE `sp_blog` (
  `id` int(11) NOT NULL,
  `titulo` varchar(255) NOT NULL,
  `descricaoinicial` varchar(255) NOT NULL,
  `descricao` text CHARACTER SET utf8 NOT NULL,
  `data_cadastro` datetime NOT NULL,
  `video` varchar(255) NOT NULL,
  `tituloseo` varchar(1234) NOT NULL
) ENGINE=InnoDB DEFAULT CHARSET=latin1;

--
-- Extraindo dados da tabela `sp_blog`
--

INSERT INTO `sp_blog` (`id`, `titulo`, `descricaoinicial`, `descricao`, `data_cadastro`, `video`, `tituloseo`) VALUES
(33, 'O QUE A TECNOLOGIA AFETA NAS EMPRESAS HOJE', 'Desde a popularização da internet, as novas tecnologias não param mais de aparecer, assumindo um papel cada vez mais importante em nosso dia a dia. Nos relacionamos no mundo virtual, compramos e nos divertimos digitalmente: toda a nossa vida pessoal gira ', '<p>Lorem ipsum dolor sit amet, consectetur adipisicing elit, sed do eiusmod&nbsp;tempor incididunt ut labore et dolore magna aliqua. Ut enim ad minim veniam,&nbsp;quis nostrud exercitation ullamco laboris nisi ut aliquip ex ea commodo consequat. Duis aute irure dolor in reprehenderit in voluptate velit esse cillum dolore eu fugiat nulla pariatur. Excepteur sint occaecat cupidatat non&nbsp;proident, sunt in culpa qui officia deserunt mollit anim id est laborum.</p>\r\n<p>&nbsp;</p>\r\n<p>Lorem ipsum dolor sit amet, consectetur adipisicing elit, sed do eiusmod tempor incididunt ut labore et dolore magna aliqua. Ut enim ad minim veniam, quis nostrud exercitation ullamco laboris nisi ut aliquip ex ea commodo consequat. Duis aute irure dolor in reprehenderit in voluptate velit esse&nbsp;cillum dolore eu fugiat nulla pariatur. Excepteur sint occaecat cupidatat non&nbsp;proident, sunt in culpa qui officia deserunt mollit anim id est laborum.</p>', '2021-03-23 15:15:09', '', 'o-que-a-tecnologia-afeta-nas-empresas-hoje'),
(34, '5 COISAS PARA ABRIR SEU NEGÓCIO NA INTERNET HOJE!', '', '<p>Lorem ipsum dolor sit amet, consectetur adipisicing elit, sed do eiusmod tempor incididunt ut labore et dolore magna aliqua. Ut enim ad minim veniam, quis nostrud exercitation ullamco laboris nisi ut aliquip ex ea commodo consequat. Duis aute irure dolor in reprehenderit in voluptate velit esse cillum dolore eu fugiat nulla pariatur. Excepteur sint occaecat cupidatat non proident, sunt in culpa qui officia deserunt mollit anim id est laborum.</p>\r\n<p>&nbsp;</p>\r\n<p>Lorem ipsum dolor sit amet, consectetur adipisicing elit, sed do eiusmod tempor incididunt ut labore et dolore magna aliqua. Ut enim ad minim veniam, quis nostrud exercitation ullamco laboris nisi ut aliquip ex ea commodo consequat. Duis aute irure dolor in reprehenderit in voluptate velit esse cillum dolore eu fugiat nulla pariatur. Excepteur sint occaecat cupidatat non&nbsp;proident, sunt in culpa qui officia deserunt mollit anim id est laborum.</p>\r\n<p>Lorem ipsum dolor sit amet, consectetur adipisicing elit, sed do eiusmod&nbsp;tempor incididunt ut labore et dolore magna aliqua. Ut enim ad minim veniam,&nbsp;quis nostrud exercitation ullamco laboris nisi ut aliquip ex ea commodo consequat. Duis aute irure dolor in reprehenderit in voluptate velit esse cillum dolore eu fugiat nulla pariatur. Excepteur sint occaecat cupidatat non&nbsp;proident, sunt in culpa qui officia deserunt mollit anim id est laborum.</p>\r\n<p>&nbsp;</p>\r\n<p>Lorem ipsum dolor sit amet, consectetur adipisicing elit, sed do eiusmod&nbsp;tempor incididunt ut labore et dolore magna aliqua. Ut enim ad minim veniam, quis nostrud exercitation ullamco laboris nisi ut aliquip ex ea commodo consequat. Duis aute irure dolor in reprehenderit in voluptate velit esse cillum dolore eu fugiat nulla pariatur. Excepteur sint occaecat cupidatat non&nbsp;proident, sunt in culpa qui officia deserunt mollit anim id est laborum.</p>', '2021-03-12 15:48:59', '', '5-coisas-para-abrir-seu-negocio-na-internet-hoje'),
(35, 'Lorem ipsum dolor sit amet, consectetur adipisicing elit', '', '<p>Lorem ipsum dolor sit amet, consectetur adipisicing elit, sed do eiusmod<br /> tempor incididunt ut labore et dolore magna aliqua. Ut enim ad minim veniam,<br /> quis nostrud exercitation ullamco laboris nisi ut aliquip ex ea commodo<br /> consequat. Duis aute irure dolor in reprehenderit in voluptate velit esse<br /> cillum dolore eu fugiat nulla pariatur. Excepteur sint occaecat cupidatat non<br /> proident, sunt in culpa qui officia deserunt mollit anim id est laborum.</p>\r\n<p>&nbsp;</p>\r\n<p>Lorem ipsum dolor sit amet, consectetur adipisicing elit, sed do eiusmod<br /> tempor incididunt ut labore et dolore magna aliqua. Ut enim ad minim veniam,<br /> quis nostrud exercitation ullamco laboris nisi ut aliquip ex ea commodo<br /> consequat. Duis aute irure dolor in reprehenderit in voluptate velit esse<br /> cillum dolore eu fugiat nulla pariatur. Excepteur sint occaecat cupidatat non<br /> proident, sunt in culpa qui officia deserunt mollit anim id est laborum.</p>', '2021-04-12 15:14:48', '', 'lorem-ipsum-dolor-sit-amet-consectetur-adipisicing-elit'),
(38, '5 VANTAGENS EM UTILIZAR UM SISTEMA DE GESTÃO PRÓPRIO!', '', '<p>Lorem ipsum dolor sit amet, consectetur adipisicing elit, sed do eiusmod<br />tempor incididunt ut labore et dolore magna aliqua. Ut enim ad minim veniam,<br />quis nostrud exercitation ullamco laboris nisi ut aliquip ex ea commodo<br />consequat. Duis aute irure dolor in reprehenderit in voluptate velit esse<br />cillum dolore eu fugiat nulla pariatur. Excepteur sint occaecat cupidatat non<br />proident, sunt in culpa qui officia deserunt mollit anim id est laborum.</p>\r\n<p>&nbsp;</p>\r\n<p>Lorem ipsum dolor sit amet, consectetur adipisicing elit, sed do eiusmod<br />tempor incididunt ut labore et dolore magna aliqua. Ut enim ad minim veniam,<br />quis nostrud exercitation ullamco laboris nisi ut aliquip ex ea commodo<br />consequat. Duis aute irure dolor in reprehenderit in voluptate velit esse<br />cillum dolore eu fugiat nulla pariatur. Excepteur sint occaecat cupidatat non<br />proident, sunt in culpa qui officia deserunt mollit anim id est laborum.</p>', '2021-04-05 15:15:00', '', '5-vantagens-em-utilizar-um-sistema-de-gestao-proprio'),
(39, 'teste de blog', '', '<p>Lorem ipsum dolor sit amet, consectetur adipisicing elit, sed do eiusmod<br />tempor incididunt ut labore et dolore magna aliqua. Ut enim ad minim veniam,<br />quis nostrud exercitation ullamco laboris nisi ut aliquip ex ea commodo<br />consequat. Duis aute irure dolor in reprehenderit in voluptate velit esse<br />cillum dolore eu fugiat nulla pariatur. Excepteur sint occaecat cupidatat non<br />proident, sunt in culpa qui officia deserunt mollit anim id est laborum.</p>\r\n<p>&nbsp;</p>\r\n<p>Lorem ipsum dolor sit amet, consectetur adipisicing elit, sed do eiusmod<br />tempor incididunt ut labore et dolore magna aliqua. Ut enim ad minim veniam,<br />quis nostrud exercitation ullamco laboris nisi ut aliquip ex ea commodo<br />consequat. Duis aute irure dolor in reprehenderit in voluptate velit esse<br />cillum dolore eu fugiat nulla pariatur. Excepteur sint occaecat cupidatat non<br />proident, sunt in culpa qui officia deserunt mollit anim id est laborum.</p>', '2021-12-03 17:33:28', '', 'teste-de-blog'),
(40, 'teste de blog copia', '', '<p>lorem&nbsp;Lorem ipsum dolor sit amet, consectetur adipisicing elit, sed do eiusmod<br />tempor incididunt ut labore et dolore magna aliqua. Ut enim ad minim veniam,<br />quis nostrud exercitation ullamco laboris nisi ut aliquip ex ea commodo<br />consequat. Duis aute irure dolor in reprehenderit in voluptate velit esse<br />cillum dolore eu fugiat nulla pariatur. Excepteur sint occaecat cupidatat non<br />proident, sunt in culpa qui officia deserunt mollit anim id est laborum.</p>\r\n<p>Lorem ipsum dolor sit amet, consectetur adipisicing elit, sed do eiusmod<br />tempor incididunt ut labore et dolore magna aliqua. Ut enim ad minim veniam,<br />quis nostrud exercitation ullamco laboris nisi ut aliquip ex ea commodo<br />consequat. Duis aute irure dolor in reprehenderit in voluptate velit esse<br />cillum dolore eu fugiat nulla pariatur. Excepteur sint occaecat cupidatat non<br />proident, sunt in culpa qui officia deserunt mollit anim id est laborum.Lorem ipsum dolor sit amet, consectetur adipisicing elit, sed do eiusmod<br />tempor incididunt ut labore et dolore magna aliqua. Ut enim ad minim veniam,<br />quis nostrud exercitation ullamco laboris nisi ut aliquip ex ea commodo<br />consequat. Duis aute irure dolor in reprehenderit in voluptate velit esse<br />cillum dolore eu fugiat nulla pariatur. Excepteur sint occaecat cupidatat non<br />proident, sunt in culpa qui officia deserunt mollit anim id est laborum.</p>', '2022-01-03 11:39:11', '', 'teste-de-blog-copia'),
(41, 'Vencer é o que ASD. O resto é a consequência.', '', '<p>Lorem ipsum dolor sit amet, consectetur adipisicing elit, sed do eiusmod<br />tempor incididunt ut labore et dolore magna aliqua. Ut enim ad minim veniam,<br />quis nostrud exercitation ullamco laboris nisi ut aliquip ex ea commodo<br />consequat. Duis aute irure dolor in reprehenderit in voluptate velit esse<br />cillum dolore eu fugiat nulla pariatur. Excepteur sint occaecat cupidatat non<br />proident, sunt in culpa qui officia deserunt mollit anim id est laborum.Lorem ipsum dolor sit amet, consectetur adipisicing elit, sed do eiusmod<br />tempor incididunt ut labore et dolore magna aliqua. Ut enim ad minim veniam,<br />quis nostrud exercitation ullamco laboris nisi ut aliquip ex ea commodo<br />consequat. Duis aute irure dolor in reprehenderit in voluptate velit esse<br />cillum dolore eu fugiat nulla pariatur. Excepteur sint occaecat cupidatat non<br />proident, sunt in culpa qui officia deserunt mollit anim id est laborum.Lorem ipsum dolor sit amet, consectetur adipisicing elit, sed do eiusmod<br />tempor incididunt ut labore et dolore magna aliqua. Ut enim ad minim veniam,<br />quis nostrud exercitation ullamco laboris nisi ut aliquip ex ea commodo<br />consequat. Duis aute irure dolor in reprehenderit in voluptate velit esse<br />cillum dolore eu fugiat nulla pariatur. Excepteur sint occaecat cupidatat non<br />proident, sunt in culpa qui officia deserunt mollit anim id est laborum.Lorem ipsum dolor sit amet, consectetur adipisicing elit, sed do eiusmod<br />tempor incididunt ut labore et dolore magna aliqua. Ut enim ad minim veniam,<br />quis nostrud exercitation ullamco laboris nisi ut aliquip ex ea commodo<br />consequat. Duis aute irure dolor in reprehenderit in voluptate velit esse<br />cillum dolore eu fugiat nulla pariatur. Excepteur sint occaecat cupidatat non<br />proident, sunt in culpa qui officia deserunt mollit anim id est laborum.Lorem ipsum dolor sit amet, consectetur adipisicing elit, sed do eiusmod<br />tempor incididunt ut labore et dolore magna aliqua. Ut enim ad minim veniam,<br />quis nostrud exercitation ullamco laboris nisi ut aliquip ex ea commodo<br />consequat. Duis aute irure dolor in reprehenderit in voluptate velit esse<br />cillum dolore eu fugiat nulla pariatur. Excepteur sint occaecat cupidatat non<br />proident, sunt in culpa qui officia deserunt mollit anim id est laborum.</p>', '2022-01-03 00:00:00', '', 'vencer-e-o-que-asd-o-resto-e-a-consequencia.'),
(42, 'asdasd dad sadsa sdad asd as', '', '<p>Lorem ipsum dolor sit amet, consectetur adipisicing elit, sed do eiusmod<br />tempor incididunt ut labore et dolore magna aliqua. Ut enim ad minim veniam,<br />quis nostrud exercitation ullamco laboris nisi ut aliquip ex ea commodo<br />consequat. Duis aute irure dolor in reprehenderit in voluptate velit esse<br />cillum dolore eu fugiat nulla pariatur. Excepteur sint occaecat cupidatat non<br />proident, sunt in culpa qui officia deserunt mollit anim id est laborum.</p>', '2021-12-03 00:00:00', '', 'asdasd-dad-sadsa-sdad-asd-as'),
(43, 'teste lalalalala lalala ', '', '<p>asasda sda sd asd</p>', '2022-01-01 00:00:00', '', 'teste-lalalalala-lalala-');

-- --------------------------------------------------------

--
-- Estrutura da tabela `sp_blog_fotos`
--

CREATE TABLE `sp_blog_fotos` (
  `id` int(11) NOT NULL,
  `id_blog` int(11) NOT NULL,
  `foto` varchar(255) NOT NULL,
  `capa` tinyint(4) NOT NULL,
  `fotowebp` varchar(255) NOT NULL
) ENGINE=InnoDB DEFAULT CHARSET=latin1;

--
-- Extraindo dados da tabela `sp_blog_fotos`
--

INSERT INTO `sp_blog_fotos` (`id`, `id_blog`, `foto`, `capa`, `fotowebp`) VALUES
(64, 40, 'blog__1641233482_Brasil-e-Italia.jpg', 0, 'blog/blog__1641233482_Brasil-e-Italia.webp'),
(65, 39, 'blog_39_1641233675_alcohol-1853380_1920.jpg', 0, 'blog/blog_39_1641233675_alcohol-1853380_1920.webp'),
(66, 35, 'blog_35_1641233688_bandeira-da-italia.jpg', 0, 'blog/blog_35_1641233688_bandeira-da-italia.webp'),
(67, 38, 'blog_38_1641233700_20190723161856reup--2019-07-23t161721z_1712034723_rc1e728c4300_rtrmadp_3_verallia-ipo.h.jpg', 0, 'blog/blog_38_1641233700_20190723161856reup--2019-07-23t161721z_1712034723_rc1e728c4300_rtrmadp_3_verallia-ipo.h.webp'),
(68, 33, 'blog_33_1641233709_armani-1-1.jpg', 0, 'blog/blog_33_1641233709_armani-1-1.webp'),
(69, 34, 'blog_34_1641233715_1.jpg', 0, 'blog/blog_34_1641233715_1.webp'),
(70, 34, 'blog_34_1641235739_cidadania-italiana-filhos-direto-de-italianos-1619126391.jpg', 0, 'blog/blog_34_1641235739_cidadania-italiana-filhos-direto-de-italianos-1619126391.webp'),
(71, 41, 'blog__1641241749_dolce_cabbana.png', 0, 'blog/blog__1641241749_dolce_cabbana.webp'),
(72, 42, 'blog__1641241776_f67a4c5488b58fa5d900f5d702.jpg', 0, 'blog/blog__1641241776_f67a4c5488b58fa5d900f5d702.webp'),
(73, 43, 'blog__1641242034_cidadania-italiana-por-descendencia-1.jpg', 0, 'blog/blog__1641242034_cidadania-italiana-por-descendencia-1.webp'),
(74, 40, 'blog_40_1655476751_2.png', 0, ''),
(75, 40, 'blog_40_1655476751_3.png', 0, ''),
(76, 40, 'blog_40_1655476751_4.png', 0, '');

-- --------------------------------------------------------

--
-- Estrutura da tabela `sp_blog_tags`
--

CREATE TABLE `sp_blog_tags` (
  `id` int(11) NOT NULL,
  `id_blog` int(11) NOT NULL,
  `id_tag` int(11) NOT NULL
) ENGINE=InnoDB DEFAULT CHARSET=latin1;

--
-- Extraindo dados da tabela `sp_blog_tags`
--

INSERT INTO `sp_blog_tags` (`id`, `id_blog`, `id_tag`) VALUES
(8, 50, 2),
(10, 50, 4),
(12, 31, 0),
(13, 50, 5),
(14, 50, 6),
(16, 50, 7),
(17, 40, 8),
(18, 40, 9),
(19, 46, 10),
(20, 46, 11),
(21, 46, 12),
(22, 46, 13),
(23, 35, 10),
(24, 35, 14),
(25, 35, 15),
(26, 35, 16),
(27, 35, 17);

-- --------------------------------------------------------

--
-- Estrutura da tabela `sp_categorias`
--

CREATE TABLE `sp_categorias` (
  `id` int(11) NOT NULL,
  `nome` varchar(255) NOT NULL,
  `destaque` tinyint(4) NOT NULL,
  `foto` varchar(255) NOT NULL,
  `descricao` text NOT NULL
) ENGINE=InnoDB DEFAULT CHARSET=utf8;

--
-- Extraindo dados da tabela `sp_categorias`
--

INSERT INTO `sp_categorias` (`id`, `nome`, `destaque`, `foto`, `descricao`) VALUES
(10, 'MOTORES', 0, 'categorias_10_1668863725.png', 'Lorem ipsum dolor sit amet, consectetur adipisicing elit, sed do eiusmod tempor incididunt ut labore et dolore magna aliqua.'),
(12, 'MÁQUINAS', 0, 'categorias_12_1668863711.png', ''),
(13, 'GERADORES', 0, 'categorias_13_1668863701.png', ''),
(14, 'MOTOBOMBAS', 0, 'categorias_14_1668863718.png', ''),
(15, 'MOTOSSERRAS', 0, 'categorias_15_1668863733.png', ''),
(16, 'ROÇADEIRAS', 0, 'categorias_16_1668863741.png', '');

-- --------------------------------------------------------

--
-- Estrutura da tabela `sp_clientes`
--

CREATE TABLE `sp_clientes` (
  `id` int(11) NOT NULL,
  `titulo` varchar(255) NOT NULL,
  `link` varchar(1000) NOT NULL,
  `foto` varchar(1000) NOT NULL,
  `nomecompleto` varchar(255) NOT NULL,
  `email` varchar(255) NOT NULL,
  `telefone` varchar(15) NOT NULL
) ENGINE=InnoDB DEFAULT CHARSET=utf8mb4;

--
-- Extraindo dados da tabela `sp_clientes`
--

INSERT INTO `sp_clientes` (`id`, `titulo`, `link`, `foto`, `nomecompleto`, `email`, `telefone`) VALUES
(9, '', '', '', 'Aron Scapinello Selhorst', 'aronscapinello@gmail.com', '(49) 99993-4272');

-- --------------------------------------------------------

--
-- Estrutura da tabela `sp_combustivel`
--

CREATE TABLE `sp_combustivel` (
  `id` int(11) NOT NULL,
  `nome` varchar(255) NOT NULL
) ENGINE=InnoDB DEFAULT CHARSET=utf8mb4;

--
-- Extraindo dados da tabela `sp_combustivel`
--

INSERT INTO `sp_combustivel` (`id`, `nome`) VALUES
(1, 'GASOLINA'),
(2, 'DIESEL');

-- --------------------------------------------------------

--
-- Estrutura da tabela `sp_consultores`
--

CREATE TABLE `sp_consultores` (
  `id` int(11) NOT NULL,
  `nome` varchar(255) NOT NULL,
  `descricao` text NOT NULL,
  `foto1` varchar(255) NOT NULL,
  `foto2` varchar(255) NOT NULL,
  `foto3` varchar(255) NOT NULL,
  `fotowebp1` varchar(255) NOT NULL,
  `fotowebp2` varchar(255) NOT NULL,
  `fotowebp3` varchar(255) NOT NULL
) ENGINE=InnoDB DEFAULT CHARSET=utf8mb4;

--
-- Extraindo dados da tabela `sp_consultores`
--

INSERT INTO `sp_consultores` (`id`, `nome`, `descricao`, `foto1`, `foto2`, `foto3`, `fotowebp1`, `fotowebp2`, `fotowebp3`) VALUES
(4, 'Júlio Domingos', '<p>J&uacute;lio Domingos &eacute; empres&aacute;rio, consultor de Empresas, especialista em Gest&atilde;o Estrat&eacute;gica e Palestrante especialista em Auto Lideran&ccedil;a. Possui forma&ccedil;&atilde;o avan&ccedil;ada em consultoria empresarial pela FGV. &Eacute; membro da C&acirc;mara de Administra&ccedil;&atilde;o Privada do CRA/SC. &Eacute; Apresentador de Televis&atilde;o na Primer TV, atrav&eacute;s do programa Show da Tarde e tamb&eacute;m apresenta o programa filos&oacute;fico Conversa Afora, da emissora Web TV Play. J&uacute;lio possui experi&ecirc;ncia de 11 anos em gest&atilde;o e j&aacute; atuou como executivo de empresas dos ramos de advocacia e tecnologia.</p>', 'foto1_1633895662_616344ee7740d.jpg', 'foto1_1633895662_616344ee99f11.jpg', 'foto1_1633895662_616344eea887f.jpg', 'anexos/foto1_1633895662_616344ee7740d.webp', 'anexos/foto1_1633895662_616344ee99f11.webp', 'anexos/foto1_1633895662_616344eea887f.webp'),
(5, 'Aron S Selhorst', 'Lorem ipsum dolor sit amet, consectetur adipisicing elit, sed do eiusmod\r\ntempor incididunt ut labore et dolore magna aliqua. Ut enim ad minim veniam,\r\nquis nostrud exercitation ullamco laboris nisi ut aliquip ex ea commodo\r\nconsequat. Duis aute irure dolor in reprehenderit in voluptate velit esse\r\ncillum dolore eu fugiat nulla pariatur. Excepteur sint occaecat cupidatat non\r\nproident, sunt in culpa qui officia deserunt mollit anim id est laborum.a', 'servico_16342605226168d62a2bfcc.png', 'servico_16342605226168d62a9541a.jpg', 'servico5_16342607976168d73da7da4.jpg', 'anexos/servico_16342605226168d62a2bfcc.webp', 'anexos/servico_16342605226168d62a9541a.webp', 'anexos/servico5_16342607976168d73da7da4.webp');

-- --------------------------------------------------------

--
-- Estrutura da tabela `sp_contatos`
--

CREATE TABLE `sp_contatos` (
  `id` int(11) NOT NULL,
  `titulo` varchar(255) NOT NULL,
  `arquivo` varchar(255) NOT NULL,
  `email` varchar(255) NOT NULL,
  `nomecompleto` varchar(255) NOT NULL,
  `telefone` varchar(25) NOT NULL
) ENGINE=InnoDB DEFAULT CHARSET=latin1;

--
-- Extraindo dados da tabela `sp_contatos`
--

INSERT INTO `sp_contatos` (`id`, `titulo`, `arquivo`, `email`, `nomecompleto`, `telefone`) VALUES
(1, '', '', 'aronscapinello@gmail.com', 'Aron Scapinello Selhorst', '409919293'),
(2, '', '', 'antonivanov1993802wou@bk.ru', 'Davidamads', '88945735174'),
(3, '', '', 'quinnp231@gmail.com', 'YjBkachpSevbJZf', '5381237970'),
(4, '', '', 'samuelwilcox3801@gmail.com', 'leOhxvUnDsJrp', '9414168473');

-- --------------------------------------------------------

--
-- Estrutura da tabela `sp_contato_msg`
--

CREATE TABLE `sp_contato_msg` (
  `id` int(11) NOT NULL,
  `contatoID` int(11) NOT NULL,
  `mensagem` text NOT NULL,
  `datacadastro` datetime NOT NULL
) ENGINE=InnoDB DEFAULT CHARSET=utf8mb4;

--
-- Extraindo dados da tabela `sp_contato_msg`
--

INSERT INTO `sp_contato_msg` (`id`, `contatoID`, `mensagem`, `datacadastro`) VALUES
(1, 1, 'ola gostaria de saber quanto custa pra fazer um site?', '2021-03-09 20:04:19'),
(2, 2, 'insource.com.br gfgbfhtghrgfgfhtggyiyuiyhfbdfhdn', '2021-03-18 15:22:58'),
(3, 3, 'gJkpiBOyMEX', '2021-03-19 01:41:37'),
(4, 3, 'KBVghaSfbjZJsNWX', '2021-03-19 01:41:42'),
(5, 4, 'iPTtOQfljXU', '2021-03-21 18:15:08'),
(6, 4, 'tWFvJkxVuUO', '2021-03-21 18:15:13');

-- --------------------------------------------------------

--
-- Estrutura da tabela `sp_cores`
--

CREATE TABLE `sp_cores` (
  `id` int(11) NOT NULL,
  `nome` varchar(255) NOT NULL,
  `cor` varchar(25) NOT NULL
) ENGINE=InnoDB DEFAULT CHARSET=utf8mb4;

--
-- Extraindo dados da tabela `sp_cores`
--

INSERT INTO `sp_cores` (`id`, `nome`, `cor`) VALUES
(1, 'AMARELO', '#ffff00'),
(2, 'VERDE', '#00ff00'),
(3, 'VERMELHO', '#ff0000'),
(4, 'AZUL', '#0000ff'),
(5, 'PRETO', '#000000'),
(6, 'BRANCO', '#ffffff');

-- --------------------------------------------------------

--
-- Estrutura da tabela `sp_depoimentos`
--

CREATE TABLE `sp_depoimentos` (
  `id` int(11) NOT NULL,
  `titulo` varchar(255) NOT NULL,
  `foto` varchar(255) NOT NULL,
  `data_cadastro` datetime NOT NULL,
  `facebook` varchar(255) NOT NULL,
  `instagram` varchar(255) NOT NULL,
  `linkedin` varchar(255) NOT NULL,
  `email` varchar(255) NOT NULL,
  `descricao` varchar(1000) NOT NULL,
  `empresa` varchar(255) NOT NULL
) ENGINE=InnoDB DEFAULT CHARSET=latin1;

--
-- Extraindo dados da tabela `sp_depoimentos`
--

INSERT INTO `sp_depoimentos` (`id`, `titulo`, `foto`, `data_cadastro`, `facebook`, `instagram`, `linkedin`, `email`, `descricao`, `empresa`) VALUES
(8, 'Altamir T Schneider e Lucia Menoncini', '', '0000-00-00 00:00:00', '', '', '', '', '<p>\"Contar com o conhecimento t&eacute;cnico e a experi&ecirc;ncia da&nbsp;<em>AD Arquitetura</em>&nbsp;j&aacute; seriam suficientes na hora de escolher um profissional para desenvolver um projeto arquitet&ocirc;nico. Mas o zelo, o rigor nos cumprimentos dos prazos estabelecidos e o atendimento cordial s&atilde;o outros atributos destes profissionais.</p>\r\n<p>O Arley e a Deisi, por meio do di&aacute;logo franco e objetivo, est&atilde;o atentos aos anseios e desejos dos clientes, conseguindo traduzi-los em projetos que superam as expectativas e os resultados s&atilde;o gratificantes.</p>\r\n<p>A parceria com a&nbsp;<em>AD Arquitetura</em>&nbsp;j&aacute; rendeu tr&ecirc;s obras incr&iacute;veis e por estarmos plenamente satisfeitos com o trabalho, temos a certeza de que outros projetos vir&atilde;o pela frente!</p>\r\n<p>Obrigado pela parceria!\"</p>', ''),
(9, 'Jonas Spies', '', '0000-00-00 00:00:00', '', '', '', '', '<p>&ldquo;Entrei em contato com o Arley e a Deisi, para realizar uma reforma no meu consult&oacute;rio para deixa-lo mais moderno, requintado e elegante, visando adequar ao meu principal p&uacute;blico, que s&atilde;o pessoas em busca de rinoplastia. Eles n&atilde;o apenas entenderam meus objetivos, bem como os materializaram de uma forma que superou todas as expectativas!! Sempre muito prestativos e realistas com os prazos e valores. Excelentes profissionais e recomendo sem sombra de d&uacute;vidas&rdquo;</p>', ''),
(10, 'Débora e Makey Zortéa ', '', '0000-00-00 00:00:00', '', '', '', '', '<p>A experi&ecirc;ncia que tivemos em trabalhar com a AD Arquitetura foi exitosa. Desde as primeiras reuni&otilde;es para a discuss&atilde;o do projeto at&eacute; a entrega do mesmo, percebemos o comprometimento com nossos desejos e anseios. O projeto entregue correspondia ao que hav&iacute;amos pensado. Durante a execu&ccedil;&atilde;o da obra, tivemos um acompanhamento da equipe AD, o que foi importante para a entrega de uma reforma com poucos problemas. Deisi e Arley sempre se mostraram sol&iacute;citos e dispon&iacute;veis as nossas necessidades.</p>', ''),
(11, 'Anderson Ferrari e família  e Adelar Ferrari e família', '', '0000-00-00 00:00:00', '', '', '', '', '<p>Eu e minha fam&iacute;lia ficamos satisfeitos com os servi&ccedil;os prestados pela arquiteta Deisi, da AD. Arquitetura. Um projeto muito bem elaborado, sempre nos auxiliando na escolha dos produtos, trazendo ideias diferentes a nossa obra.</p>\r\n<p>Acreditamos que a sua presen&ccedil;a em nossa obra foi fundamental, pois t&iacute;nhamos muitas d&uacute;vidas e pouco conhecimento na &aacute;rea. Assim evitamos aqueles erros e altera&ccedil;&otilde;es no decorrer da obra, aonde muitas vezes acabam aumentando o custo do produto final.</p>', '');

-- --------------------------------------------------------

--
-- Estrutura da tabela `sp_diametro`
--

CREATE TABLE `sp_diametro` (
  `id` int(11) NOT NULL,
  `nome` varchar(255) NOT NULL
) ENGINE=InnoDB DEFAULT CHARSET=utf8mb4;

--
-- Extraindo dados da tabela `sp_diametro`
--

INSERT INTO `sp_diametro` (`id`, `nome`) VALUES
(1, '30MM'),
(2, '40MM'),
(3, '45MM');

-- --------------------------------------------------------

--
-- Estrutura da tabela `sp_empresa`
--

CREATE TABLE `sp_empresa` (
  `id` int(11) NOT NULL,
  `titulo` varchar(255) NOT NULL,
  `googleAnalytics` text NOT NULL,
  `sobre` text NOT NULL,
  `sobreinicial` text NOT NULL,
  `fotosobre` varchar(255) NOT NULL,
  `fotowebp` varchar(255) NOT NULL,
  `video` varchar(255) NOT NULL,
  `missao` text NOT NULL,
  `visao` text NOT NULL,
  `valores` text NOT NULL
) ENGINE=InnoDB DEFAULT CHARSET=latin1;

--
-- Extraindo dados da tabela `sp_empresa`
--

INSERT INTO `sp_empresa` (`id`, `titulo`, `googleAnalytics`, `sobre`, `sobreinicial`, `fotosobre`, `fotowebp`, `video`, `missao`, `visao`, `valores`) VALUES
(61, '', '', '<p>Lorem ipsum dolor sit amet, consectetur adipisicing elit, sed do eiusmod tempor incididunt ut labore et dolore magna aliqua. Ut enim ad minim veniam, quis nostrud exercitation ullamco laboris nisi ut aliquip ex ea commodo consequat. Duis aute irure dolor in reprehenderit in voluptate velit esse cillum dolore eu fugiat nulla pariatur. Excepteur sint occaecat cupidatat non proident, sunt in culpa qui officia deserunt mollit anim id est laborum.</p>\r\n<p>&nbsp;</p>\r\n<p>Lorem ipsum dolor sit amet, consectetur adipisicing elit, sed do eiusmod tempor incididunt ut labore et dolore magna aliqua. Ut enim ad minim veniam, quis nostrud exercitation ullamco laboris nisi ut aliquip ex ea commodo consequat. Duis aute irure dolor in reprehenderit in voluptate velit esse cillum dolore eu fugiat nulla pariatur. Excepteur sint occaecat cupidatat non proident, sunt in culpa qui officia deserunt mollit anim id est laborum.</p>', '', 'fotosobre_1667856052_636976b4c79d5.jpg', '', '', '', '', '');

-- --------------------------------------------------------

--
-- Estrutura da tabela `sp_equipe`
--

CREATE TABLE `sp_equipe` (
  `id` int(11) NOT NULL,
  `titulo` text NOT NULL,
  `foto` varchar(255) NOT NULL DEFAULT '',
  `fotowebp` varchar(255) NOT NULL,
  `data_cadastro` datetime NOT NULL,
  `cargo` varchar(1200) NOT NULL,
  `instagram` varchar(255) NOT NULL,
  `facebook` varchar(255) NOT NULL,
  `linkedin` varchar(255) NOT NULL,
  `email` varchar(255) NOT NULL,
  `whatsapp` varchar(255) NOT NULL
) ENGINE=InnoDB DEFAULT CHARSET=utf8mb4;

--
-- Extraindo dados da tabela `sp_equipe`
--

INSERT INTO `sp_equipe` (`id`, `titulo`, `foto`, `fotowebp`, `data_cadastro`, `cargo`, `instagram`, `facebook`, `linkedin`, `email`, `whatsapp`) VALUES
(8, 'Deisi Carbonera Einasdn', 'equipe8_165549188562accd2d21ba5.png', 'anexos/equipe8_164125213261d38524c88f9.webp', '0000-00-00 00:00:00', '', '', '', '', '', ''),
(9, 'Arley Leidens', 'equipe9_164125226061d385a481142.jpg', 'anexos/equipe9_164125226061d385a481142.webp', '0000-00-00 00:00:00', '', '', '', '', '', '');

-- --------------------------------------------------------

--
-- Estrutura da tabela `sp_etnias`
--

CREATE TABLE `sp_etnias` (
  `id` int(11) NOT NULL,
  `nome` varchar(255) NOT NULL,
  `foto` varchar(255) NOT NULL,
  `fotowebp` varchar(255) NOT NULL,
  `descricao` text NOT NULL
) ENGINE=InnoDB DEFAULT CHARSET=utf8mb4;

--
-- Extraindo dados da tabela `sp_etnias`
--

INSERT INTO `sp_etnias` (`id`, `nome`, `foto`, `fotowebp`, `descricao`) VALUES
(1, 'Etnia Italiana', 'servico1_1633471221615ccaf50e310.jpg', 'anexos/servico1_1633471221615ccaf50e310.webp', '<p>A It&aacute;lia, pa&iacute;s europeu com uma longa costa mediterr&acirc;nea, deixou uma marca poderosa na culin&aacute;ria e na cultura ocidentais. A capital, Roma, &eacute; sede do Vaticano e abriga obras de arte monumentais e ru&iacute;nas antigas.</p>'),
(2, 'Etnia Francesa', 'servico2_1633471214615ccaee82ba5.png', 'anexos/servico2_1633471214615ccaee82ba5.webp', '<p>A Fran&ccedil;a, na Europa Ocidental, tem cidades medievais, aldeias alpinas e praias mediterr&acirc;neas. Paris, sua capital, &eacute; famosa pelas casas de alta costura, museus de arte cl&aacute;ssica, como o Louvre, e monumentos como a Torre Eiffel.</p>'),
(3, 'Etnia Alemã', 'servico3_1633471199615ccadfeaa6e.png', 'anexos/servico3_1633471199615ccadfeaa6e.webp', '<p>A Alemanha &eacute; um pa&iacute;s situado na Europa Ocidental com uma paisagem de florestas, rios, cordilheiras e praias do Mar do Norte. A na&ccedil;&atilde;o tem mais de 2 mil&ecirc;nios de hist&oacute;ria. Berlim, a capital, abriga cen&aacute;rios art&iacute;sticos e de vida noturna, o Port&atilde;o de Brandembu</p>');

-- --------------------------------------------------------

--
-- Estrutura da tabela `sp_galeria`
--

CREATE TABLE `sp_galeria` (
  `id` int(11) NOT NULL,
  `foto` varchar(255) NOT NULL,
  `fotomaior` varchar(255) NOT NULL
) ENGINE=InnoDB DEFAULT CHARSET=latin1;

--
-- Extraindo dados da tabela `sp_galeria`
--

INSERT INTO `sp_galeria` (`id`, `foto`, `fotomaior`) VALUES
(20, 'galeria1__1567128905_.webp', 'galeria2__1567128905_.webp'),
(21, 'galeria1__1567128937_.webp', 'galeria2__1567128937_.webp'),
(22, 'galeria1__1567128975_.webp', 'galeria2__1567128975_.webp'),
(23, 'galeria1__1567129017_.webp', 'galeria2__1567129017_.webp'),
(24, 'galeria1__1567129131_.webp', 'galeria2__1567129131_.webp'),
(25, 'galeria1__1567129190_.webp', 'galeria2__1567129190_.webp'),
(26, 'galeria1__1567129272_.webp', 'galeria2__1567129272_.webp'),
(27, 'galeria1__1567129316_.webp', 'galeria2__1567129316_.webp');

-- --------------------------------------------------------

--
-- Estrutura da tabela `sp_gerais`
--

CREATE TABLE `sp_gerais` (
  `id` int(11) NOT NULL,
  `email` varchar(500) NOT NULL,
  `imagemfundobanner` varchar(255) NOT NULL,
  `facebook` varchar(255) NOT NULL,
  `instagram` varchar(255) NOT NULL,
  `youtube` varchar(255) NOT NULL,
  `telefone` varchar(25) NOT NULL,
  `whatsapp` varchar(25) NOT NULL,
  `linkedin` varchar(1000) NOT NULL,
  `titlesite` varchar(255) NOT NULL,
  `descriptionsite` varchar(255) NOT NULL,
  `endereco` varchar(255) NOT NULL
) ENGINE=InnoDB DEFAULT CHARSET=latin1;

--
-- Extraindo dados da tabela `sp_gerais`
--

INSERT INTO `sp_gerais` (`id`, `email`, `imagemfundobanner`, `facebook`, `instagram`, `youtube`, `telefone`, `whatsapp`, `linkedin`, `titlesite`, `descriptionsite`, `endereco`) VALUES
(23, 'visilcamotores@gmail.com', '', 'https://www.facebook.com/', 'https://www.instagram.com/', '', '', '(49) 99155-5883', '', '', '', 'Rua Bom Jesus Da Serra 653e Eldorado - Chapecó SC');

-- --------------------------------------------------------

--
-- Estrutura da tabela `sp_indicadores`
--

CREATE TABLE `sp_indicadores` (
  `id` int(11) NOT NULL,
  `indicador` int(11) NOT NULL,
  `titulo` varchar(255) NOT NULL,
  `prefixo` varchar(25) NOT NULL
) ENGINE=InnoDB DEFAULT CHARSET=utf8mb4;

--
-- Extraindo dados da tabela `sp_indicadores`
--

INSERT INTO `sp_indicadores` (`id`, `indicador`, `titulo`, `prefixo`) VALUES
(1, 2, 'Anos de atuação', ''),
(2, 2000, 'horas em atendimentos realizados', '+'),
(3, 50, 'programas de consultoria', '+'),
(4, 200, 'profissionais desenvolvidos', '+');

-- --------------------------------------------------------

--
-- Estrutura da tabela `sp_instituicoes`
--

CREATE TABLE `sp_instituicoes` (
  `id` int(11) NOT NULL,
  `titulo` varchar(255) NOT NULL,
  `foto` varchar(255) NOT NULL,
  `link` varchar(255) NOT NULL,
  `descricao` text NOT NULL
) ENGINE=InnoDB DEFAULT CHARSET=utf8mb4;

--
-- Extraindo dados da tabela `sp_instituicoes`
--

INSERT INTO `sp_instituicoes` (`id`, `titulo`, `foto`, `link`, `descricao`) VALUES
(1, 'UFFS', 'servico_1633390948615b9164de300.png', 'https://www.uffs.edu.br/', '<p>Lorem ipsum dolor sit amet, consectetur adipisicing elit, sed do eiusmod</p>'),
(2, 'ihgo', 'servico2_1633390996615b9194ef2dc.jpg', 'https://www.ihgo.gov.br/', '<p>Lorem ipsum dolor sit amet, consectetur adipisicing elit, sed do eiusmod</p>'),
(3, 'UDESC', 'servico_1633391011615b91a31e5e0.jpg', 'https://www.udesc.br/', '<p>Lorem ipsum dolor sit amet, consectetur adipisicing elit, sed do eiusmod</p>'),
(4, 'INSOURCE TECNOLOGIA', 'servico_1633391113615b9209afa91.png', 'https://insource.com.br/', '<p>Lorem ipsum dolor sit amet, consectetur adipisicing elit, sed do eiusmod</p>');

-- --------------------------------------------------------

--
-- Estrutura da tabela `sp_kwkva`
--

CREATE TABLE `sp_kwkva` (
  `id` int(11) NOT NULL,
  `nome` varchar(255) NOT NULL
) ENGINE=InnoDB DEFAULT CHARSET=utf8mb4;

--
-- Extraindo dados da tabela `sp_kwkva`
--

INSERT INTO `sp_kwkva` (`id`, `nome`) VALUES
(1, '2100'),
(2, '2500'),
(3, '3500'),
(4, '3800'),
(5, '4000'),
(6, '5500'),
(7, '6500'),
(8, '8000'),
(9, '10000');

-- --------------------------------------------------------

--
-- Estrutura da tabela `sp_marcas`
--

CREATE TABLE `sp_marcas` (
  `id` int(11) NOT NULL,
  `nome` varchar(255) NOT NULL,
  `foto` varchar(255) NOT NULL
) ENGINE=InnoDB DEFAULT CHARSET=utf8mb4;

--
-- Extraindo dados da tabela `sp_marcas`
--

INSERT INTO `sp_marcas` (`id`, `nome`, `foto`) VALUES
(1, 'BRANCO', 'marcas_1_1668863641.png'),
(2, 'BUFFALO', 'marcas_2_1668863648.png'),
(3, 'KAWASHIMA', 'marcas_3_1668863654.png'),
(4, 'TOYAMA', 'marcas_4_1668863660.png'),
(5, 'VULCAN', 'marcas_5_1668863665.png'),
(7, 'TERRA', 'marcas__1669123766.jpg'),
(8, 'INTERTEC', 'marcas__1669123930.jpg');

-- --------------------------------------------------------

--
-- Estrutura da tabela `sp_newsletter`
--

CREATE TABLE `sp_newsletter` (
  `id` int(11) NOT NULL,
  `email` varchar(200) NOT NULL,
  `nome` varchar(255) NOT NULL,
  `data` date NOT NULL
) ENGINE=InnoDB DEFAULT CHARSET=latin1;

-- --------------------------------------------------------

--
-- Estrutura da tabela `sp_papeis`
--

CREATE TABLE `sp_papeis` (
  `id` int(11) NOT NULL,
  `nome` varchar(255) NOT NULL,
  `permissoes` text NOT NULL
) ENGINE=InnoDB DEFAULT CHARSET=latin1;

--
-- Extraindo dados da tabela `sp_papeis`
--

INSERT INTO `sp_papeis` (`id`, `nome`, `permissoes`) VALUES
(2, 'Administrador', 'gerais|#|oracoes|#|agendamentos|#|depoimentos|#|banners|#|empresa|#|clientes|#|blog|#|usuarios|#|papeis|#|');

-- --------------------------------------------------------

--
-- Estrutura da tabela `sp_perguntas`
--

CREATE TABLE `sp_perguntas` (
  `id` int(11) NOT NULL,
  `nome` varchar(255) NOT NULL
) ENGINE=InnoDB DEFAULT CHARSET=utf8mb4;

--
-- Extraindo dados da tabela `sp_perguntas`
--

INSERT INTO `sp_perguntas` (`id`, `nome`) VALUES
(1, 'Quer ver sua empresa prosperando?'),
(2, 'Quer crescer e expandir?'),
(3, 'Quer apenas estruturar?'),
(4, 'Quer estruturar e crescer/expandir no caminho?'),
(5, 'Quer estruturar para crescer?\r\n'),
(6, 'Quer parar de perder clientes?\r\n'),
(7, 'Quer parar de perder membros do time?\r\n');

-- --------------------------------------------------------

--
-- Estrutura da tabela `sp_perguntasfrequentes`
--

CREATE TABLE `sp_perguntasfrequentes` (
  `id` int(11) NOT NULL,
  `pergunta` varchar(1234) NOT NULL,
  `resposta` text NOT NULL
) ENGINE=InnoDB DEFAULT CHARSET=utf8mb4;

--
-- Extraindo dados da tabela `sp_perguntasfrequentes`
--

INSERT INTO `sp_perguntasfrequentes` (`id`, `pergunta`, `resposta`) VALUES
(1, 'COMO FUNCIONA O ACOMPANHAMENTO DE OBRA?', 'O acompanhamento de obras serve para garantir que a execução dos serviços esteja de acordo com as especificações técnicas presentes no projeto, evitando retrabalhos, tempo e gastos desnecessários. Nosso acompanhamento acontece uma vez por semana e cada profissional acompanha a obra na etapa em que ela está pertinente ao seu projeto. Cada etapa de obra exige a presença de algum profissional da execução, juntamente com o profissional arquiteto e, muitas vezes, também dos proprietários da obra.'),
(2, 'ASDASD', 'asdsa');

-- --------------------------------------------------------

--
-- Estrutura da tabela `sp_portfolio`
--

CREATE TABLE `sp_portfolio` (
  `id` int(11) NOT NULL,
  `foto` varchar(255) NOT NULL DEFAULT '',
  `titulo` varchar(255) NOT NULL,
  `subtitulo` varchar(255) NOT NULL,
  `descricao` text NOT NULL,
  `ocase` text NOT NULL,
  `fotowebp` varchar(255) NOT NULL
) ENGINE=InnoDB DEFAULT CHARSET=utf8mb4;

--
-- Extraindo dados da tabela `sp_portfolio`
--

INSERT INTO `sp_portfolio` (`id`, `foto`, `titulo`, `subtitulo`, `descricao`, `ocase`, `fotowebp`) VALUES
(69, 'portfolio_69_1631671413_190cdf20dafda4445535e5e5d46880a7614154759ceb2.png', 'Rubens rubinho teste', 'Lorem ipsum dolor sit amet, consectetur adipisicing elit, sed do eiusmod tempor incididunt ut labore et dolore magna aliqua.', '<p>Lorem ipsum dolor sit amet, consectetur adipisicing elit, sed do eiusmod tempor incididunt ut labore et dolore magna aliqua. Ut enim ad minim veniam, quis nostrud exercitation ullamco laboris nisi ut aliquip ex ea commodo consequat. Duis aute irure dolor in reprehenderit in voluptate velit esse cillum dolore eu fugiat nulla pariatur. Excepteur sint occaecat cupidatat non proident, sunt in culpa qui officia deserunt mollit anim id est laborum.</p>', '', 'anexos/portfolio_69_1631671413_190cdf20dafda4445535e5e5d46880a7614154759ceb2.webp'),
(70, 'portfolio_70_1631672330_24f03b1fa97ec865e5e4a0e116b24d846141580a4ae64.jpg', 'Rubinho teste 2', 'Lorem ipsum dolor sit amet, consectetur adipisicing elit, sed do eiusmod tempor incididunt ut labore et dolore magna aliqua.', '<p>Lorem ipsum dolor sit amet, consectetur adipisicing elit, sed do eiusmod tempor incididunt ut labore et dolore magna aliqua. Ut enim ad minim veniam, quis nostrud exercitation ullamco laboris nisi ut aliquip ex ea commodo consequat. Duis aute irure dolor in reprehenderit in voluptate velit esse cillum dolore eu fugiat nulla pariatur. Excepteur sint occaecat cupidatat non proident, sunt in culpa qui officia deserunt mollit anim id est laborum.</p>\r\n<p>&nbsp;</p>\r\n<p>Lorem ipsum dolor sit amet, consectetur adipisicing elit, sed do eiusmod tempor incididunt ut labore et dolore magna aliqua. Ut enim ad minim veniam, quis nostrud exercitation ullamco laboris nisi ut aliquip ex ea commodo consequat. Duis aute irure dolor in reprehenderit in voluptate velit esse cillum dolore eu fugiat nulla pariatur. Excepteur sint occaecat cupidatat non proident, sunt in culpa qui officia deserunt mollit anim id est laborum.</p>', '<p>Lorem ipsum dolor sit amet, consectetur adipisicing elit, sed do eiusmod tempor incididunt ut labore et dolore magna aliqua. Ut enim ad minim veniam, quis nostrud exercitation ullamco laboris nisi ut aliquip ex ea commodo consequat. Duis aute irure dolor in reprehenderit in voluptate velit esse cillum dolore eu fugiat nulla pariatur. Excepteur sint occaecat cupidatat non proident, sunt in culpa qui officia deserunt mollit anim id est laborum</p>', 'anexos/portfolio_70_1631672330_24f03b1fa97ec865e5e4a0e116b24d846141580a4ae64.webp'),
(72, 'portfolio__1631671097_.png', 'asdasd asd as asd ', 'teste te a sd as d asd', '<p>asdasd asdas d asd as da&nbsp;</p>', '', 'anexos/portfolio__1631671097_.webp');

-- --------------------------------------------------------

--
-- Estrutura da tabela `sp_portfolio_fotos`
--

CREATE TABLE `sp_portfolio_fotos` (
  `id` int(11) NOT NULL,
  `id_portfolio` int(11) NOT NULL,
  `foto` varchar(255) NOT NULL,
  `fotowebp` varchar(255) NOT NULL
) ENGINE=InnoDB DEFAULT CHARSET=utf8mb4;

--
-- Extraindo dados da tabela `sp_portfolio_fotos`
--

INSERT INTO `sp_portfolio_fotos` (`id`, `id_portfolio`, `foto`, `fotowebp`) VALUES
(3, 70, 'blog_70_1627076271_pexels-nick-collins-1293120.jpg', ''),
(4, 70, 'blog_70_1627076595_pexels-olya-kobruseva-5428833.jpg', ''),
(5, 70, 'blog_70_1627076595_pexels-pixabay-158826.jpg', ''),
(6, 70, 'blog_70_1627076595_pexels-sound-on-3756879.jpg', ''),
(7, 70, 'blog_70_1627087685_pexels-cup-of-couple-6177589.jpg', ''),
(8, 71, 'fotocase_71_1631671192_eebfc58741f2e8ea4462f635f04f7591.png', 'anexos/fotocase_71_1631671192_eebfc58741f2e8ea4462f635f04f7591.webp'),
(9, 71, 'fotocase_71_1631671193_23a52cc027d28944fee9a22cad728766.png', 'anexos/fotocase_71_1631671193_23a52cc027d28944fee9a22cad728766.webp');

-- --------------------------------------------------------

--
-- Estrutura da tabela `sp_potencia`
--

CREATE TABLE `sp_potencia` (
  `id` int(11) NOT NULL,
  `nome` varchar(255) NOT NULL
) ENGINE=InnoDB DEFAULT CHARSET=utf8mb4;

--
-- Extraindo dados da tabela `sp_potencia`
--

INSERT INTO `sp_potencia` (`id`, `nome`) VALUES
(1, '26CC'),
(2, '33CC'),
(3, '43CC'),
(4, '52CC'),
(5, '38CC'),
(6, '53CC'),
(7, '58CC'),
(8, '45CC');

-- --------------------------------------------------------

--
-- Estrutura da tabela `sp_potenciadieselhpcv`
--

CREATE TABLE `sp_potenciadieselhpcv` (
  `id` int(11) NOT NULL,
  `nome` varchar(255) NOT NULL
) ENGINE=InnoDB DEFAULT CHARSET=utf8mb4;

--
-- Extraindo dados da tabela `sp_potenciadieselhpcv`
--

INSERT INTO `sp_potenciadieselhpcv` (`id`, `nome`) VALUES
(1, 'TESTE');

-- --------------------------------------------------------

--
-- Estrutura da tabela `sp_potenciahpcv`
--

CREATE TABLE `sp_potenciahpcv` (
  `id` int(11) NOT NULL,
  `nome` varchar(255) NOT NULL
) ENGINE=InnoDB DEFAULT CHARSET=utf8mb4;

--
-- Extraindo dados da tabela `sp_potenciahpcv`
--

INSERT INTO `sp_potenciahpcv` (`id`, `nome`) VALUES
(7, 'G2.5'),
(8, 'G2.8'),
(9, 'G3.0'),
(10, 'G4'),
(11, 'G5.5'),
(12, 'G6.5'),
(13, 'G7'),
(14, 'G8'),
(15, 'G8.5'),
(17, 'G11'),
(18, 'G13'),
(19, 'G15'),
(20, 'G16'),
(21, '55');

-- --------------------------------------------------------

--
-- Estrutura da tabela `sp_potenciamotosserra`
--

CREATE TABLE `sp_potenciamotosserra` (
  `id` int(11) NOT NULL,
  `nome` varchar(255) NOT NULL
) ENGINE=InnoDB DEFAULT CHARSET=utf8mb4;

--
-- Extraindo dados da tabela `sp_potenciamotosserra`
--

INSERT INTO `sp_potenciamotosserra` (`id`, `nome`) VALUES
(1, 'TE'),
(2, '44'),
(3, '33');

-- --------------------------------------------------------

--
-- Estrutura da tabela `sp_potenciarocadeira`
--

CREATE TABLE `sp_potenciarocadeira` (
  `id` int(11) NOT NULL,
  `nome` varchar(255) NOT NULL
) ENGINE=InnoDB DEFAULT CHARSET=utf8mb4;

--
-- Extraindo dados da tabela `sp_potenciarocadeira`
--

INSERT INTO `sp_potenciarocadeira` (`id`, `nome`) VALUES
(1, 'ADS'),
(2, '11');

-- --------------------------------------------------------

--
-- Estrutura da tabela `sp_produtos`
--

CREATE TABLE `sp_produtos` (
  `id` int(11) NOT NULL,
  `titulo` varchar(255) NOT NULL,
  `descricao` text NOT NULL,
  `data_cadastro` datetime NOT NULL,
  `categoriaID` int(11) NOT NULL,
  `subcategoriaID` int(11) NOT NULL,
  `marcaID` int(11) NOT NULL,
  `corID` int(11) NOT NULL,
  `combustivelID` int(11) NOT NULL,
  `sistemapartida` varchar(255) NOT NULL,
  `potencia` varchar(255) NOT NULL,
  `kwkva` varchar(255) NOT NULL,
  `diametro` varchar(255) NOT NULL,
  `sistemapartidaID` int(11) NOT NULL,
  `potenciaID` int(11) NOT NULL,
  `diametroID` int(11) NOT NULL,
  `kwkvaID` int(11) NOT NULL,
  `potenciahpcvID` int(11) NOT NULL,
  `teeID` int(11) NOT NULL,
  `potenciarocadeiraID` int(11) NOT NULL,
  `potenciamotosserraID` int(11) NOT NULL,
  `potenciadieselhpcvID` int(11) NOT NULL
) ENGINE=InnoDB DEFAULT CHARSET=utf8;

--
-- Extraindo dados da tabela `sp_produtos`
--

INSERT INTO `sp_produtos` (`id`, `titulo`, `descricao`, `data_cadastro`, `categoriaID`, `subcategoriaID`, `marcaID`, `corID`, `combustivelID`, `sistemapartida`, `potencia`, `kwkva`, `diametro`, `sistemapartidaID`, `potenciaID`, `diametroID`, `kwkvaID`, `potenciahpcvID`, `teeID`, `potenciarocadeiraID`, `potenciamotosserraID`, `potenciadieselhpcvID`) VALUES
(1, 'Gerador 02', '<p>teste 1teste1teste 1teste1teste 1teste1teste 1teste1teste 1teste1teste 1teste1teste 1teste1teste 1teste1teste 1teste1teste 1teste1teste 1teste1teste 1teste1teste 1teste1teste 1teste1teste 1teste1teste 1teste1teste 1teste1teste 1teste1teste 1teste1teste 1teste1teste 1teste1teste 1teste1teste 1teste1teste 1teste1teste 1teste1teste 1teste1teste 1teste1teste 1teste1teste 1teste1teste 1teste1teste 1teste1teste 1teste1teste 1teste1teste 1teste1teste 1teste1teste 1teste1teste 1teste1teste 1teste1teste 1teste1teste 1teste1</p>', '2019-08-23 10:23:58', 13, 1, 4, 5, 1, '', '', '', '', 1, 0, 0, 5, 14, 0, 0, 0, 0),
(2, 'Gerador 03', '<p>Teste produto 2&nbsp;Teste produto 2Teste produto 2&nbsp;Teste produto 2Teste produto 2&nbsp;Teste produto 2Teste produto 2&nbsp;Teste produto 2Teste produto 2&nbsp;Teste produto 2Teste produto 2&nbsp;Teste produto 2Teste produto 2&nbsp;Teste produto 2Teste produto 2&nbsp;Teste produto 2Teste produto 2&nbsp;Teste produto 2Teste produto 2&nbsp;Teste produto 2</p>\r\n<p>Teste produto 2&nbsp;Teste produto 2Teste produto 2&nbsp;Teste produto 2Teste produto 2&nbsp;Teste produto 2Teste produto 2&nbsp;Teste produto 2Teste produto 2&nbsp;Teste produto 2Teste produto 2&nbsp;Teste produto 2Teste produto 2&nbsp;Teste produto 2Teste produto 2&nbsp;Teste produto 2Teste produto 2&nbsp;Teste produto 2Teste produto 2&nbsp;Teste produto 2</p>', '2019-08-23 11:13:23', 13, 0, 1, 5, 1, '', '', '', '', 2, 0, 0, 8, 19, 0, 0, 0, 0),
(4, 'Motor 02', '', '2019-08-23 11:49:43', 10, 0, 2, 1, 1, '', '', '', '', 1, 0, 0, 0, 0, 0, 0, 0, 0),
(8, 'Motor 01 ', '<p>Lorem ipsum dolor sit amet, consectetur adipisicing elit, sed do eiusmod tempor incididunt ut labore et dolore magna aliqua. Ut enim ad minim veniam, quis nostrud exercitation ullamco laboris nisi ut aliquip ex ea commodo consequat. Duis aute irure dolor in reprehenderit in voluptate velit esse cillum dolore eu fugiat nulla pariatur. Excepteur sint occaecat cupidatat non proident, sunt in culpa qui officia deserunt mollit anim id est laborum.</p>', '2022-11-07 23:16:33', 10, 0, 1, 3, 1, '', '', '', '', 1, 0, 0, 0, 12, 0, 0, 0, 0),
(9, 'Motor 03', '', '2022-11-18 12:30:17', 10, 0, 4, 3, 1, '', '', '', '', 2, 0, 0, 0, 13, 0, 0, 0, 0),
(10, 'Motor 04', '', '2022-11-18 12:37:39', 10, 0, 4, 5, 2, '', '', '', '', 0, 0, 0, 0, 1, 0, 0, 0, 0),
(11, 'Motor 05', '', '2022-11-18 16:43:55', 10, 0, 4, 5, 2, '', '', '', '', 2, 0, 0, 0, 3, 0, 0, 0, 0),
(12, 'Motor 06', '', '2022-11-18 16:45:36', 10, 0, 2, 1, 2, '', '', '', '', 1, 0, 0, 0, 2, 0, 0, 0, 0),
(13, 'Gerador 01', '', '2022-11-18 16:47:49', 13, 0, 2, 1, 1, '', '', '', '', 1, 0, 0, 2, 2, 0, 0, 0, 0),
(14, 'Gerador 04', '', '2022-11-18 16:51:50', 13, 0, 1, 3, 2, '', '', '', '', 1, 0, 0, 2, 1, 0, 0, 0, 0),
(15, 'Gerador 05', '', '2022-11-18 16:52:21', 13, 0, 2, 1, 2, '', '', '', '', 1, 0, 0, 5, 2, 0, 0, 0, 0),
(16, 'Gerador 06', '', '2022-11-18 16:52:58', 13, 0, 4, 5, 2, '', '', '', '', 2, 0, 0, 8, 4, 0, 0, 0, 0),
(17, 'Motobomba 02', '', '2022-11-18 16:53:43', 14, 0, 1, 3, 1, '', '', '', '', 1, 0, 0, 0, 11, 0, 0, 0, 0),
(18, 'Motobomba 01', '', '2022-11-18 19:59:44', 14, 0, 4, 6, 1, '', '', '', '', 1, 0, 0, 0, 12, 0, 0, 0, 0),
(19, 'Motobomba 03', '', '2022-11-18 20:00:33', 14, 0, 2, 1, 1, '', '', '', '', 2, 0, 0, 0, 18, 0, 0, 0, 0),
(20, 'Motobomba 04', '', '2022-11-18 20:01:48', 14, 0, 4, 5, 2, '', '', '', '', 1, 0, 0, 0, 2, 0, 0, 0, 0),
(21, 'Motobomba 05', '', '2022-11-18 20:02:39', 14, 0, 1, 5, 2, '', '', '', '', 1, 0, 0, 0, 3, 0, 0, 0, 0),
(22, 'Motobomba 06', '', '2022-11-18 20:03:16', 14, 0, 2, 1, 2, '', '', '', '', 2, 0, 0, 0, 5, 0, 0, 0, 0),
(23, 'Motossera 01', '', '2022-11-18 20:04:31', 15, 0, 1, 3, 1, '', '', '', '', 0, 5, 2, 0, 0, 0, 0, 0, 0),
(24, 'Motosserra 02´', '', '2022-11-18 20:06:06', 15, 0, 2, 1, 1, '', '', '', '', 0, 8, 2, 0, 0, 2, 0, 0, 0),
(25, 'Motosserra 03', '', '2022-11-18 20:08:41', 15, 0, 4, 6, 1, '', '', '', '', 0, 6, 2, 0, 0, 0, 0, 0, 0),
(26, 'Roçadeira 01', '', '2022-11-18 20:10:00', 16, 0, 2, 1, 1, '', '', '', '', 0, 1, 1, 0, 0, 3, 0, 0, 0);

-- --------------------------------------------------------

--
-- Estrutura da tabela `sp_produtos_fotos`
--

CREATE TABLE `sp_produtos_fotos` (
  `id` int(11) NOT NULL,
  `produtoID` int(11) NOT NULL,
  `foto` varchar(255) NOT NULL,
  `fotowebp` varchar(255) NOT NULL
) ENGINE=InnoDB DEFAULT CHARSET=utf8;

--
-- Extraindo dados da tabela `sp_produtos_fotos`
--

INSERT INTO `sp_produtos_fotos` (`id`, `produtoID`, `foto`, `fotowebp`) VALUES
(2, 6, 'produtos_6_1566576530_5019', ''),
(4, 6, 'produtos_6_1566578715_7975', ''),
(5, 7, 'produtos_7_1667872843_544.jpg', ''),
(21, 8, 'produtos_8_1668784635_p1.png', ''),
(22, 4, 'produtos_4_1668784710_p2.png', ''),
(28, 1, 'produtos_1_1668800986_p8.png', ''),
(29, 2, 'produtos_2_1668801054_p9.png', ''),
(36, 19, 'produtos_19_1668812456_p15.png', ''),
(44, 26, 'produtos_26_1668863766.pngp22.png', ''),
(45, 9, 'produtos_9_1668863833.pngp3.png', ''),
(46, 25, 'produtos_25_1668863860.pngp21.png', ''),
(47, 24, 'produtos_24_1668863867.pngp20.png', ''),
(48, 23, 'produtos_23_1668863872.pngp19.png', ''),
(49, 22, 'produtos_22_1668863879.pngp11.png', ''),
(51, 20, 'produtos_20_1668863932.pngp12.png', ''),
(53, 21, 'produtos_21_1668863986.pngp17.png', ''),
(54, 18, 'produtos_18_1668864020.pngp14.png', ''),
(55, 17, 'produtos_17_1668864026.pngp13.png', ''),
(56, 16, 'produtos_16_1668864035.pngp8.png', ''),
(57, 15, 'produtos_15_1668864052.pngp7.png', ''),
(58, 14, 'produtos_14_1668864059.pngp9.png', ''),
(59, 13, 'produtos_13_1668864067.pngp11.png', ''),
(60, 12, 'produtos_12_1668864080.pngp5.png', ''),
(61, 11, 'produtos_11_1668864088.pngp4.png', ''),
(62, 10, 'produtos_10_1668864094.pngp6.png', '');

-- --------------------------------------------------------

--
-- Estrutura da tabela `sp_projetos`
--

CREATE TABLE `sp_projetos` (
  `id` int(11) NOT NULL,
  `titulo` varchar(255) NOT NULL,
  `tipodeprojetoID` int(11) NOT NULL,
  `descricao` text NOT NULL,
  `data_cadastro` datetime NOT NULL
) ENGINE=InnoDB DEFAULT CHARSET=utf8mb4;

--
-- Extraindo dados da tabela `sp_projetos`
--

INSERT INTO `sp_projetos` (`id`, `titulo`, `tipodeprojetoID`, `descricao`, `data_cadastro`) VALUES
(2, 'Edifício Del Nina', 3, '<p>Lorem ipsum dolor sit amet, consectetur adipisicing elit, sed do eiusmod tempor incididunt ut labore et dolore magna aliqua. Ut enim ad minim veniam, quis nostrud exercitation ullamco laboris nisi ut aliquip ex ea commodo consequat. Duis aute irure dolor in reprehenderit in voluptate velit essecillum dolore eu fugiat nulla pariatur. Excepteur sint occaecat cupidatat non proident, sunt in culpa qui officia deserunt mollit anim id est laborum.</p>\r\n<p>&nbsp;</p>\r\n<p>Lorem ipsum dolor sit amet, consectetur adipisicing elit, sed do eiusmod tempor incididunt ut labore et dolore magna aliqua. Ut enim ad minim veniam, quis nostrud exercitation ullamco laboris nisi ut aliquip ex ea commodo consequat. Duis aute irure dolor in reprehenderit in voluptate velit essecillum dolore eu fugiat nulla pariatur. Excepteur sint occaecat cupidatat non proident, sunt in culpa qui officia deserunt mollit anim id est laborum.Lorem ipsum dolor sit amet, consectetur adipisicing elit, sed do eiusmod tempor incididunt ut labore et dolore magna aliqua. Ut enim ad minim veniam, quis nostrud exercitation ullamco laboris nisi ut aliquip ex ea commodo consequat. Duis aute irure dolor in reprehenderit in voluptate velit essecillum dolore eu fugiat nulla pariatur. Excepteur sint occaecat cupidatat non proident, sunt in culpa qui officia deserunt mollit anim id est laborum.</p>', '2022-01-07 14:58:57'),
(3, 'Hall de Entrada', 4, '<p>Lorem ipsum dolor sit amet, consectetur adipisicing elit, sed do eiusmod tempor incididunt ut labore et dolore magna aliqua. Ut enim ad minim veniam, quis nostrud exercitation ullamco laboris nisi ut aliquip ex ea commodo consequat. Duis aute irure dolor in reprehenderit in voluptate velit essecillum dolore eu fugiat nulla pariatur. Excepteur sint occaecat cupidatat non proident, sunt in culpa qui officia deserunt mollit anim id est laborum.</p>\r\n<p>&nbsp;</p>\r\n<p>Lorem ipsum dolor sit amet, consectetur adipisicing elit, sed do eiusmod tempor incididunt ut labore et dolore magna aliqua. Ut enim ad minim veniam, quis nostrud exercitation ullamco laboris nisi ut aliquip ex ea commodo consequat. Duis aute irure dolor in reprehenderit in voluptate velit essecillum dolore eu fugiat nulla pariatur. Excepteur sint occaecat cupidatat non proident, sunt in culpa qui officia deserunt mollit anim id est laborum.Lorem ipsum dolor sit amet, consectetur adipisicing elit, sed do eiusmod tempor incididunt ut labore et dolore magna aliqua. Ut enim ad minim veniam, quis nostrud exercitation ullamco laboris nisi ut aliquip ex ea commodo consequat. Duis aute irure dolor in reprehenderit in voluptate velit essecillum dolore eu fugiat nulla pariatur. Excepteur sint occaecat cupidatat non proident, sunt in culpa qui officia deserunt mollit anim id est laborum.</p>', '2022-01-07 15:04:54'),
(4, 'Projeto de Piscina', 6, '<p>Lorem ipsum dolor sit amet, consectetur adipisicing elit, sed do eiusmod tempor incididunt ut labore et dolore magna aliqua. Ut enim ad minim veniam, quis nostrud exercitation ullamco laboris nisi ut aliquip ex ea commodo consequat. Duis aute irure dolor in reprehenderit in voluptate velit essecillum dolore eu fugiat nulla pariatur. Excepteur sint occaecat cupidatat non proident, sunt in culpa qui officia deserunt mollit anim id est laborum.</p>', '2022-01-07 15:08:36');

-- --------------------------------------------------------

--
-- Estrutura da tabela `sp_projetos_fotos`
--

CREATE TABLE `sp_projetos_fotos` (
  `id` int(11) NOT NULL,
  `projetoID` int(11) NOT NULL,
  `foto` varchar(255) NOT NULL,
  `fotowebp` varchar(255) NOT NULL
) ENGINE=InnoDB DEFAULT CHARSET=utf8mb4;

--
-- Extraindo dados da tabela `sp_projetos_fotos`
--

INSERT INTO `sp_projetos_fotos` (`id`, `projetoID`, `foto`, `fotowebp`) VALUES
(1, 1, 'projetos__1641347540_Imagem_Edifício_Pôr_do_Sol_07.jpg', 'anexos/projetos__1641347540_Imagem_Edifício_Pôr_do_Sol_07.webp'),
(2, 1, 'projetos_1_1641348386_Imagem_Edifício_Pôr_do_Sol_01.jpg', 'anexos/projetos_1_1641348386_Imagem_Edifício_Pôr_do_Sol_01.webp'),
(3, 1, 'projetos_1_1641348387_Imagem_Edifício_Pôr_do_Sol_03.jpg', 'anexos/projetos_1_1641348387_Imagem_Edifício_Pôr_do_Sol_03.webp'),
(4, 1, 'projetos_1_1641348388_Imagem_Edifício_Pôr_do_Sol_04.jpg', 'anexos/projetos_1_1641348388_Imagem_Edifício_Pôr_do_Sol_04.webp'),
(5, 1, 'projetos_1_1641348388_Imagem_Edifício_Pôr_do_Sol_05.jpg', 'anexos/projetos_1_1641348388_Imagem_Edifício_Pôr_do_Sol_05.webp'),
(6, 1, 'projetos_1_1641348389_Imagem_Edifício_Pôr_do_Sol_08.jpg', 'anexos/projetos_1_1641348389_Imagem_Edifício_Pôr_do_Sol_08.webp'),
(7, 1, 'projetos_1_1641348390_Imagem_Edifício_Pôr_do_Sol_10.jpg', 'anexos/projetos_1_1641348390_Imagem_Edifício_Pôr_do_Sol_10.webp'),
(12, 2, 'projetos_2_1641578500_IMG_6490.JPG', 'anexos/projetos_2_1641578500_IMG_6490.JPG'),
(13, 2, 'projetos_2_1641578506_IMG_6492.JPG', 'anexos/projetos_2_1641578506_IMG_6492.JPG'),
(14, 2, 'projetos_2_1641578511_IMG_6493.JPG', 'anexos/projetos_2_1641578511_IMG_6493.JPG'),
(15, 2, 'projetos_2_1641578516_IMG_6495.JPG', 'anexos/projetos_2_1641578516_IMG_6495.JPG'),
(16, 2, 'projetos_2_1641578521_IMG_6496.JPG', 'anexos/projetos_2_1641578521_IMG_6496.JPG'),
(17, 2, 'projetos_2_1641578526_IMG_6501.JPG', 'anexos/projetos_2_1641578526_IMG_6501.JPG'),
(18, 2, 'projetos_2_1641578531_IMG_6504.JPG', 'anexos/projetos_2_1641578531_IMG_6504.JPG'),
(20, 3, 'projetos_3_1641578728_42aa6e93-f4ca-42eb-9e8b-055c46cb5b71.jpg', 'anexos/projetos_3_1641578728_42aa6e93-f4ca-42eb-9e8b-055c46cb5b71.webp'),
(21, 3, 'projetos_3_1641578728_c44b54b3-19bc-48e0-8e11-b0e3fdc26e89.jpg', 'anexos/projetos_3_1641578728_c44b54b3-19bc-48e0-8e11-b0e3fdc26e89.webp'),
(22, 3, 'projetos_3_1641578729_e9a011de-2568-43ea-9a95-e90b16cf36f8.jpg', 'anexos/projetos_3_1641578729_e9a011de-2568-43ea-9a95-e90b16cf36f8.webp'),
(23, 3, 'projetos_3_1641578729_f068b658-d0d8-497e-bb4d-fbf7fe634a62.jpg', 'anexos/projetos_3_1641578729_f068b658-d0d8-497e-bb4d-fbf7fe634a62.webp'),
(24, 3, 'projetos_3_1641578729_WhatsApp_Image_2021-11-30_at_13.21.44.jpeg', 'anexos/projetos_3_1641578729_WhatsApp_Image_2021-11-30_at_13.21.44.webp'),
(26, 4, 'projetos_4_1641578933_Imagem-externa-Makey-00.png', 'anexos/projetos_4_1641578933_Imagem-externa-Makey-00.webp'),
(27, 4, 'projetos_4_1641578934_Imagem-externa-Makey-02.png', 'anexos/projetos_4_1641578934_Imagem-externa-Makey-02.webp'),
(28, 4, 'projetos_4_1641578934_Imagem-externa-Makey-03.png', 'anexos/projetos_4_1641578934_Imagem-externa-Makey-03.webp'),
(29, 5, 'projetos__1644095181_', 'anexos/projetos__1644095181_'),
(32, 5, 'projetos_5_1644097207_Foto_Vita_01__site.png', 'anexos/projetos_5_1644097207_Foto_Vita_01__site.webp'),
(33, 5, 'projetos_5_1644097224_Imagem_Vita_02_site.png', 'anexos/projetos_5_1644097224_Imagem_Vita_02_site.webp'),
(34, 5, 'projetos_5_1644097249_Foto_Vita_02__site.png', 'anexos/projetos_5_1644097249_Foto_Vita_02__site.webp'),
(35, 5, 'projetos_5_1644099161_Imagem_Vita_01_site.png', 'anexos/projetos_5_1644099161_Imagem_Vita_01_site.webp');

-- --------------------------------------------------------

--
-- Estrutura da tabela `sp_resultados`
--

CREATE TABLE `sp_resultados` (
  `id` int(11) NOT NULL,
  `resultado` int(11) NOT NULL,
  `titulo` varchar(255) NOT NULL,
  `prefixo` varchar(25) NOT NULL,
  `sufixo` varchar(255) NOT NULL,
  `subtitulo` varchar(255) NOT NULL
) ENGINE=InnoDB DEFAULT CHARSET=utf8mb4;

--
-- Extraindo dados da tabela `sp_resultados`
--

INSERT INTO `sp_resultados` (`id`, `resultado`, `titulo`, `prefixo`, `sufixo`, `subtitulo`) VALUES
(6, 350, 'Clientes Satisfeitos', '+', '', 'no turnover de profissionais'),
(7, 450, 'Projetos Executados', '+', '', ''),
(8, 5437, 'Xícaras de Café', '', 'tomadas', '');

-- --------------------------------------------------------

--
-- Estrutura da tabela `sp_servicos`
--

CREATE TABLE `sp_servicos` (
  `id` int(11) NOT NULL,
  `fotoservico` varchar(255) NOT NULL,
  `foto2` varchar(255) NOT NULL,
  `titulo` varchar(255) NOT NULL,
  `descricao` text NOT NULL,
  `descricaoinicial` varchar(1234) NOT NULL,
  `categoriaID` int(11) NOT NULL,
  `subcategoriaID` int(11) NOT NULL,
  `ativo` tinyint(4) NOT NULL,
  `fotoicone` varchar(255) NOT NULL,
  `fotoiconewebp` varchar(255) NOT NULL
) ENGINE=InnoDB DEFAULT CHARSET=latin1;

--
-- Extraindo dados da tabela `sp_servicos`
--

INSERT INTO `sp_servicos` (`id`, `fotoservico`, `foto2`, `titulo`, `descricao`, `descricaoinicial`, `categoriaID`, `subcategoriaID`, `ativo`, `fotoicone`, `fotoiconewebp`) VALUES
(29, 'servico29_162560229360e4b8f5937c1.svg', 'servico29_16150616236043e2771c509.png', 'Projetos residenciais, comerciais e corporativos', '<p>Lorem ipsum dolor sit amet, consectetur adipisicing elit, sed do eiusmod tempor incididunt ut labore et dolore magna aliqua.</p>', '', 0, 0, 1, 'servico29_164158277861d890ba0a3b1.png', ''),
(34, 'servico34_162519422860de7ef4dc18d.svg', 'servico_16149811516042a81fb61f1.png', 'Reformas e ampliações', '<div id=\"branding\" class=\"service\">\r\n<p class=\"name\">Lorem ipsum dolor sit amet, consectetur adipisicing elit, sed do eiusmod tempor incididunt ut labore et dolore magna aliqua.Lorem ipsum dolor sit amet, consectetur adipisicing elit, sed do eiusmod tempor incididunt ut labore et dolore magna aliqua.</p>\r\n</div>', '', 0, 0, 1, 'servico34_164158282161d890e5440ea.png', ''),
(35, 'servico35_162558563360e477e16055e.svg', 'servico_16149811946042a84a7a18b.png', 'Projetos de arquitetura de interiores', '<p>Lorem ipsum dolor sit amet, consectetur adipisicing elit, sed do eiusmod tempor incididunt ut labore et dolore magna aliqua.Lorem ipsum dolor sit amet, consectetur adipisicing elit, sed do eiusmod tempor incididunt ut labore et dolore magna aliqua.</p>', '', 0, 0, 0, 'servico35_164158281361d890dda6ba6.png', ''),
(36, 'servico36_162560226660e4b8dadc0d5.svg', 'servico_16149812226042a866d4c7c.png', 'Projetos e execuções de paisagismo', '<p>Lorem ipsum dolor sit amet, consectetur adipisicing elit, sed do eiusmod tempor incididunt ut labore et dolore magna aliqua.Lorem ipsum dolor sit amet, consectetur adipisicing elit, sed do eiusmod tempor incididunt ut labore et dolore magna aliqua.Lorem ipsum dolor sit amet, consectetur adipisicing elit, sed do eiusmod tempor incididunt ut labore et dolore magna aliqua.</p>', '', 0, 0, 1, 'servico36_164158278561d890c1013f5.png', ''),
(37, '', '', 'Legalizações e regularizações', '<p>A aprova&ccedil;&atilde;o nos &oacute;rg&atilde;os competentes diz respeito tanto a edifica&ccedil;&otilde;es existentes, quanto a projetos novos a serem aprovados. A regulariza&ccedil;&atilde;o serve para regulamentar edifica&ccedil;&otilde;es j&aacute; constru&iacute;das e irregulares quanto ao C&oacute;digo de Obras e Plano diretor do munic&iacute;pio em quest&atilde;o. Nos casos em que se faz amplia&ccedil;&otilde;es em edifica&ccedil;&otilde;es existentes, mesmo j&aacute; aprovadas, a regulariza&ccedil;&atilde;o tamb&eacute;m entra para deixar tudo correto.</p>\r\n<p>Das legisla&ccedil;&otilde;es pertinentes para as aprova&ccedil;&otilde;es e regulariza&ccedil;&otilde;es, as que mais s&atilde;o utilizadas s&atilde;o o Plano Diretor e o C&oacute;digo de Obras Municipal. No Plano Diretor est&atilde;o definidas as diretrizes e leis de como dever&aacute; acontecer o crescimento e o funcionamento da cidade. J&aacute; o C&oacute;digo de Obras &eacute; um conjunto de leis que permite &agrave; administra&ccedil;&atilde;o municipal controlar e fiscalizar os espa&ccedil;os constru&iacute;dos em cada regi&atilde;o da cidade. O C&oacute;digo de Obras especifica as normas t&eacute;cnicas para todo tipo de constru&ccedil;&atilde;o e nele tamb&eacute;m est&atilde;o os procedimentos de aprova&ccedil;&atilde;o de projeto e as licen&ccedil;as para execu&ccedil;&atilde;o de obras.</p>\r\n<p>Temos ainda uma terceira condicionante legal para as edifica&ccedil;&otilde;es que s&atilde;o constru&iacute;das em condom&iacute;nios fechados. Al&eacute;m de atender as legisla&ccedil;&otilde;es municipais, &eacute; necess&aacute;rio seguir &agrave; risca as normas internas dos estatutos e conven&ccedil;&otilde;es. Nos condom&iacute;nios, o processo ser d&aacute; atrav&eacute;s de tr&ecirc;s etapas:<br />- 1&ordm; libera&ccedil;&atilde;o antes de encaminhar na Prefeitura Municipal<br />- 2&ordm; libera&ccedil;&atilde;o ap&oacute;s aprova&ccedil;&atilde;o da Prefeitura e obten&ccedil;&atilde;o do Alvar&aacute; de Constru&ccedil;&atilde;o<br />- 3&ordm; libera&ccedil;&atilde;o final, normalmente feita juntamente com a carta de habite-se</p>', 'A regularização serve para regulamentar edificações já construídas e irregulares quanto ao Código de Obras e Plano diretor do município em questão.\r\n', 0, 0, 0, 'servico37_164158276661d890aecc4cb.png', '');

-- --------------------------------------------------------

--
-- Estrutura da tabela `sp_servicos_categorias`
--

CREATE TABLE `sp_servicos_categorias` (
  `id` int(11) NOT NULL,
  `id_servico` int(11) NOT NULL,
  `titulo` varchar(255) NOT NULL
) ENGINE=InnoDB DEFAULT CHARSET=utf8mb4;

--
-- Extraindo dados da tabela `sp_servicos_categorias`
--

INSERT INTO `sp_servicos_categorias` (`id`, `id_servico`, `titulo`) VALUES
(1, 36, 'TESTE 1'),
(2, 36, 'teste 2');

-- --------------------------------------------------------

--
-- Estrutura da tabela `sp_servicos_fotos`
--

CREATE TABLE `sp_servicos_fotos` (
  `id` int(11) NOT NULL,
  `servicoID` int(11) NOT NULL,
  `foto` varchar(255) NOT NULL
) ENGINE=InnoDB DEFAULT CHARSET=utf8;

--
-- Extraindo dados da tabela `sp_servicos_fotos`
--

INSERT INTO `sp_servicos_fotos` (`id`, `servicoID`, `foto`) VALUES
(11, 9, 'blog_9_1594213682_57727382302bebc700dab5076ad231890f9c09901.jpeg'),
(12, 9, 'blog_9_1594213682_211179397902bebc700dab5076ad231890f9c09901.jpeg'),
(14, 9, 'blog_9_1594213682_128304319702bebc700dab5076ad231890f9c09901.jpeg'),
(15, 9, 'blog_9_1594213682_149169730202bebc700dab5076ad231890f9c09901.jpeg'),
(16, 9, 'blog_9_1594213756_2067321926e1dfb88c03a085e906ebccecc9129085.jpeg'),
(17, 9, 'blog_9_1594213756_362108593e1dfb88c03a085e906ebccecc9129085.jpeg'),
(18, 10, 'blog_10_1594213768_13997519901247f554446902ae3fe2601b26804dae.jpg'),
(19, 10, 'blog_10_1594213768_7471415891247f554446902ae3fe2601b26804dae.jpeg'),
(20, 10, 'blog_10_1594213768_16917357091247f554446902ae3fe2601b26804dae.jpeg'),
(21, 10, 'blog_10_1594213768_11099688031247f554446902ae3fe2601b26804dae.jpeg'),
(22, 10, 'blog_10_1594213769_1766484973eb5d73e740c665150d6ba68dc695c870.jpeg'),
(23, 10, 'blog_10_1594213769_1592452471eb5d73e740c665150d6ba68dc695c870.jpeg'),
(24, 10, 'blog_10_1594213769_1910800733eb5d73e740c665150d6ba68dc695c870.jpeg'),
(25, 10, 'blog_10_1594213769_1430992422eb5d73e740c665150d6ba68dc695c870.jpeg');

-- --------------------------------------------------------

--
-- Estrutura da tabela `sp_sistemapartida`
--

CREATE TABLE `sp_sistemapartida` (
  `id` int(11) NOT NULL,
  `nome` varchar(255) NOT NULL
) ENGINE=InnoDB DEFAULT CHARSET=utf8mb4;

--
-- Extraindo dados da tabela `sp_sistemapartida`
--

INSERT INTO `sp_sistemapartida` (`id`, `nome`) VALUES
(1, 'MANUAL'),
(2, 'MANUAL &AMP; ELÉTRICA');

-- --------------------------------------------------------

--
-- Estrutura da tabela `sp_subcategorias`
--

CREATE TABLE `sp_subcategorias` (
  `id` int(11) NOT NULL,
  `nome` varchar(255) NOT NULL,
  `categoriaID` int(11) NOT NULL
) ENGINE=InnoDB DEFAULT CHARSET=utf8;

--
-- Extraindo dados da tabela `sp_subcategorias`
--

INSERT INTO `sp_subcategorias` (`id`, `nome`, `categoriaID`) VALUES
(1, 'Salgados Assados', 8),
(3, 'Para Fritar', 8),
(4, 'Para Assar', 8),
(5, 'Salgados Fritos', 0);

-- --------------------------------------------------------

--
-- Estrutura da tabela `sp_tags`
--

CREATE TABLE `sp_tags` (
  `id` int(11) NOT NULL,
  `nome` varchar(255) NOT NULL
) ENGINE=InnoDB DEFAULT CHARSET=latin1;

--
-- Extraindo dados da tabela `sp_tags`
--

INSERT INTO `sp_tags` (`id`, `nome`) VALUES
(1, 'teste1'),
(2, 'teste2'),
(3, 'Dentes'),
(4, 'Teste 1'),
(5, 'teste 3'),
(6, 'teste 4'),
(7, 'teste'),
(8, 'Itália'),
(9, 'Lorem ipsum'),
(10, 'Livros'),
(11, 'Culinária'),
(12, 'Gastronomia'),
(13, 'Música'),
(14, 'Dicas'),
(15, 'Empresas'),
(16, 'Recursos Humanos'),
(17, 'Materiais'),
(18, 'asd');

-- --------------------------------------------------------

--
-- Estrutura da tabela `sp_tee`
--

CREATE TABLE `sp_tee` (
  `id` int(11) NOT NULL,
  `nome` varchar(255) NOT NULL
) ENGINE=InnoDB DEFAULT CHARSET=utf8mb4;

-- --------------------------------------------------------

--
-- Estrutura da tabela `sp_time`
--

CREATE TABLE `sp_time` (
  `id` int(11) NOT NULL,
  `titulo` varchar(255) NOT NULL,
  `descricao` text NOT NULL,
  `foto1` varchar(255) NOT NULL,
  `foto2` varchar(255) NOT NULL,
  `foto3` varchar(255) NOT NULL,
  `fotowebp1` varchar(255) NOT NULL,
  `fotowebp2` varchar(255) NOT NULL,
  `fotowebp3` varchar(255) NOT NULL
) ENGINE=InnoDB DEFAULT CHARSET=utf8mb4;

--
-- Extraindo dados da tabela `sp_time`
--

INSERT INTO `sp_time` (`id`, `titulo`, `descricao`, `foto1`, `foto2`, `foto3`, `fotowebp1`, `fotowebp2`, `fotowebp3`) VALUES
(10, 'Nosso time', '<p>Lorem ipsum dolor sit amet, consectetur adipisicing elit, sed do eiusmod tempor incididunt ut labore et dolore magna aliqua. Ut enim ad minim veniam, quis nostrud exercitation ullamco laboris nisi ut aliquip ex ea commodo consequat. Duis aute irure dolor in reprehenderit in voluptate velit esse cillum dolore eu fugiat nulla pariatur. Excepteur sint occaecat cupidatat non proident, sunt in culpa qui officia deserunt mollit anim id est laborum.</p>\r\n<p>&nbsp;</p>\r\n<p>Duis aute irure dolor in reprehenderit in voluptate velit esse cillum dolore eu fugiat nulla pariatur. Excepteur sint occaecat cupidatat non proident, sunt in culpa qui officia deserunt mollit anim id est laborum.</p>', 'foto1_1637894358_61a048d61d2d6.png', 'foto2_1637894324_61a048b4796de.png', 'foto3_1637894324_61a048b482d8f.png', 'anexos/foto1_1637894358_61a048d61d2d6.webp', 'anexos/foto2_1637894324_61a048b4796de.webp', 'anexos/foto3_1637894324_61a048b482d8f.webp');

-- --------------------------------------------------------

--
-- Estrutura da tabela `sp_tipodeprojetos`
--

CREATE TABLE `sp_tipodeprojetos` (
  `id` int(11) NOT NULL,
  `nome` varchar(255) NOT NULL
) ENGINE=InnoDB DEFAULT CHARSET=utf8mb4;

--
-- Extraindo dados da tabela `sp_tipodeprojetos`
--

INSERT INTO `sp_tipodeprojetos` (`id`, `nome`) VALUES
(2, 'EDIFÍCIOS'),
(3, 'CLÍNICAS'),
(4, 'CORPORATIVOS'),
(5, 'INTERIORES'),
(6, 'RESIDÊNCIAS');

-- --------------------------------------------------------

--
-- Estrutura da tabela `sp_tuboeixoestrias`
--

CREATE TABLE `sp_tuboeixoestrias` (
  `id` int(11) NOT NULL,
  `nome` varchar(255) NOT NULL
) ENGINE=InnoDB DEFAULT CHARSET=utf8mb4;

--
-- Extraindo dados da tabela `sp_tuboeixoestrias`
--

INSERT INTO `sp_tuboeixoestrias` (`id`, `nome`) VALUES
(1, '25X7X7E'),
(2, '26X7X7E'),
(3, '26X8X9E'),
(4, '28X8X9E');

-- --------------------------------------------------------

--
-- Estrutura da tabela `sp_videos`
--

CREATE TABLE `sp_videos` (
  `id` int(11) NOT NULL,
  `vyt` varchar(255) COLLATE latin1_general_ci NOT NULL
) ENGINE=InnoDB DEFAULT CHARSET=latin1 COLLATE=latin1_general_ci;

--
-- Extraindo dados da tabela `sp_videos`
--

INSERT INTO `sp_videos` (`id`, `vyt`) VALUES
(3, 'kSJJEOwJbLA');

-- --------------------------------------------------------

--
-- Estrutura da tabela `sp_virtudes`
--

CREATE TABLE `sp_virtudes` (
  `id` int(11) NOT NULL,
  `nome` varchar(255) NOT NULL,
  `descricao` varchar(2555) NOT NULL
) ENGINE=InnoDB DEFAULT CHARSET=utf8mb4;

--
-- Extraindo dados da tabela `sp_virtudes`
--

INSERT INTO `sp_virtudes` (`id`, `nome`, `descricao`) VALUES
(2, 'Ordem', 'Impor finalidades'),
(3, 'Coragem', 'Impor-se a novos desafios'),
(4, 'Curiosidade', 'Buscar conhecimento'),
(5, 'Amor', 'Estimular a beleza');

--
-- Indexes for dumped tables
--

--
-- Indexes for table `sp_agendamento`
--
ALTER TABLE `sp_agendamento`
  ADD PRIMARY KEY (`id`),
  ADD KEY `agendamento_cliente` (`clienteID`);

--
-- Indexes for table `sp_apoiadores`
--
ALTER TABLE `sp_apoiadores`
  ADD PRIMARY KEY (`id`);

--
-- Indexes for table `sp_areasconhecimento`
--
ALTER TABLE `sp_areasconhecimento`
  ADD PRIMARY KEY (`id`),
  ADD KEY `areas_categoria` (`categoriaID`);

--
-- Indexes for table `sp_banners`
--
ALTER TABLE `sp_banners`
  ADD PRIMARY KEY (`id`);

--
-- Indexes for table `sp_beneficios`
--
ALTER TABLE `sp_beneficios`
  ADD PRIMARY KEY (`id`);

--
-- Indexes for table `sp_blog`
--
ALTER TABLE `sp_blog`
  ADD PRIMARY KEY (`id`),
  ADD UNIQUE KEY `tituloseo` (`tituloseo`);

--
-- Indexes for table `sp_blog_fotos`
--
ALTER TABLE `sp_blog_fotos`
  ADD PRIMARY KEY (`id`),
  ADD KEY `blog_blogfotos` (`id_blog`);

--
-- Indexes for table `sp_blog_tags`
--
ALTER TABLE `sp_blog_tags`
  ADD PRIMARY KEY (`id`);

--
-- Indexes for table `sp_categorias`
--
ALTER TABLE `sp_categorias`
  ADD PRIMARY KEY (`id`);

--
-- Indexes for table `sp_clientes`
--
ALTER TABLE `sp_clientes`
  ADD PRIMARY KEY (`id`);

--
-- Indexes for table `sp_combustivel`
--
ALTER TABLE `sp_combustivel`
  ADD PRIMARY KEY (`id`);

--
-- Indexes for table `sp_consultores`
--
ALTER TABLE `sp_consultores`
  ADD PRIMARY KEY (`id`);

--
-- Indexes for table `sp_contatos`
--
ALTER TABLE `sp_contatos`
  ADD PRIMARY KEY (`id`);

--
-- Indexes for table `sp_contato_msg`
--
ALTER TABLE `sp_contato_msg`
  ADD PRIMARY KEY (`id`);

--
-- Indexes for table `sp_cores`
--
ALTER TABLE `sp_cores`
  ADD PRIMARY KEY (`id`);

--
-- Indexes for table `sp_depoimentos`
--
ALTER TABLE `sp_depoimentos`
  ADD PRIMARY KEY (`id`);

--
-- Indexes for table `sp_diametro`
--
ALTER TABLE `sp_diametro`
  ADD PRIMARY KEY (`id`);

--
-- Indexes for table `sp_empresa`
--
ALTER TABLE `sp_empresa`
  ADD PRIMARY KEY (`id`);

--
-- Indexes for table `sp_equipe`
--
ALTER TABLE `sp_equipe`
  ADD PRIMARY KEY (`id`);

--
-- Indexes for table `sp_etnias`
--
ALTER TABLE `sp_etnias`
  ADD PRIMARY KEY (`id`);

--
-- Indexes for table `sp_galeria`
--
ALTER TABLE `sp_galeria`
  ADD PRIMARY KEY (`id`);

--
-- Indexes for table `sp_gerais`
--
ALTER TABLE `sp_gerais`
  ADD PRIMARY KEY (`id`);

--
-- Indexes for table `sp_indicadores`
--
ALTER TABLE `sp_indicadores`
  ADD PRIMARY KEY (`id`);

--
-- Indexes for table `sp_instituicoes`
--
ALTER TABLE `sp_instituicoes`
  ADD PRIMARY KEY (`id`);

--
-- Indexes for table `sp_kwkva`
--
ALTER TABLE `sp_kwkva`
  ADD PRIMARY KEY (`id`);

--
-- Indexes for table `sp_marcas`
--
ALTER TABLE `sp_marcas`
  ADD PRIMARY KEY (`id`);

--
-- Indexes for table `sp_newsletter`
--
ALTER TABLE `sp_newsletter`
  ADD PRIMARY KEY (`id`);

--
-- Indexes for table `sp_papeis`
--
ALTER TABLE `sp_papeis`
  ADD PRIMARY KEY (`id`);

--
-- Indexes for table `sp_perguntas`
--
ALTER TABLE `sp_perguntas`
  ADD PRIMARY KEY (`id`);

--
-- Indexes for table `sp_perguntasfrequentes`
--
ALTER TABLE `sp_perguntasfrequentes`
  ADD PRIMARY KEY (`id`);

--
-- Indexes for table `sp_portfolio`
--
ALTER TABLE `sp_portfolio`
  ADD PRIMARY KEY (`id`);

--
-- Indexes for table `sp_portfolio_fotos`
--
ALTER TABLE `sp_portfolio_fotos`
  ADD PRIMARY KEY (`id`);

--
-- Indexes for table `sp_potencia`
--
ALTER TABLE `sp_potencia`
  ADD PRIMARY KEY (`id`);

--
-- Indexes for table `sp_potenciadieselhpcv`
--
ALTER TABLE `sp_potenciadieselhpcv`
  ADD PRIMARY KEY (`id`);

--
-- Indexes for table `sp_potenciahpcv`
--
ALTER TABLE `sp_potenciahpcv`
  ADD PRIMARY KEY (`id`);

--
-- Indexes for table `sp_potenciamotosserra`
--
ALTER TABLE `sp_potenciamotosserra`
  ADD PRIMARY KEY (`id`);

--
-- Indexes for table `sp_potenciarocadeira`
--
ALTER TABLE `sp_potenciarocadeira`
  ADD PRIMARY KEY (`id`);

--
-- Indexes for table `sp_produtos`
--
ALTER TABLE `sp_produtos`
  ADD PRIMARY KEY (`id`);

--
-- Indexes for table `sp_produtos_fotos`
--
ALTER TABLE `sp_produtos_fotos`
  ADD PRIMARY KEY (`id`);

--
-- Indexes for table `sp_projetos`
--
ALTER TABLE `sp_projetos`
  ADD PRIMARY KEY (`id`);

--
-- Indexes for table `sp_projetos_fotos`
--
ALTER TABLE `sp_projetos_fotos`
  ADD PRIMARY KEY (`id`);

--
-- Indexes for table `sp_resultados`
--
ALTER TABLE `sp_resultados`
  ADD PRIMARY KEY (`id`);

--
-- Indexes for table `sp_servicos`
--
ALTER TABLE `sp_servicos`
  ADD PRIMARY KEY (`id`);

--
-- Indexes for table `sp_servicos_categorias`
--
ALTER TABLE `sp_servicos_categorias`
  ADD PRIMARY KEY (`id`);

--
-- Indexes for table `sp_servicos_fotos`
--
ALTER TABLE `sp_servicos_fotos`
  ADD PRIMARY KEY (`id`);

--
-- Indexes for table `sp_sistemapartida`
--
ALTER TABLE `sp_sistemapartida`
  ADD PRIMARY KEY (`id`);

--
-- Indexes for table `sp_subcategorias`
--
ALTER TABLE `sp_subcategorias`
  ADD PRIMARY KEY (`id`);

--
-- Indexes for table `sp_tags`
--
ALTER TABLE `sp_tags`
  ADD PRIMARY KEY (`id`);

--
-- Indexes for table `sp_tee`
--
ALTER TABLE `sp_tee`
  ADD PRIMARY KEY (`id`);

--
-- Indexes for table `sp_time`
--
ALTER TABLE `sp_time`
  ADD PRIMARY KEY (`id`);

--
-- Indexes for table `sp_tipodeprojetos`
--
ALTER TABLE `sp_tipodeprojetos`
  ADD PRIMARY KEY (`id`);

--
-- Indexes for table `sp_tuboeixoestrias`
--
ALTER TABLE `sp_tuboeixoestrias`
  ADD PRIMARY KEY (`id`);

--
-- Indexes for table `sp_videos`
--
ALTER TABLE `sp_videos`
  ADD PRIMARY KEY (`id`);

--
-- Indexes for table `sp_virtudes`
--
ALTER TABLE `sp_virtudes`
  ADD PRIMARY KEY (`id`);

--
-- AUTO_INCREMENT for dumped tables
--

--
-- AUTO_INCREMENT for table `sp_agendamento`
--
ALTER TABLE `sp_agendamento`
  MODIFY `id` int(11) NOT NULL AUTO_INCREMENT, AUTO_INCREMENT=9;

--
-- AUTO_INCREMENT for table `sp_apoiadores`
--
ALTER TABLE `sp_apoiadores`
  MODIFY `id` int(11) NOT NULL AUTO_INCREMENT, AUTO_INCREMENT=4;

--
-- AUTO_INCREMENT for table `sp_areasconhecimento`
--
ALTER TABLE `sp_areasconhecimento`
  MODIFY `id` int(11) NOT NULL AUTO_INCREMENT, AUTO_INCREMENT=32;

--
-- AUTO_INCREMENT for table `sp_banners`
--
ALTER TABLE `sp_banners`
  MODIFY `id` int(11) NOT NULL AUTO_INCREMENT, AUTO_INCREMENT=15;

--
-- AUTO_INCREMENT for table `sp_beneficios`
--
ALTER TABLE `sp_beneficios`
  MODIFY `id` int(11) NOT NULL AUTO_INCREMENT, AUTO_INCREMENT=7;

--
-- AUTO_INCREMENT for table `sp_blog`
--
ALTER TABLE `sp_blog`
  MODIFY `id` int(11) NOT NULL AUTO_INCREMENT, AUTO_INCREMENT=44;

--
-- AUTO_INCREMENT for table `sp_blog_fotos`
--
ALTER TABLE `sp_blog_fotos`
  MODIFY `id` int(11) NOT NULL AUTO_INCREMENT, AUTO_INCREMENT=77;

--
-- AUTO_INCREMENT for table `sp_blog_tags`
--
ALTER TABLE `sp_blog_tags`
  MODIFY `id` int(11) NOT NULL AUTO_INCREMENT, AUTO_INCREMENT=28;

--
-- AUTO_INCREMENT for table `sp_categorias`
--
ALTER TABLE `sp_categorias`
  MODIFY `id` int(11) NOT NULL AUTO_INCREMENT, AUTO_INCREMENT=17;

--
-- AUTO_INCREMENT for table `sp_clientes`
--
ALTER TABLE `sp_clientes`
  MODIFY `id` int(11) NOT NULL AUTO_INCREMENT, AUTO_INCREMENT=10;

--
-- AUTO_INCREMENT for table `sp_combustivel`
--
ALTER TABLE `sp_combustivel`
  MODIFY `id` int(11) NOT NULL AUTO_INCREMENT, AUTO_INCREMENT=3;

--
-- AUTO_INCREMENT for table `sp_consultores`
--
ALTER TABLE `sp_consultores`
  MODIFY `id` int(11) NOT NULL AUTO_INCREMENT, AUTO_INCREMENT=6;

--
-- AUTO_INCREMENT for table `sp_contatos`
--
ALTER TABLE `sp_contatos`
  MODIFY `id` int(11) NOT NULL AUTO_INCREMENT, AUTO_INCREMENT=5;

--
-- AUTO_INCREMENT for table `sp_contato_msg`
--
ALTER TABLE `sp_contato_msg`
  MODIFY `id` int(11) NOT NULL AUTO_INCREMENT, AUTO_INCREMENT=7;

--
-- AUTO_INCREMENT for table `sp_cores`
--
ALTER TABLE `sp_cores`
  MODIFY `id` int(11) NOT NULL AUTO_INCREMENT, AUTO_INCREMENT=7;

--
-- AUTO_INCREMENT for table `sp_depoimentos`
--
ALTER TABLE `sp_depoimentos`
  MODIFY `id` int(11) NOT NULL AUTO_INCREMENT, AUTO_INCREMENT=12;

--
-- AUTO_INCREMENT for table `sp_diametro`
--
ALTER TABLE `sp_diametro`
  MODIFY `id` int(11) NOT NULL AUTO_INCREMENT, AUTO_INCREMENT=4;

--
-- AUTO_INCREMENT for table `sp_empresa`
--
ALTER TABLE `sp_empresa`
  MODIFY `id` int(11) NOT NULL AUTO_INCREMENT, AUTO_INCREMENT=62;

--
-- AUTO_INCREMENT for table `sp_equipe`
--
ALTER TABLE `sp_equipe`
  MODIFY `id` int(11) NOT NULL AUTO_INCREMENT, AUTO_INCREMENT=10;

--
-- AUTO_INCREMENT for table `sp_etnias`
--
ALTER TABLE `sp_etnias`
  MODIFY `id` int(11) NOT NULL AUTO_INCREMENT, AUTO_INCREMENT=4;

--
-- AUTO_INCREMENT for table `sp_galeria`
--
ALTER TABLE `sp_galeria`
  MODIFY `id` int(11) NOT NULL AUTO_INCREMENT, AUTO_INCREMENT=28;

--
-- AUTO_INCREMENT for table `sp_gerais`
--
ALTER TABLE `sp_gerais`
  MODIFY `id` int(11) NOT NULL AUTO_INCREMENT, AUTO_INCREMENT=24;

--
-- AUTO_INCREMENT for table `sp_indicadores`
--
ALTER TABLE `sp_indicadores`
  MODIFY `id` int(11) NOT NULL AUTO_INCREMENT, AUTO_INCREMENT=5;

--
-- AUTO_INCREMENT for table `sp_instituicoes`
--
ALTER TABLE `sp_instituicoes`
  MODIFY `id` int(11) NOT NULL AUTO_INCREMENT, AUTO_INCREMENT=5;

--
-- AUTO_INCREMENT for table `sp_kwkva`
--
ALTER TABLE `sp_kwkva`
  MODIFY `id` int(11) NOT NULL AUTO_INCREMENT, AUTO_INCREMENT=10;

--
-- AUTO_INCREMENT for table `sp_marcas`
--
ALTER TABLE `sp_marcas`
  MODIFY `id` int(11) NOT NULL AUTO_INCREMENT, AUTO_INCREMENT=9;

--
-- AUTO_INCREMENT for table `sp_newsletter`
--
ALTER TABLE `sp_newsletter`
  MODIFY `id` int(11) NOT NULL AUTO_INCREMENT;

--
-- AUTO_INCREMENT for table `sp_papeis`
--
ALTER TABLE `sp_papeis`
  MODIFY `id` int(11) NOT NULL AUTO_INCREMENT, AUTO_INCREMENT=3;

--
-- AUTO_INCREMENT for table `sp_perguntas`
--
ALTER TABLE `sp_perguntas`
  MODIFY `id` int(11) NOT NULL AUTO_INCREMENT, AUTO_INCREMENT=8;

--
-- AUTO_INCREMENT for table `sp_perguntasfrequentes`
--
ALTER TABLE `sp_perguntasfrequentes`
  MODIFY `id` int(11) NOT NULL AUTO_INCREMENT, AUTO_INCREMENT=3;

--
-- AUTO_INCREMENT for table `sp_portfolio`
--
ALTER TABLE `sp_portfolio`
  MODIFY `id` int(11) NOT NULL AUTO_INCREMENT, AUTO_INCREMENT=73;

--
-- AUTO_INCREMENT for table `sp_portfolio_fotos`
--
ALTER TABLE `sp_portfolio_fotos`
  MODIFY `id` int(11) NOT NULL AUTO_INCREMENT, AUTO_INCREMENT=10;

--
-- AUTO_INCREMENT for table `sp_potencia`
--
ALTER TABLE `sp_potencia`
  MODIFY `id` int(11) NOT NULL AUTO_INCREMENT, AUTO_INCREMENT=9;

--
-- AUTO_INCREMENT for table `sp_potenciadieselhpcv`
--
ALTER TABLE `sp_potenciadieselhpcv`
  MODIFY `id` int(11) NOT NULL AUTO_INCREMENT, AUTO_INCREMENT=2;

--
-- AUTO_INCREMENT for table `sp_potenciahpcv`
--
ALTER TABLE `sp_potenciahpcv`
  MODIFY `id` int(11) NOT NULL AUTO_INCREMENT, AUTO_INCREMENT=22;

--
-- AUTO_INCREMENT for table `sp_potenciamotosserra`
--
ALTER TABLE `sp_potenciamotosserra`
  MODIFY `id` int(11) NOT NULL AUTO_INCREMENT, AUTO_INCREMENT=4;

--
-- AUTO_INCREMENT for table `sp_potenciarocadeira`
--
ALTER TABLE `sp_potenciarocadeira`
  MODIFY `id` int(11) NOT NULL AUTO_INCREMENT, AUTO_INCREMENT=3;

--
-- AUTO_INCREMENT for table `sp_produtos`
--
ALTER TABLE `sp_produtos`
  MODIFY `id` int(11) NOT NULL AUTO_INCREMENT, AUTO_INCREMENT=27;

--
-- AUTO_INCREMENT for table `sp_produtos_fotos`
--
ALTER TABLE `sp_produtos_fotos`
  MODIFY `id` int(11) NOT NULL AUTO_INCREMENT, AUTO_INCREMENT=63;

--
-- AUTO_INCREMENT for table `sp_projetos`
--
ALTER TABLE `sp_projetos`
  MODIFY `id` int(11) NOT NULL AUTO_INCREMENT, AUTO_INCREMENT=5;

--
-- AUTO_INCREMENT for table `sp_projetos_fotos`
--
ALTER TABLE `sp_projetos_fotos`
  MODIFY `id` int(11) NOT NULL AUTO_INCREMENT, AUTO_INCREMENT=36;

--
-- AUTO_INCREMENT for table `sp_resultados`
--
ALTER TABLE `sp_resultados`
  MODIFY `id` int(11) NOT NULL AUTO_INCREMENT, AUTO_INCREMENT=9;

--
-- AUTO_INCREMENT for table `sp_servicos`
--
ALTER TABLE `sp_servicos`
  MODIFY `id` int(11) NOT NULL AUTO_INCREMENT, AUTO_INCREMENT=38;

--
-- AUTO_INCREMENT for table `sp_servicos_categorias`
--
ALTER TABLE `sp_servicos_categorias`
  MODIFY `id` int(11) NOT NULL AUTO_INCREMENT, AUTO_INCREMENT=3;

--
-- AUTO_INCREMENT for table `sp_servicos_fotos`
--
ALTER TABLE `sp_servicos_fotos`
  MODIFY `id` int(11) NOT NULL AUTO_INCREMENT, AUTO_INCREMENT=26;

--
-- AUTO_INCREMENT for table `sp_sistemapartida`
--
ALTER TABLE `sp_sistemapartida`
  MODIFY `id` int(11) NOT NULL AUTO_INCREMENT, AUTO_INCREMENT=3;

--
-- AUTO_INCREMENT for table `sp_subcategorias`
--
ALTER TABLE `sp_subcategorias`
  MODIFY `id` int(11) NOT NULL AUTO_INCREMENT, AUTO_INCREMENT=6;

--
-- AUTO_INCREMENT for table `sp_tags`
--
ALTER TABLE `sp_tags`
  MODIFY `id` int(11) NOT NULL AUTO_INCREMENT, AUTO_INCREMENT=19;

--
-- AUTO_INCREMENT for table `sp_tee`
--
ALTER TABLE `sp_tee`
  MODIFY `id` int(11) NOT NULL AUTO_INCREMENT;

--
-- AUTO_INCREMENT for table `sp_time`
--
ALTER TABLE `sp_time`
  MODIFY `id` int(11) NOT NULL AUTO_INCREMENT, AUTO_INCREMENT=11;

--
-- AUTO_INCREMENT for table `sp_tipodeprojetos`
--
ALTER TABLE `sp_tipodeprojetos`
  MODIFY `id` int(11) NOT NULL AUTO_INCREMENT, AUTO_INCREMENT=7;

--
-- AUTO_INCREMENT for table `sp_tuboeixoestrias`
--
ALTER TABLE `sp_tuboeixoestrias`
  MODIFY `id` int(11) NOT NULL AUTO_INCREMENT, AUTO_INCREMENT=5;

--
-- AUTO_INCREMENT for table `sp_videos`
--
ALTER TABLE `sp_videos`
  MODIFY `id` int(11) NOT NULL AUTO_INCREMENT, AUTO_INCREMENT=4;

--
-- AUTO_INCREMENT for table `sp_virtudes`
--
ALTER TABLE `sp_virtudes`
  MODIFY `id` int(11) NOT NULL AUTO_INCREMENT, AUTO_INCREMENT=6;

--
-- Constraints for dumped tables
--

--
-- Limitadores para a tabela `sp_agendamento`
--
ALTER TABLE `sp_agendamento`
  ADD CONSTRAINT `agendamento_cliente` FOREIGN KEY (`clienteID`) REFERENCES `sp_clientes` (`id`) ON DELETE CASCADE ON UPDATE CASCADE;

--
-- Limitadores para a tabela `sp_areasconhecimento`
--
ALTER TABLE `sp_areasconhecimento`
  ADD CONSTRAINT `areas_categoria` FOREIGN KEY (`categoriaID`) REFERENCES `sp_categorias` (`id`) ON DELETE CASCADE ON UPDATE CASCADE;

--
-- Limitadores para a tabela `sp_blog_fotos`
--
ALTER TABLE `sp_blog_fotos`
  ADD CONSTRAINT `blog_blogfotos` FOREIGN KEY (`id_blog`) REFERENCES `sp_blog` (`id`) ON DELETE CASCADE ON UPDATE CASCADE;
COMMIT;

